{"id":20,"date":"2016-10-14T09:05:21","date_gmt":"2016-10-14T07:05:21","guid":{"rendered":"https:\/\/wl.heimpixel.de\/eckernfoerde\/weltladen-musterdorf\/"},"modified":"2018-04-20T12:42:03","modified_gmt":"2018-04-20T10:42:03","slug":"weltladen-musterdorf","status":"publish","type":"page","link":"https:\/\/weltlaeden.de\/eckernfoerde\/","title":{"rendered":"Weltladen Eckernf\u00f6rde"},"content":{"rendered":"<div class=\"wpb-content-wrapper\"><p>[vc_row][vc_column]<div class=\"wl_einzelbild\"><p><img loading=\"lazy\" decoding=\"async\" class=\"size-medium wp-image-441 aligncenter\" src=\"https:\/\/weltlaeden.de\/eckernfoerde\/wp-content\/uploads\/sites\/21\/2016\/10\/Gruppenfoto-2-300x200.jpg\" alt=\"\" width=\"300\" height=\"200\" srcset=\"https:\/\/weltlaeden.de\/eckernfoerde\/wp-content\/uploads\/sites\/21\/2016\/10\/Gruppenfoto-2-300x200.jpg 300w, https:\/\/weltlaeden.de\/eckernfoerde\/wp-content\/uploads\/sites\/21\/2016\/10\/Gruppenfoto-2-768x512.jpg 768w, https:\/\/weltlaeden.de\/eckernfoerde\/wp-content\/uploads\/sites\/21\/2016\/10\/Gruppenfoto-2-1024x683.jpg 1024w, https:\/\/weltlaeden.de\/eckernfoerde\/wp-content\/uploads\/sites\/21\/2016\/10\/Gruppenfoto-2.jpg 1215w\" sizes=\"auto, (max-width: 300px) 100vw, 300px\" \/><\/p><\/div>[vc_empty_space height=&#8220;20px&#8220;][\/vc_column][\/vc_row][vc_row][vc_column][vc_column_text css=&#8220;.vc_custom_1524220784462{background-position: 0 0 !important;background-repeat: no-repeat !important;}&#8220;]<\/p>\n<h1 style=\"text-align: left\">Willkommen im Weltladen\u00a0Eckernf\u00f6rde !<\/h1>\n<h1 style=\"text-align: left\">Im Folgenden erfahren Sie, was Sie auf unserer Homepage erwarten wird:<\/h1>\n<p>[\/vc_column_text][vc_empty_space height=&#8220;20px&#8220;][vc_row_inner][vc_column_inner width=&#8220;1\/4&#8243;]<div class=\"wl_einzelbild\"><p><\/p>\n<p><img loading=\"lazy\" decoding=\"async\" class=\"alignnone wp-image-371\" src=\"https:\/\/weltlaeden.de\/eckernfoerde\/wp-content\/uploads\/sites\/21\/2016\/10\/Fair-300x168.jpg\" alt=\"\" width=\"321\" height=\"180\" srcset=\"https:\/\/weltlaeden.de\/eckernfoerde\/wp-content\/uploads\/sites\/21\/2016\/10\/Fair-300x168.jpg 300w, https:\/\/weltlaeden.de\/eckernfoerde\/wp-content\/uploads\/sites\/21\/2016\/10\/Fair.jpg 600w\" sizes=\"auto, (max-width: 321px) 100vw, 321px\" \/><\/p><\/div>[\/vc_column_inner][vc_column_inner width=&#8220;3\/4&#8243;][vc_column_text]<\/p>\n<h3>Fairer Handel<\/h3>\n<p>Was ist Fairer Handel \u00fcberhaupt und welche Kriterien m\u00fcssen eingehalten werden, damit Produkte als &#8222;fair gehandelt&#8220; verkauft werden k\u00f6nnen ?<\/p>\n<p>Diese und weitere Fragen beantworten wir auf der n\u00e4chsten Seite.<\/p>\n<p>Dort erhalten sie zahlreiche Informationen zu diesem Thema und erfahren, warum der Faire Handel f\u00fcr viele Menschen so wichtig ist.<\/p>\n<p><a href=\"https:\/\/weltlaeden.de\/eckernfoerde\/fairer-handel\/\">Erfahren Sie mehr &#8230;<\/a>[\/vc_column_text][\/vc_column_inner][\/vc_row_inner][vc_row_inner][vc_column_inner width=&#8220;1\/4&#8243;]<div class=\"wl_einzelbild\"><p><\/p><\/div>[\/vc_column_inner][vc_column_inner width=&#8220;3\/4&#8243;][vc_column_text][\/vc_column_text][\/vc_column_inner][\/vc_row_inner][vc_separator][vc_row_inner][vc_column_inner width=&#8220;1\/4&#8243;]<div class=\"wl_einzelbild\"><p><img loading=\"lazy\" decoding=\"async\" class=\"alignnone wp-image-441\" src=\"https:\/\/weltlaeden.de\/eckernfoerde\/wp-content\/uploads\/sites\/21\/2016\/10\/Gruppenfoto-2-300x200.jpg\" alt=\"\" width=\"350\" height=\"233\" srcset=\"https:\/\/weltlaeden.de\/eckernfoerde\/wp-content\/uploads\/sites\/21\/2016\/10\/Gruppenfoto-2-300x200.jpg 300w, https:\/\/weltlaeden.de\/eckernfoerde\/wp-content\/uploads\/sites\/21\/2016\/10\/Gruppenfoto-2-768x512.jpg 768w, https:\/\/weltlaeden.de\/eckernfoerde\/wp-content\/uploads\/sites\/21\/2016\/10\/Gruppenfoto-2-1024x683.jpg 1024w, https:\/\/weltlaeden.de\/eckernfoerde\/wp-content\/uploads\/sites\/21\/2016\/10\/Gruppenfoto-2.jpg 1215w\" sizes=\"auto, (max-width: 350px) 100vw, 350px\" \/><\/p><\/div>[\/vc_column_inner][vc_column_inner width=&#8220;3\/4&#8243;][vc_column_text]<\/p>\n<h3>\u00dcber uns und unser Team<\/h3>\n<p>Das Team des Eckernf\u00f6rder Weltladens besteht aus ehrenamtlichen Jugendlichen und Erwachsenen, die sich in ihrer Freizeit mit viel Engagement und Hingabe f\u00fcr den Fairen Handel einsetzen.<\/p>\n<p>Derzeit sind 15 Mitarbeiter f\u00fcr den Weltladen t\u00e4tig.<\/p>\n<p>Auf der folgenden Seite\u00a0<a href=\"https:\/\/weltlaeden.de\/eckernfoerde\/unser-team\/\">stellt sich unser Team etwas genauer vor&#8230;<\/a>[\/vc_column_text][\/vc_column_inner][\/vc_row_inner][vc_row_inner][vc_column_inner width=&#8220;1\/4&#8243;]<div class=\"wl_einzelbild\"><p><\/p>\n<pre><\/pre>\n<p><img loading=\"lazy\" decoding=\"async\" class=\"alignnone size-full wp-image-498\" src=\"https:\/\/weltlaeden.de\/eckernfoerde\/wp-content\/uploads\/sites\/21\/2016\/10\/Schokolade.jpg\" alt=\"\" width=\"206\" height=\"206\" srcset=\"https:\/\/weltlaeden.de\/eckernfoerde\/wp-content\/uploads\/sites\/21\/2016\/10\/Schokolade.jpg 206w, https:\/\/weltlaeden.de\/eckernfoerde\/wp-content\/uploads\/sites\/21\/2016\/10\/Schokolade-150x150.jpg 150w\" sizes=\"auto, (max-width: 206px) 100vw, 206px\" \/><\/p><\/div>[\/vc_column_inner][vc_column_inner width=&#8220;3\/4&#8243;][vc_column_text]<\/p>\n<h3>Produkte<\/h3>\n<p>Unser Weltladen bietet ein buntes Sortiment an Kaffee, Tee, Schokolade, Honig, Gew\u00fcrzen, K\u00f6rben, Taschen und Kunsthandwerk.<\/p>\n<p>Bei uns ist f\u00fcr Jeden das Richtige dabei und nat\u00fcrlich zu 100% fair.<\/p>\n<p><a href=\"https:\/\/weltlaeden.de\/eckernfoerde\/produkte\/\" target=\"_blank\" rel=\"noopener noreferrer\">Hier erfahren Sie mehr \u00fcber unser Sortiment \u00a0&#8230;<\/a>[\/vc_column_text][\/vc_column_inner][\/vc_row_inner][vc_column_text]<\/p>\n<h3><\/h3>\n<p>[\/vc_column_text][\/vc_column][\/vc_row][vc_row][vc_column][vc_empty_space][vc_row_inner][vc_column_inner][\/vc_column_inner][\/vc_row_inner][\/vc_column][\/vc_row][vc_row][vc_column][vc_facebook type=&#8220;button_count&#8220;][\/vc_column][\/vc_row]<\/p>\n<\/div>","protected":false},"excerpt":{"rendered":"<p>[vc_row][vc_column][vc_empty_space height=&#8220;20px&#8220;][\/vc_column][\/vc_row][vc_row][vc_column][vc_column_text css=&#8220;.vc_custom_1524220784462{background-position: 0 0 !important;background-repeat: no-repeat !important;}&#8220;] Willkommen im Weltladen\u00a0Eckernf\u00f6rde ! Im Folgenden erfahren Sie, was Sie auf unserer Homepage erwarten wird: [\/vc_column_text][vc_empty_space height=&#8220;20px&#8220;][vc_row_inner][vc_column_inner width=&#8220;1\/4&#8243;][\/vc_column_inner][vc_column_inner width=&#8220;3\/4&#8243;][vc_column_text] Fairer Handel Was ist Fairer Handel \u00fcberhaupt und welche Kriterien m\u00fcssen eingehalten werden, damit Produkte als &#8222;fair gehandelt&#8220; verkauft werden k\u00f6nnen ? Diese und weitere Fragen beantworten wir&hellip;<\/p>\n","protected":false},"author":1,"featured_media":348,"parent":0,"menu_order":0,"comment_status":"closed","ping_status":"closed","template":"","meta":{"footnotes":""},"class_list":["post-20","page","type-page","status-publish","has-post-thumbnail","hentry","description-off"],"_links":{"self":[{"href":"https:\/\/weltlaeden.de\/eckernfoerde\/wp-json\/wp\/v2\/pages\/20","targetHints":{"allow":["GET"]}}],"collection":[{"href":"https:\/\/weltlaeden.de\/eckernfoerde\/wp-json\/wp\/v2\/pages"}],"about":[{"href":"https:\/\/weltlaeden.de\/eckernfoerde\/wp-json\/wp\/v2\/types\/page"}],"author":[{"embeddable":true,"href":"https:\/\/weltlaeden.de\/eckernfoerde\/wp-json\/wp\/v2\/users\/1"}],"replies":[{"embeddable":true,"href":"https:\/\/weltlaeden.de\/eckernfoerde\/wp-json\/wp\/v2\/comments?post=20"}],"version-history":[{"count":70,"href":"https:\/\/weltlaeden.de\/eckernfoerde\/wp-json\/wp\/v2\/pages\/20\/revisions"}],"predecessor-version":[{"id":691,"href":"https:\/\/weltlaeden.de\/eckernfoerde\/wp-json\/wp\/v2\/pages\/20\/revisions\/691"}],"wp:featuredmedia":[{"embeddable":true,"href":"https:\/\/weltlaeden.de\/eckernfoerde\/wp-json\/wp\/v2\/media\/348"}],"wp:attachment":[{"href":"https:\/\/weltlaeden.de\/eckernfoerde\/wp-json\/wp\/v2\/media?parent=20"}],"curies":[{"name":"wp","href":"https:\/\/api.w.org\/{rel}","templated":true}]}}

Weltladen Eckernförde

<div class="wpb-content-wrapper"><p>[vc_row][vc_column]<div class="wl_einzelbild"><p><img loading="lazy" decoding="async" class="size-medium wp-image-441 aligncenter" src="https://weltlaeden.de/eckernfoerde/wp-content/uploads/sites/21/2016/10/Gruppenfoto-2-300x200.jpg" alt="" width="300" height="200" srcset="https://weltlaeden.de/eckernfoerde/wp-content/uploads/sites/21/2016/10/Gruppenfoto-2-300x200.jpg 300w, https://weltlaeden.de/eckernfoerde/wp-content/uploads/sites/21/2016/10/Gruppenfoto-2-768x512.jpg 768w, https://weltlaeden.de/eckernfoerde/wp-content/uploads/sites/21/2016/10/Gruppenfoto-2-1024x683.jpg 1024w, https://weltlaeden.de/eckernfoerde/wp-content/uploads/sites/21/2016/10/Gruppenfoto-2.jpg 1215w" sizes="auto, (max-width: 300px) 100vw, 300px" /></p></div>[vc_empty_space height=&#8220;20px&#8220;][/vc_column][/vc_row][vc_row][vc_column][vc_column_text css=&#8220;.vc_custom_1524220784462{background-position: 0 0 !important;background-repeat: no-repeat !important;}&#8220;]</p>
<h1 style="text-align: left">Willkommen im Weltladen Eckernförde !</h1>
<h1 style="text-align: left">Im Folgenden erfahren Sie, was Sie auf unserer Homepage erwarten wird:</h1>
<p>[/vc_column_text][vc_empty_space height=&#8220;20px&#8220;][vc_row_inner][vc_column_inner width=&#8220;1/4&#8243;]<div class="wl_einzelbild"><p></p>
<p><img loading="lazy" decoding="async" class="alignnone wp-image-371" src="https://weltlaeden.de/eckernfoerde/wp-content/uploads/sites/21/2016/10/Fair-300x168.jpg" alt="" width="321" height="180" srcset="https://weltlaeden.de/eckernfoerde/wp-content/uploads/sites/21/2016/10/Fair-300x168.jpg 300w, https://weltlaeden.de/eckernfoerde/wp-content/uploads/sites/21/2016/10/Fair.jpg 600w" sizes="auto, (max-width: 321px) 100vw, 321px" /></p></div>[/vc_column_inner][vc_column_inner width=&#8220;3/4&#8243;][vc_column_text]</p>
<h3>Fairer Handel</h3>
<p>Was ist Fairer Handel überhaupt und welche Kriterien müssen eingehalten werden, damit Produkte als &#8222;fair gehandelt&#8220; verkauft werden können ?</p>
<p>Diese und weitere Fragen beantworten wir auf der nächsten Seite.</p>
<p>Dort erhalten sie zahlreiche Informationen zu diesem Thema und erfahren, warum der Faire Handel für viele Menschen so wichtig ist.</p>
<p><a href="https://weltlaeden.de/eckernfoerde/fairer-handel/">Erfahren Sie mehr &#8230;</a>[/vc_column_text][/vc_column_inner][/vc_row_inner][vc_row_inner][vc_column_inner width=&#8220;1/4&#8243;]<div class="wl_einzelbild"><p></p></div>[/vc_column_inner][vc_column_inner width=&#8220;3/4&#8243;][vc_column_text][/vc_column_text][/vc_column_inner][/vc_row_inner][vc_separator][vc_row_inner][vc_column_inner width=&#8220;1/4&#8243;]<div class="wl_einzelbild"><p><img loading="lazy" decoding="async" class="alignnone wp-image-441" src="https://weltlaeden.de/eckernfoerde/wp-content/uploads/sites/21/2016/10/Gruppenfoto-2-300x200.jpg" alt="" width="350" height="233" srcset="https://weltlaeden.de/eckernfoerde/wp-content/uploads/sites/21/2016/10/Gruppenfoto-2-300x200.jpg 300w, https://weltlaeden.de/eckernfoerde/wp-content/uploads/sites/21/2016/10/Gruppenfoto-2-768x512.jpg 768w, https://weltlaeden.de/eckernfoerde/wp-content/uploads/sites/21/2016/10/Gruppenfoto-2-1024x683.jpg 1024w, https://weltlaeden.de/eckernfoerde/wp-content/uploads/sites/21/2016/10/Gruppenfoto-2.jpg 1215w" sizes="auto, (max-width: 350px) 100vw, 350px" /></p></div>[/vc_column_inner][vc_column_inner width=&#8220;3/4&#8243;][vc_column_text]</p>
<h3>Über uns und unser Team</h3>
<p>Das Team des Eckernförder Weltladens besteht aus ehrenamtlichen Jugendlichen und Erwachsenen, die sich in ihrer Freizeit mit viel Engagement und Hingabe für den Fairen Handel einsetzen.</p>
<p>Derzeit sind 15 Mitarbeiter für den Weltladen tätig.</p>
<p>Auf der folgenden Seite <a href="https://weltlaeden.de/eckernfoerde/unser-team/">stellt sich unser Team etwas genauer vor&#8230;</a>[/vc_column_text][/vc_column_inner][/vc_row_inner][vc_row_inner][vc_column_inner width=&#8220;1/4&#8243;]<div class="wl_einzelbild"><p></p>
<pre></pre>
<p><img loading="lazy" decoding="async" class="alignnone size-full wp-image-498" src="https://weltlaeden.de/eckernfoerde/wp-content/uploads/sites/21/2016/10/Schokolade.jpg" alt="" width="206" height="206" srcset="https://weltlaeden.de/eckernfoerde/wp-content/uploads/sites/21/2016/10/Schokolade.jpg 206w, https://weltlaeden.de/eckernfoerde/wp-content/uploads/sites/21/2016/10/Schokolade-150x150.jpg 150w" sizes="auto, (max-width: 206px) 100vw, 206px" /></p></div>[/vc_column_inner][vc_column_inner width=&#8220;3/4&#8243;][vc_column_text]</p>
<h3>Produkte</h3>
<p>Unser Weltladen bietet ein buntes Sortiment an Kaffee, Tee, Schokolade, Honig, Gewürzen, Körben, Taschen und Kunsthandwerk.</p>
<p>Bei uns ist für Jeden das Richtige dabei und natürlich zu 100% fair.</p>
<p><a href="https://weltlaeden.de/eckernfoerde/produkte/" target="_blank" rel="noopener noreferrer">Hier erfahren Sie mehr über unser Sortiment  &#8230;</a>[/vc_column_text][/vc_column_inner][/vc_row_inner][vc_column_text]</p>
<h3></h3>
<p>[/vc_column_text][/vc_column][/vc_row][vc_row][vc_column][vc_empty_space][vc_row_inner][vc_column_inner][/vc_column_inner][/vc_row_inner][/vc_column][/vc_row][vc_row][vc_column][vc_facebook type=&#8220;button_count&#8220;][/vc_column][/vc_row]</p>
</div>

<p>[vc_row][vc_column][vc_empty_space height=&#8220;20px&#8220;][/vc_column][/vc_row][vc_row][vc_column][vc_column_text css=&#8220;.vc_custom_1524220784462{background-position: 0 0 !important;background-repeat: no-repeat !important;}&#8220;] Willkommen im Weltladen Eckernförde ! Im Folgenden erfahren Sie, was Sie auf unserer Homepage erwarten wird: [/vc_column_text][vc_empty_space height=&#8220;20px&#8220;][vc_row_inner][vc_column_inner width=&#8220;1/4&#8243;][/vc_column_inner][vc_column_inner width=&#8220;3/4&#8243;][vc_column_text] Fairer Handel Was ist Fairer Handel überhaupt und welche Kriterien müssen eingehalten werden, damit Produkte als &#8222;fair gehandelt&#8220; verkauft werden können ? Diese und weitere Fragen beantworten wir&hellip;</p>
