{"id":23,"date":"2016-10-14T09:05:21","date_gmt":"2016-10-14T07:05:21","guid":{"rendered":"https:\/\/wl.heimpixel.de\/vorlage\/termine\/"},"modified":"2019-02-18T21:39:00","modified_gmt":"2019-02-18T20:39:00","slug":"termine","status":"publish","type":"page","link":"https:\/\/weltlaeden.de\/ebern\/termine\/","title":{"rendered":"Termine"},"content":{"rendered":"<div class=\"wpb-content-wrapper\"><p>[vc_row][vc_column]<div class=\"wl_einzelbild\"><p><img loading=\"lazy\" decoding=\"async\" class=\"aligncenter size-full wp-image-nsm-3-33\" src=\"https:\/\/weltlaeden.de\/ebern\/wp-content\/uploads\/sites\/3\/2018\/07\/pocket-watch-1637396_1920_pixabay.png\" alt=\"\" width=\"787\" height=\"340\" \/><\/p><\/div>[vc_empty_space height=&#8220;30px&#8220;][vc_column_text]<\/p>\n<h1>Termine<\/h1>\n<h4><\/h4>\n<p>[\/vc_column_text][vc_empty_space height=&#8220;30px&#8220;][\/vc_column][\/vc_row][vc_row][vc_column width=&#8220;2\/3&#8243;][vc_column_text]<\/p>\n<h2>Kommende Termine<\/h2>\n<p>[\/vc_column_text]<ul class=\"termine-page current aktuell\">[vc_empty_space height=&#8220;30px&#8220;][vc_column_text]<\/p>\n<h2>Vergangene Termine<\/h2>\n<p>[\/vc_column_text]<ul class=\"termine-page past vergangen\"><li><h5 class=\"termine-titel\"><a href=\"https:\/\/weltlaeden.de\/ebern\/termin\/aktuelle-termine-uf-unserer-facebook-seite\/\">aktuelle Termine auf unserer Facebook Seite<\/a><\/h5><p class=\"termine-date\">Do., 24.11.2022<\/p><p class=\"termine-auszug\"><a href=\"https:\/\/www.facebook.com\/pg\/Weltladen-Ebern-1445772785474912\/events\/?ref=page_internal\">Termine<\/a><\/li><li><h5 class=\"termine-titel\"><a href=\"https:\/\/weltlaeden.de\/ebern\/termin\/mitgliederversammlung-2020\/\">Mitgliederversammlung 2020<\/a><\/h5><p class=\"termine-date\">Di., 03.11.2020, 19:30<\/p><p class=\"termine-auszug\">Eine Welt Ebern e.V. l\u00e4dt ein zur Mitgliederversammlung 2020 am Di, 03.11.20 um 19:30 im ev. Gemeindehaus L\u00fctzeleberner Strasse, 96106 Ebern Tagesordnungspunkte: R\u00fcckblick Kassenbericht Bericht \u00fcber Kassenpr\u00fcfung Abstimmung \u00fcber Mittelverwendung Aufgrund der besonderen Bedingungen durch die Corona-Pandemie ist eine Anmeldung erforderlich: E-mail: <a href=\"mailto:weltladen.ebern@gmail.com\">weltladen.ebern@gmail.com<\/a> Telefon 09531-5307<\/li><li><h5 class=\"termine-titel\"><a href=\"https:\/\/weltlaeden.de\/ebern\/termin\/fast-fashion\/\">Fast Fashion<\/a><\/h5><p class=\"termine-date\">Fr., 10.05.2019, 19:00<\/p><p class=\"termine-auszug\">Fast Fashion - der lange Weg &amp; das kurze Leben einer Jeans <a name=\"_GoBack\"><\/a>Kleidung spielt f\u00fcr uns eine wichtige Rolle. In den letzten 50 Jahren ist unser Kleiderkonsum von 5 kg auf 25 kg pro Kopf und Jahr gestiegen. Aber was wissen wir eigentlich \u00fcber unsere Kleidung? Was hat dieser stetig ansteigende Konsum f\u00fcr Folgen auf Menschen und Umwelt? In einem interaktiven Vortrag durchlaufen wir am Beispiel der Jeans den Lebensweg von Textilien von der Baumwolle bis zum Altkleidersack. Wie sieht die Herstellung einer Jeans aus? Wer ist alles an der Produktion einer Jeans beteiligt? Wer verdient eigentlich an einer Jeans und wie viel? Gibt es Alternativen zu unseren jetzigen Konsummustern? &nbsp; Anke Camphausen &nbsp; Vortrag des Ubiz Oberschleichach<p class=termine-ort\"><small>Ort: <i>Rathaus Ebern<\/i><\/small><\/p><\/li><li><h5 class=\"termine-titel\"><a href=\"https:\/\/weltlaeden.de\/ebern\/termin\/fair-trade-town-ebern\/\">Fair Trade Town Ebern<\/a><\/h5><p class=\"termine-date\">So., 31.03.2019, 13:00<\/p><p class=\"termine-auszug\">Im Rahmen des L\u00e4tare Marktes findet die Zertifizierungsfeier f\u00fcr die Stadt Ebern statt: Wir sind jetzt Fair Trade Town<\/li><li><h5 class=\"termine-titel\"><a href=\"https:\/\/weltlaeden.de\/ebern\/termin\/beispieltermin\/\">Infoabend mit kolumbianischem K\u00fcnstler Jafeth Gomez<\/a><\/h5><p class=\"termine-date\">Do., 25.10.2018, 19:30<\/p><p class=\"termine-auszug\">m 19.30 geben im kath. Pfarrzentrum zwei junge Eberner Frauen Berichte \u00fcber ihr soziales Jahr im Rahmen des Weltw\u00e4rts-Programm, das Eine Welt Ebern unterst\u00fctzt hat. Der Aufenthalt in Bolivien bzw. Ghana und die unentgeltlichen Arbeiten in sozialen Einrichtungen haben viele Pr\u00e4gende Eindr\u00fccke hinterlassen Anschliessend wird und ein Kolumbianischer K\u00fcnstler seine Malerei und seine sozialen Projekte vorstellen. Jafeth G\u00f3mez ist ein kolumbianischer Maler, der in seinen Werken die kulturelle Identit\u00e4t seines Volkes in Form von Symbolen und besonderer Farbgebung in einem eigenen Stil festh\u00e4lt. Dieser Stil ist gepr\u00e4gt von ethnischen, sozialen, religi\u00f6sen und kulturellen Aspekten aus dem s\u00fcdwestlichen Kolumbien. Jafeth G\u00f3mez erwarb sich nationale und internationale Akzeptanz und Anerkennung in mehreren Tourneen in verschiedenen L\u00e4ndern in Europa wie Deutschland, Belgien, Holland, der Schweiz oder \u00d6sterreich aber auch in den Vereinigten Staaten. Sozialer und kultureller Austausch sind ihm wichtig. Seine vielf\u00e4ltige Kunst wird erlebbar in Ausstellungen, Workshops und anderen Aktivit\u00e4ten wie etwa [...] <a href=\"https:\/\/weltlaeden.de\/ebern\/termin\/beispieltermin\/\"><small>[WEITERLESEN]<\/small><\/a><\/p><\/li><\/ul>[\/vc_column][\/vc_row]<\/p>\n<\/div>","protected":false},"excerpt":{"rendered":"<p>[vc_row][vc_column][vc_empty_space height=&#8220;30px&#8220;][vc_column_text] Termine [\/vc_column_text][vc_empty_space height=&#8220;30px&#8220;][\/vc_column][\/vc_row][vc_row][vc_column width=&#8220;2\/3&#8243;][vc_column_text] Kommende Termine [\/vc_column_text][vc_empty_space height=&#8220;30px&#8220;][vc_column_text] Vergangene Termine [\/vc_column_text][\/vc_column][\/vc_row]<\/p>\n","protected":false},"author":1,"featured_media":0,"parent":0,"menu_order":4,"comment_status":"closed","ping_status":"closed","template":"","meta":{"footnotes":""},"class_list":["post-23","page","type-page","status-publish","hentry","description-off"],"yoast_head":"<!-- This site is optimized with the Yoast SEO plugin v26.8 - https:\/\/yoast.com\/product\/yoast-seo-wordpress\/ -->\n<title>Termine - Weltladen Ebern<\/title>\n<meta name=\"robots\" content=\"index, follow, max-snippet:-1, max-image-preview:large, max-video-preview:-1\" \/>\n<link rel=\"canonical\" href=\"https:\/\/weltlaeden.de\/ebern\/termine\/\" \/>\n<meta property=\"og:locale\" content=\"de_DE\" \/>\n<meta property=\"og:type\" content=\"article\" \/>\n<meta property=\"og:title\" content=\"Termine - Weltladen Ebern\" \/>\n<meta property=\"og:description\" content=\"[vc_row][vc_column][vc_empty_space height=&#8220;30px&#8220;][vc_column_text] Termine [\/vc_column_text][vc_empty_space height=&#8220;30px&#8220;][\/vc_column][\/vc_row][vc_row][vc_column width=&#8220;2\/3&#8243;][vc_column_text] Kommende Termine [\/vc_column_text][vc_empty_space height=&#8220;30px&#8220;][vc_column_text] Vergangene Termine [\/vc_column_text][\/vc_column][\/vc_row]\" \/>\n<meta property=\"og:url\" content=\"https:\/\/weltlaeden.de\/ebern\/termine\/\" \/>\n<meta property=\"og:site_name\" content=\"Weltladen Ebern\" \/>\n<meta property=\"article:modified_time\" content=\"2019-02-18T20:39:00+00:00\" \/>\n<meta property=\"og:image\" content=\"https:\/\/weltlaeden.de\/ebern\/wp-content\/uploads\/sites\/3\/2018\/07\/pocket-watch-1637396_1920_pixabay.png\" \/>\n<meta name=\"twitter:card\" content=\"summary_large_image\" \/>\n<script type=\"application\/ld+json\" class=\"yoast-schema-graph\">{\"@context\":\"https:\/\/schema.org\",\"@graph\":[{\"@type\":\"WebPage\",\"@id\":\"https:\/\/weltlaeden.de\/ebern\/termine\/\",\"url\":\"https:\/\/weltlaeden.de\/ebern\/termine\/\",\"name\":\"Termine - Weltladen Ebern\",\"isPartOf\":{\"@id\":\"https:\/\/weltlaeden.de\/ebern\/#website\"},\"primaryImageOfPage\":{\"@id\":\"https:\/\/weltlaeden.de\/ebern\/termine\/#primaryimage\"},\"image\":{\"@id\":\"https:\/\/weltlaeden.de\/ebern\/termine\/#primaryimage\"},\"thumbnailUrl\":\"https:\/\/weltlaeden.de\/ebern\/wp-content\/uploads\/sites\/3\/2018\/07\/pocket-watch-1637396_1920_pixabay.png\",\"datePublished\":\"2016-10-14T07:05:21+00:00\",\"dateModified\":\"2019-02-18T20:39:00+00:00\",\"breadcrumb\":{\"@id\":\"https:\/\/weltlaeden.de\/ebern\/termine\/#breadcrumb\"},\"inLanguage\":\"de\",\"potentialAction\":[{\"@type\":\"ReadAction\",\"target\":[\"https:\/\/weltlaeden.de\/ebern\/termine\/\"]}]},{\"@type\":\"ImageObject\",\"inLanguage\":\"de\",\"@id\":\"https:\/\/weltlaeden.de\/ebern\/termine\/#primaryimage\",\"url\":\"https:\/\/weltlaeden.de\/ebern\/wp-content\/uploads\/sites\/3\/2018\/07\/pocket-watch-1637396_1920_pixabay.png\",\"contentUrl\":\"https:\/\/weltlaeden.de\/ebern\/wp-content\/uploads\/sites\/3\/2018\/07\/pocket-watch-1637396_1920_pixabay.png\"},{\"@type\":\"BreadcrumbList\",\"@id\":\"https:\/\/weltlaeden.de\/ebern\/termine\/#breadcrumb\",\"itemListElement\":[{\"@type\":\"ListItem\",\"position\":1,\"name\":\"Startseite\",\"item\":\"https:\/\/weltlaeden.de\/ebern\/\"},{\"@type\":\"ListItem\",\"position\":2,\"name\":\"Termine\"}]},{\"@type\":\"WebSite\",\"@id\":\"https:\/\/weltlaeden.de\/ebern\/#website\",\"url\":\"https:\/\/weltlaeden.de\/ebern\/\",\"name\":\"Vorlage\",\"description\":\"Faire Produkte in Ebern seit 2003\",\"potentialAction\":[{\"@type\":\"SearchAction\",\"target\":{\"@type\":\"EntryPoint\",\"urlTemplate\":\"https:\/\/weltlaeden.de\/ebern\/?s={search_term_string}\"},\"query-input\":{\"@type\":\"PropertyValueSpecification\",\"valueRequired\":true,\"valueName\":\"search_term_string\"}}],\"inLanguage\":\"de\"}]}<\/script>\n<!-- \/ Yoast SEO plugin. -->","yoast_head_json":{"title":"Termine - Weltladen Ebern","robots":{"index":"index","follow":"follow","max-snippet":"max-snippet:-1","max-image-preview":"max-image-preview:large","max-video-preview":"max-video-preview:-1"},"canonical":"https:\/\/weltlaeden.de\/ebern\/termine\/","og_locale":"de_DE","og_type":"article","og_title":"Termine - Weltladen Ebern","og_description":"[vc_row][vc_column][vc_empty_space height=&#8220;30px&#8220;][vc_column_text] Termine [\/vc_column_text][vc_empty_space height=&#8220;30px&#8220;][\/vc_column][\/vc_row][vc_row][vc_column width=&#8220;2\/3&#8243;][vc_column_text] Kommende Termine [\/vc_column_text][vc_empty_space height=&#8220;30px&#8220;][vc_column_text] Vergangene Termine [\/vc_column_text][\/vc_column][\/vc_row]","og_url":"https:\/\/weltlaeden.de\/ebern\/termine\/","og_site_name":"Weltladen Ebern","article_modified_time":"2019-02-18T20:39:00+00:00","og_image":[{"url":"https:\/\/weltlaeden.de\/ebern\/wp-content\/uploads\/sites\/3\/2018\/07\/pocket-watch-1637396_1920_pixabay.png","type":"","width":"","height":""}],"twitter_card":"summary_large_image","schema":{"@context":"https:\/\/schema.org","@graph":[{"@type":"WebPage","@id":"https:\/\/weltlaeden.de\/ebern\/termine\/","url":"https:\/\/weltlaeden.de\/ebern\/termine\/","name":"Termine - Weltladen Ebern","isPartOf":{"@id":"https:\/\/weltlaeden.de\/ebern\/#website"},"primaryImageOfPage":{"@id":"https:\/\/weltlaeden.de\/ebern\/termine\/#primaryimage"},"image":{"@id":"https:\/\/weltlaeden.de\/ebern\/termine\/#primaryimage"},"thumbnailUrl":"https:\/\/weltlaeden.de\/ebern\/wp-content\/uploads\/sites\/3\/2018\/07\/pocket-watch-1637396_1920_pixabay.png","datePublished":"2016-10-14T07:05:21+00:00","dateModified":"2019-02-18T20:39:00+00:00","breadcrumb":{"@id":"https:\/\/weltlaeden.de\/ebern\/termine\/#breadcrumb"},"inLanguage":"de","potentialAction":[{"@type":"ReadAction","target":["https:\/\/weltlaeden.de\/ebern\/termine\/"]}]},{"@type":"ImageObject","inLanguage":"de","@id":"https:\/\/weltlaeden.de\/ebern\/termine\/#primaryimage","url":"https:\/\/weltlaeden.de\/ebern\/wp-content\/uploads\/sites\/3\/2018\/07\/pocket-watch-1637396_1920_pixabay.png","contentUrl":"https:\/\/weltlaeden.de\/ebern\/wp-content\/uploads\/sites\/3\/2018\/07\/pocket-watch-1637396_1920_pixabay.png"},{"@type":"BreadcrumbList","@id":"https:\/\/weltlaeden.de\/ebern\/termine\/#breadcrumb","itemListElement":[{"@type":"ListItem","position":1,"name":"Startseite","item":"https:\/\/weltlaeden.de\/ebern\/"},{"@type":"ListItem","position":2,"name":"Termine"}]},{"@type":"WebSite","@id":"https:\/\/weltlaeden.de\/ebern\/#website","url":"https:\/\/weltlaeden.de\/ebern\/","name":"Vorlage","description":"Faire Produkte in Ebern seit 2003","potentialAction":[{"@type":"SearchAction","target":{"@type":"EntryPoint","urlTemplate":"https:\/\/weltlaeden.de\/ebern\/?s={search_term_string}"},"query-input":{"@type":"PropertyValueSpecification","valueRequired":true,"valueName":"search_term_string"}}],"inLanguage":"de"}]}},"_links":{"self":[{"href":"https:\/\/weltlaeden.de\/ebern\/wp-json\/wp\/v2\/pages\/23","targetHints":{"allow":["GET"]}}],"collection":[{"href":"https:\/\/weltlaeden.de\/ebern\/wp-json\/wp\/v2\/pages"}],"about":[{"href":"https:\/\/weltlaeden.de\/ebern\/wp-json\/wp\/v2\/types\/page"}],"author":[{"embeddable":true,"href":"https:\/\/weltlaeden.de\/ebern\/wp-json\/wp\/v2\/users\/1"}],"replies":[{"embeddable":true,"href":"https:\/\/weltlaeden.de\/ebern\/wp-json\/wp\/v2\/comments?post=23"}],"version-history":[{"count":13,"href":"https:\/\/weltlaeden.de\/ebern\/wp-json\/wp\/v2\/pages\/23\/revisions"}],"predecessor-version":[{"id":396,"href":"https:\/\/weltlaeden.de\/ebern\/wp-json\/wp\/v2\/pages\/23\/revisions\/396"}],"wp:attachment":[{"href":"https:\/\/weltlaeden.de\/ebern\/wp-json\/wp\/v2\/media?parent=23"}],"curies":[{"name":"wp","href":"https:\/\/api.w.org\/{rel}","templated":true}]}}

<div class="wpb-content-wrapper"><p>[vc_row][vc_column]<div class="wl_einzelbild"><p><img loading="lazy" decoding="async" class="aligncenter size-full wp-image-nsm-3-33" src="https://weltlaeden.de/ebern/wp-content/uploads/sites/3/2018/07/pocket-watch-1637396_1920_pixabay.png" alt="" width="787" height="340" /></p></div>[vc_empty_space height=&#8220;30px&#8220;][vc_column_text]</p>
<h1>Termine</h1>
<h4></h4>
<p>[/vc_column_text][vc_empty_space height=&#8220;30px&#8220;][/vc_column][/vc_row][vc_row][vc_column width=&#8220;2/3&#8243;][vc_column_text]</p>
<h2>Kommende Termine</h2>
<p>[/vc_column_text]<ul class="termine-page current aktuell">[vc_empty_space height=&#8220;30px&#8220;][vc_column_text]</p>
<h2>Vergangene Termine</h2>
<p>[/vc_column_text]<ul class="termine-page past vergangen"><li><h5 class="termine-titel"><a href="https://weltlaeden.de/ebern/termin/aktuelle-termine-uf-unserer-facebook-seite/">aktuelle Termine auf unserer Facebook Seite</a></h5><p class="termine-date">Do., 24.11.2022</p><p class="termine-auszug"><a href="https://www.facebook.com/pg/Weltladen-Ebern-1445772785474912/events/?ref=page_internal">Termine</a></li><li><h5 class="termine-titel"><a href="https://weltlaeden.de/ebern/termin/mitgliederversammlung-2020/">Mitgliederversammlung 2020</a></h5><p class="termine-date">Di., 03.11.2020, 19:30</p><p class="termine-auszug">Eine Welt Ebern e.V. lädt ein zur Mitgliederversammlung 2020 am Di, 03.11.20 um 19:30 im ev. Gemeindehaus Lützeleberner Strasse, 96106 Ebern Tagesordnungspunkte: Rückblick Kassenbericht Bericht über Kassenprüfung Abstimmung über Mittelverwendung Aufgrund der besonderen Bedingungen durch die Corona-Pandemie ist eine Anmeldung erforderlich: E-mail: <a href="mailto:weltladen.ebern@gmail.com">weltladen.ebern@gmail.com</a> Telefon 09531-5307</li><li><h5 class="termine-titel"><a href="https://weltlaeden.de/ebern/termin/fast-fashion/">Fast Fashion</a></h5><p class="termine-date">Fr., 10.05.2019, 19:00</p><p class="termine-auszug">Fast Fashion - der lange Weg &amp; das kurze Leben einer Jeans <a name="_GoBack"></a>Kleidung spielt für uns eine wichtige Rolle. In den letzten 50 Jahren ist unser Kleiderkonsum von 5 kg auf 25 kg pro Kopf und Jahr gestiegen. Aber was wissen wir eigentlich über unsere Kleidung? Was hat dieser stetig ansteigende Konsum für Folgen auf Menschen und Umwelt? In einem interaktiven Vortrag durchlaufen wir am Beispiel der Jeans den Lebensweg von Textilien von der Baumwolle bis zum Altkleidersack. Wie sieht die Herstellung einer Jeans aus? Wer ist alles an der Produktion einer Jeans beteiligt? Wer verdient eigentlich an einer Jeans und wie viel? Gibt es Alternativen zu unseren jetzigen Konsummustern? &nbsp; Anke Camphausen &nbsp; Vortrag des Ubiz Oberschleichach<p class=termine-ort"><small>Ort: <i>Rathaus Ebern</i></small></p></li><li><h5 class="termine-titel"><a href="https://weltlaeden.de/ebern/termin/fair-trade-town-ebern/">Fair Trade Town Ebern</a></h5><p class="termine-date">So., 31.03.2019, 13:00</p><p class="termine-auszug">Im Rahmen des Lätare Marktes findet die Zertifizierungsfeier für die Stadt Ebern statt: Wir sind jetzt Fair Trade Town</li><li><h5 class="termine-titel"><a href="https://weltlaeden.de/ebern/termin/beispieltermin/">Infoabend mit kolumbianischem Künstler Jafeth Gomez</a></h5><p class="termine-date">Do., 25.10.2018, 19:30</p><p class="termine-auszug">m 19.30 geben im kath. Pfarrzentrum zwei junge Eberner Frauen Berichte über ihr soziales Jahr im Rahmen des Weltwärts-Programm, das Eine Welt Ebern unterstützt hat. Der Aufenthalt in Bolivien bzw. Ghana und die unentgeltlichen Arbeiten in sozialen Einrichtungen haben viele Prägende Eindrücke hinterlassen Anschliessend wird und ein Kolumbianischer Künstler seine Malerei und seine sozialen Projekte vorstellen. Jafeth Gómez ist ein kolumbianischer Maler, der in seinen Werken die kulturelle Identität seines Volkes in Form von Symbolen und besonderer Farbgebung in einem eigenen Stil festhält. Dieser Stil ist geprägt von ethnischen, sozialen, religiösen und kulturellen Aspekten aus dem südwestlichen Kolumbien. Jafeth Gómez erwarb sich nationale und internationale Akzeptanz und Anerkennung in mehreren Tourneen in verschiedenen Ländern in Europa wie Deutschland, Belgien, Holland, der Schweiz oder Österreich aber auch in den Vereinigten Staaten. Sozialer und kultureller Austausch sind ihm wichtig. Seine vielfältige Kunst wird erlebbar in Ausstellungen, Workshops und anderen Aktivitäten wie etwa [...] <a href="https://weltlaeden.de/ebern/termin/beispieltermin/"><small>[WEITERLESEN]</small></a></p></li></ul>[/vc_column][/vc_row]</p>
</div>
