{"id":217,"date":"2016-10-28T13:34:47","date_gmt":"2016-10-28T11:34:47","guid":{"rendered":"https:\/\/wl.heimpixel.de\/vorlage\/produkte\/"},"modified":"2023-11-25T13:46:53","modified_gmt":"2023-11-25T12:46:53","slug":"produkte","status":"publish","type":"page","link":"https:\/\/weltlaeden.de\/ebern\/produkte\/","title":{"rendered":"Produkte"},"content":{"rendered":"<div class=\"wpb-content-wrapper\"><p>[vc_row][vc_column]<div class=\"wl_einzelbild\"><p><img loading=\"lazy\" decoding=\"async\" class=\"alignnone size-medium wp-image-478\" src=\"https:\/\/weltlaeden.de\/ebern\/wp-content\/uploads\/sites\/46\/2023\/10\/20231008_1325051-300x169.jpg\" alt=\"\" width=\"300\" height=\"169\" srcset=\"https:\/\/weltlaeden.de\/ebern\/wp-content\/uploads\/sites\/46\/2023\/10\/20231008_1325051-300x169.jpg 300w, https:\/\/weltlaeden.de\/ebern\/wp-content\/uploads\/sites\/46\/2023\/10\/20231008_1325051-1024x576.jpg 1024w, https:\/\/weltlaeden.de\/ebern\/wp-content\/uploads\/sites\/46\/2023\/10\/20231008_1325051-768x432.jpg 768w, https:\/\/weltlaeden.de\/ebern\/wp-content\/uploads\/sites\/46\/2023\/10\/20231008_1325051-1536x864.jpg 1536w, https:\/\/weltlaeden.de\/ebern\/wp-content\/uploads\/sites\/46\/2023\/10\/20231008_1325051-scaled.jpg 2048w\" sizes=\"auto, (max-width: 300px) 100vw, 300px\" \/><\/p><\/div>[vc_row_inner][vc_column_inner width=&#8220;1\/2&#8243;][vc_column_text]<\/p>\n<h2>Lebensmittel<\/h2>\n<p>[\/vc_column_text]<div class=\"wl_einzelbild\"><p><img loading=\"lazy\" decoding=\"async\" class=\"alignnone size-medium wp-image-418\" src=\"https:\/\/weltlaeden.de\/ebern\/wp-content\/uploads\/sites\/46\/2016\/10\/Verkaufsst\u00e4nder-225x300.jpg\" alt=\"\" width=\"225\" height=\"300\" srcset=\"https:\/\/weltlaeden.de\/ebern\/wp-content\/uploads\/sites\/46\/2016\/10\/Verkaufsst\u00e4nder-225x300.jpg 225w, https:\/\/weltlaeden.de\/ebern\/wp-content\/uploads\/sites\/46\/2016\/10\/Verkaufsst\u00e4nder.jpg 480w\" sizes=\"auto, (max-width: 225px) 100vw, 225px\" \/><\/p><\/div>[vc_column_text]von Grundnahrungsmittel wie Reis, Nudlen, Quinoa \u00fcber Gew\u00fcrze, s\u00fcsse und herzhafte Aufstriche bis zu allerlei Spezialit\u00e4ten. Und die Klassiker Kaffe, Tee und Schokolade in reichhaltiger Variation. Als Besonderheit haben wir die faire Eberner Stadtschokolade. Schauen Sie vorbei[\/vc_column_text][\/vc_column_inner][vc_column_inner width=&#8220;1\/2&#8243;][vc_column_text]<\/p>\n<h2>Kunsthandwerk &amp; Textilien<\/h2>\n<p>[\/vc_column_text]<div class=\"wl_einzelbild\"><p><img loading=\"lazy\" decoding=\"async\" class=\"alignnone size-medium wp-image-419\" src=\"https:\/\/weltlaeden.de\/ebern\/wp-content\/uploads\/sites\/46\/2016\/10\/20141127_170049-225x300.jpg\" alt=\"\" width=\"225\" height=\"300\" srcset=\"https:\/\/weltlaeden.de\/ebern\/wp-content\/uploads\/sites\/46\/2016\/10\/20141127_170049-225x300.jpg 225w, https:\/\/weltlaeden.de\/ebern\/wp-content\/uploads\/sites\/46\/2016\/10\/20141127_170049.jpg 480w\" sizes=\"auto, (max-width: 225px) 100vw, 225px\" \/><\/p><\/div>[vc_column_text]Kunsthandwerk aus aller Welt, von Kleinigkeiten zu Schmuck oder Taschen. Auch Karten zu allen Anl\u00e4ssen[\/vc_column_text][\/vc_column_inner][\/vc_row_inner][\/vc_column][\/vc_row][vc_row][vc_column][vc_single_image image=&#8220;480&#8243; title=&#8220;Stadtschokolade&#8220;][\/vc_column][\/vc_row]<\/p>\n<\/div>","protected":false},"excerpt":{"rendered":"<p>[vc_row][vc_column][vc_row_inner][vc_column_inner width=&#8220;1\/2&#8243;][vc_column_text] Lebensmittel [\/vc_column_text][vc_column_text]von Grundnahrungsmittel wie Reis, Nudlen, Quinoa \u00fcber Gew\u00fcrze, s\u00fcsse und herzhafte Aufstriche bis zu allerlei Spezialit\u00e4ten. Und die Klassiker Kaffe, Tee und Schokolade in reichhaltiger Variation. Als Besonderheit haben wir die faire Eberner Stadtschokolade. Schauen Sie vorbei[\/vc_column_text][\/vc_column_inner][vc_column_inner width=&#8220;1\/2&#8243;][vc_column_text] Kunsthandwerk &amp; Textilien [\/vc_column_text][vc_column_text]Kunsthandwerk aus aller Welt, von Kleinigkeiten zu Schmuck oder Taschen. Auch&hellip;<\/p>\n","protected":false},"author":1,"featured_media":0,"parent":0,"menu_order":2,"comment_status":"closed","ping_status":"closed","template":"","meta":{"footnotes":""},"class_list":["post-217","page","type-page","status-publish","hentry","description-off"],"yoast_head":"<!-- This site is optimized with the Yoast SEO plugin v26.8 - https:\/\/yoast.com\/product\/yoast-seo-wordpress\/ -->\n<title>Produkte - Weltladen Ebern<\/title>\n<meta name=\"robots\" content=\"index, follow, max-snippet:-1, max-image-preview:large, max-video-preview:-1\" \/>\n<link rel=\"canonical\" href=\"https:\/\/weltlaeden.de\/ebern\/produkte\/\" \/>\n<meta property=\"og:locale\" content=\"de_DE\" \/>\n<meta property=\"og:type\" content=\"article\" \/>\n<meta property=\"og:title\" content=\"Produkte - Weltladen Ebern\" \/>\n<meta property=\"og:description\" content=\"[vc_row][vc_column][vc_row_inner][vc_column_inner width=&#8220;1\/2&#8243;][vc_column_text] Lebensmittel [\/vc_column_text][vc_column_text]von Grundnahrungsmittel wie Reis, Nudlen, Quinoa \u00fcber Gew\u00fcrze, s\u00fcsse und herzhafte Aufstriche bis zu allerlei Spezialit\u00e4ten. Und die Klassiker Kaffe, Tee und Schokolade in reichhaltiger Variation. Als Besonderheit haben wir die faire Eberner Stadtschokolade. Schauen Sie vorbei[\/vc_column_text][\/vc_column_inner][vc_column_inner width=&#8220;1\/2&#8243;][vc_column_text] Kunsthandwerk &amp; Textilien [\/vc_column_text][vc_column_text]Kunsthandwerk aus aller Welt, von Kleinigkeiten zu Schmuck oder Taschen. Auch&hellip;\" \/>\n<meta property=\"og:url\" content=\"https:\/\/weltlaeden.de\/ebern\/produkte\/\" \/>\n<meta property=\"og:site_name\" content=\"Weltladen Ebern\" \/>\n<meta property=\"article:modified_time\" content=\"2023-11-25T12:46:53+00:00\" \/>\n<meta property=\"og:image\" content=\"https:\/\/weltlaeden.de\/ebern\/wp-content\/uploads\/sites\/46\/2023\/10\/20231008_1325051-300x169.jpg\" \/>\n<meta name=\"twitter:card\" content=\"summary_large_image\" \/>\n<meta name=\"twitter:label1\" content=\"Gesch\u00e4tzte Lesezeit\" \/>\n\t<meta name=\"twitter:data1\" content=\"2\u00a0Minuten\" \/>\n<script type=\"application\/ld+json\" class=\"yoast-schema-graph\">{\"@context\":\"https:\/\/schema.org\",\"@graph\":[{\"@type\":\"WebPage\",\"@id\":\"https:\/\/weltlaeden.de\/ebern\/produkte\/\",\"url\":\"https:\/\/weltlaeden.de\/ebern\/produkte\/\",\"name\":\"Produkte - Weltladen Ebern\",\"isPartOf\":{\"@id\":\"https:\/\/weltlaeden.de\/ebern\/#website\"},\"primaryImageOfPage\":{\"@id\":\"https:\/\/weltlaeden.de\/ebern\/produkte\/#primaryimage\"},\"image\":{\"@id\":\"https:\/\/weltlaeden.de\/ebern\/produkte\/#primaryimage\"},\"thumbnailUrl\":\"https:\/\/weltlaeden.de\/ebern\/wp-content\/uploads\/sites\/46\/2023\/10\/20231008_1325051-300x169.jpg\",\"datePublished\":\"2016-10-28T11:34:47+00:00\",\"dateModified\":\"2023-11-25T12:46:53+00:00\",\"breadcrumb\":{\"@id\":\"https:\/\/weltlaeden.de\/ebern\/produkte\/#breadcrumb\"},\"inLanguage\":\"de\",\"potentialAction\":[{\"@type\":\"ReadAction\",\"target\":[\"https:\/\/weltlaeden.de\/ebern\/produkte\/\"]}]},{\"@type\":\"ImageObject\",\"inLanguage\":\"de\",\"@id\":\"https:\/\/weltlaeden.de\/ebern\/produkte\/#primaryimage\",\"url\":\"https:\/\/weltlaeden.de\/ebern\/wp-content\/uploads\/sites\/46\/2023\/10\/20231008_1325051.jpg\",\"contentUrl\":\"https:\/\/weltlaeden.de\/ebern\/wp-content\/uploads\/sites\/46\/2023\/10\/20231008_1325051.jpg\",\"width\":2048,\"height\":1152},{\"@type\":\"BreadcrumbList\",\"@id\":\"https:\/\/weltlaeden.de\/ebern\/produkte\/#breadcrumb\",\"itemListElement\":[{\"@type\":\"ListItem\",\"position\":1,\"name\":\"Startseite\",\"item\":\"https:\/\/weltlaeden.de\/ebern\/\"},{\"@type\":\"ListItem\",\"position\":2,\"name\":\"Produkte\"}]},{\"@type\":\"WebSite\",\"@id\":\"https:\/\/weltlaeden.de\/ebern\/#website\",\"url\":\"https:\/\/weltlaeden.de\/ebern\/\",\"name\":\"Vorlage\",\"description\":\"Faire Produkte in Ebern seit 2003\",\"potentialAction\":[{\"@type\":\"SearchAction\",\"target\":{\"@type\":\"EntryPoint\",\"urlTemplate\":\"https:\/\/weltlaeden.de\/ebern\/?s={search_term_string}\"},\"query-input\":{\"@type\":\"PropertyValueSpecification\",\"valueRequired\":true,\"valueName\":\"search_term_string\"}}],\"inLanguage\":\"de\"}]}<\/script>\n<!-- \/ Yoast SEO plugin. -->","yoast_head_json":{"title":"Produkte - Weltladen Ebern","robots":{"index":"index","follow":"follow","max-snippet":"max-snippet:-1","max-image-preview":"max-image-preview:large","max-video-preview":"max-video-preview:-1"},"canonical":"https:\/\/weltlaeden.de\/ebern\/produkte\/","og_locale":"de_DE","og_type":"article","og_title":"Produkte - Weltladen Ebern","og_description":"[vc_row][vc_column][vc_row_inner][vc_column_inner width=&#8220;1\/2&#8243;][vc_column_text] Lebensmittel [\/vc_column_text][vc_column_text]von Grundnahrungsmittel wie Reis, Nudlen, Quinoa \u00fcber Gew\u00fcrze, s\u00fcsse und herzhafte Aufstriche bis zu allerlei Spezialit\u00e4ten. Und die Klassiker Kaffe, Tee und Schokolade in reichhaltiger Variation. Als Besonderheit haben wir die faire Eberner Stadtschokolade. Schauen Sie vorbei[\/vc_column_text][\/vc_column_inner][vc_column_inner width=&#8220;1\/2&#8243;][vc_column_text] Kunsthandwerk &amp; Textilien [\/vc_column_text][vc_column_text]Kunsthandwerk aus aller Welt, von Kleinigkeiten zu Schmuck oder Taschen. Auch&hellip;","og_url":"https:\/\/weltlaeden.de\/ebern\/produkte\/","og_site_name":"Weltladen Ebern","article_modified_time":"2023-11-25T12:46:53+00:00","og_image":[{"url":"https:\/\/weltlaeden.de\/ebern\/wp-content\/uploads\/sites\/46\/2023\/10\/20231008_1325051-300x169.jpg","type":"","width":"","height":""}],"twitter_card":"summary_large_image","twitter_misc":{"Gesch\u00e4tzte Lesezeit":"2\u00a0Minuten"},"schema":{"@context":"https:\/\/schema.org","@graph":[{"@type":"WebPage","@id":"https:\/\/weltlaeden.de\/ebern\/produkte\/","url":"https:\/\/weltlaeden.de\/ebern\/produkte\/","name":"Produkte - Weltladen Ebern","isPartOf":{"@id":"https:\/\/weltlaeden.de\/ebern\/#website"},"primaryImageOfPage":{"@id":"https:\/\/weltlaeden.de\/ebern\/produkte\/#primaryimage"},"image":{"@id":"https:\/\/weltlaeden.de\/ebern\/produkte\/#primaryimage"},"thumbnailUrl":"https:\/\/weltlaeden.de\/ebern\/wp-content\/uploads\/sites\/46\/2023\/10\/20231008_1325051-300x169.jpg","datePublished":"2016-10-28T11:34:47+00:00","dateModified":"2023-11-25T12:46:53+00:00","breadcrumb":{"@id":"https:\/\/weltlaeden.de\/ebern\/produkte\/#breadcrumb"},"inLanguage":"de","potentialAction":[{"@type":"ReadAction","target":["https:\/\/weltlaeden.de\/ebern\/produkte\/"]}]},{"@type":"ImageObject","inLanguage":"de","@id":"https:\/\/weltlaeden.de\/ebern\/produkte\/#primaryimage","url":"https:\/\/weltlaeden.de\/ebern\/wp-content\/uploads\/sites\/46\/2023\/10\/20231008_1325051.jpg","contentUrl":"https:\/\/weltlaeden.de\/ebern\/wp-content\/uploads\/sites\/46\/2023\/10\/20231008_1325051.jpg","width":2048,"height":1152},{"@type":"BreadcrumbList","@id":"https:\/\/weltlaeden.de\/ebern\/produkte\/#breadcrumb","itemListElement":[{"@type":"ListItem","position":1,"name":"Startseite","item":"https:\/\/weltlaeden.de\/ebern\/"},{"@type":"ListItem","position":2,"name":"Produkte"}]},{"@type":"WebSite","@id":"https:\/\/weltlaeden.de\/ebern\/#website","url":"https:\/\/weltlaeden.de\/ebern\/","name":"Vorlage","description":"Faire Produkte in Ebern seit 2003","potentialAction":[{"@type":"SearchAction","target":{"@type":"EntryPoint","urlTemplate":"https:\/\/weltlaeden.de\/ebern\/?s={search_term_string}"},"query-input":{"@type":"PropertyValueSpecification","valueRequired":true,"valueName":"search_term_string"}}],"inLanguage":"de"}]}},"_links":{"self":[{"href":"https:\/\/weltlaeden.de\/ebern\/wp-json\/wp\/v2\/pages\/217","targetHints":{"allow":["GET"]}}],"collection":[{"href":"https:\/\/weltlaeden.de\/ebern\/wp-json\/wp\/v2\/pages"}],"about":[{"href":"https:\/\/weltlaeden.de\/ebern\/wp-json\/wp\/v2\/types\/page"}],"author":[{"embeddable":true,"href":"https:\/\/weltlaeden.de\/ebern\/wp-json\/wp\/v2\/users\/1"}],"replies":[{"embeddable":true,"href":"https:\/\/weltlaeden.de\/ebern\/wp-json\/wp\/v2\/comments?post=217"}],"version-history":[{"count":16,"href":"https:\/\/weltlaeden.de\/ebern\/wp-json\/wp\/v2\/pages\/217\/revisions"}],"predecessor-version":[{"id":493,"href":"https:\/\/weltlaeden.de\/ebern\/wp-json\/wp\/v2\/pages\/217\/revisions\/493"}],"wp:attachment":[{"href":"https:\/\/weltlaeden.de\/ebern\/wp-json\/wp\/v2\/media?parent=217"}],"curies":[{"name":"wp","href":"https:\/\/api.w.org\/{rel}","templated":true}]}}

<div class="wpb-content-wrapper"><p>[vc_row][vc_column]<div class="wl_einzelbild"><p><img loading="lazy" decoding="async" class="alignnone size-medium wp-image-478" src="https://weltlaeden.de/ebern/wp-content/uploads/sites/46/2023/10/20231008_1325051-300x169.jpg" alt="" width="300" height="169" srcset="https://weltlaeden.de/ebern/wp-content/uploads/sites/46/2023/10/20231008_1325051-300x169.jpg 300w, https://weltlaeden.de/ebern/wp-content/uploads/sites/46/2023/10/20231008_1325051-1024x576.jpg 1024w, https://weltlaeden.de/ebern/wp-content/uploads/sites/46/2023/10/20231008_1325051-768x432.jpg 768w, https://weltlaeden.de/ebern/wp-content/uploads/sites/46/2023/10/20231008_1325051-1536x864.jpg 1536w, https://weltlaeden.de/ebern/wp-content/uploads/sites/46/2023/10/20231008_1325051-scaled.jpg 2048w" sizes="auto, (max-width: 300px) 100vw, 300px" /></p></div>[vc_row_inner][vc_column_inner width=&#8220;1/2&#8243;][vc_column_text]</p>
<h2>Lebensmittel</h2>
<p>[/vc_column_text]<div class="wl_einzelbild"><p><img loading="lazy" decoding="async" class="alignnone size-medium wp-image-418" src="https://weltlaeden.de/ebern/wp-content/uploads/sites/46/2016/10/Verkaufsständer-225x300.jpg" alt="" width="225" height="300" srcset="https://weltlaeden.de/ebern/wp-content/uploads/sites/46/2016/10/Verkaufsständer-225x300.jpg 225w, https://weltlaeden.de/ebern/wp-content/uploads/sites/46/2016/10/Verkaufsständer.jpg 480w" sizes="auto, (max-width: 225px) 100vw, 225px" /></p></div>[vc_column_text]von Grundnahrungsmittel wie Reis, Nudlen, Quinoa über Gewürze, süsse und herzhafte Aufstriche bis zu allerlei Spezialitäten. Und die Klassiker Kaffe, Tee und Schokolade in reichhaltiger Variation. Als Besonderheit haben wir die faire Eberner Stadtschokolade. Schauen Sie vorbei[/vc_column_text][/vc_column_inner][vc_column_inner width=&#8220;1/2&#8243;][vc_column_text]</p>
<h2>Kunsthandwerk &amp; Textilien</h2>
<p>[/vc_column_text]<div class="wl_einzelbild"><p><img loading="lazy" decoding="async" class="alignnone size-medium wp-image-419" src="https://weltlaeden.de/ebern/wp-content/uploads/sites/46/2016/10/20141127_170049-225x300.jpg" alt="" width="225" height="300" srcset="https://weltlaeden.de/ebern/wp-content/uploads/sites/46/2016/10/20141127_170049-225x300.jpg 225w, https://weltlaeden.de/ebern/wp-content/uploads/sites/46/2016/10/20141127_170049.jpg 480w" sizes="auto, (max-width: 225px) 100vw, 225px" /></p></div>[vc_column_text]Kunsthandwerk aus aller Welt, von Kleinigkeiten zu Schmuck oder Taschen. Auch Karten zu allen Anlässen[/vc_column_text][/vc_column_inner][/vc_row_inner][/vc_column][/vc_row][vc_row][vc_column][vc_single_image image=&#8220;480&#8243; title=&#8220;Stadtschokolade&#8220;][/vc_column][/vc_row]</p>
</div>

<p>[vc_row][vc_column][vc_row_inner][vc_column_inner width=&#8220;1/2&#8243;][vc_column_text] Lebensmittel [/vc_column_text][vc_column_text]von Grundnahrungsmittel wie Reis, Nudlen, Quinoa über Gewürze, süsse und herzhafte Aufstriche bis zu allerlei Spezialitäten. Und die Klassiker Kaffe, Tee und Schokolade in reichhaltiger Variation. Als Besonderheit haben wir die faire Eberner Stadtschokolade. Schauen Sie vorbei[/vc_column_text][/vc_column_inner][vc_column_inner width=&#8220;1/2&#8243;][vc_column_text] Kunsthandwerk &amp; Textilien [/vc_column_text][vc_column_text]Kunsthandwerk aus aller Welt, von Kleinigkeiten zu Schmuck oder Taschen. Auch&hellip;</p>

<!-- This site is optimized with the Yoast SEO plugin v26.8 - https://yoast.com/product/yoast-seo-wordpress/ -->
<title>Produkte - Weltladen Ebern</title>
<meta name="robots" content="index, follow, max-snippet:-1, max-image-preview:large, max-video-preview:-1" />
<link rel="canonical" href="https://weltlaeden.de/ebern/produkte/" />
<meta property="og:locale" content="de_DE" />
<meta property="og:type" content="article" />
<meta property="og:title" content="Produkte - Weltladen Ebern" />
<meta property="og:description" content="[vc_row][vc_column][vc_row_inner][vc_column_inner width=&#8220;1/2&#8243;][vc_column_text] Lebensmittel [/vc_column_text][vc_column_text]von Grundnahrungsmittel wie Reis, Nudlen, Quinoa über Gewürze, süsse und herzhafte Aufstriche bis zu allerlei Spezialitäten. Und die Klassiker Kaffe, Tee und Schokolade in reichhaltiger Variation. Als Besonderheit haben wir die faire Eberner Stadtschokolade. Schauen Sie vorbei[/vc_column_text][/vc_column_inner][vc_column_inner width=&#8220;1/2&#8243;][vc_column_text] Kunsthandwerk &amp; Textilien [/vc_column_text][vc_column_text]Kunsthandwerk aus aller Welt, von Kleinigkeiten zu Schmuck oder Taschen. Auch&hellip;" />
<meta property="og:url" content="https://weltlaeden.de/ebern/produkte/" />
<meta property="og:site_name" content="Weltladen Ebern" />
<meta property="article:modified_time" content="2023-11-25T12:46:53+00:00" />
<meta property="og:image" content="https://weltlaeden.de/ebern/wp-content/uploads/sites/46/2023/10/20231008_1325051-300x169.jpg" />
<meta name="twitter:card" content="summary_large_image" />
<meta name="twitter:label1" content="Geschätzte Lesezeit" />
	<meta name="twitter:data1" content="2 Minuten" />
<script type="application/ld+json" class="yoast-schema-graph">{"@context":"https://schema.org","@graph":[{"@type":"WebPage","@id":"https://weltlaeden.de/ebern/produkte/","url":"https://weltlaeden.de/ebern/produkte/","name":"Produkte - Weltladen Ebern","isPartOf":{"@id":"https://weltlaeden.de/ebern/#website"},"primaryImageOfPage":{"@id":"https://weltlaeden.de/ebern/produkte/#primaryimage"},"image":{"@id":"https://weltlaeden.de/ebern/produkte/#primaryimage"},"thumbnailUrl":"https://weltlaeden.de/ebern/wp-content/uploads/sites/46/2023/10/20231008_1325051-300x169.jpg","datePublished":"2016-10-28T11:34:47+00:00","dateModified":"2023-11-25T12:46:53+00:00","breadcrumb":{"@id":"https://weltlaeden.de/ebern/produkte/#breadcrumb"},"inLanguage":"de","potentialAction":[{"@type":"ReadAction","target":["https://weltlaeden.de/ebern/produkte/"]}]},{"@type":"ImageObject","inLanguage":"de","@id":"https://weltlaeden.de/ebern/produkte/#primaryimage","url":"https://weltlaeden.de/ebern/wp-content/uploads/sites/46/2023/10/20231008_1325051.jpg","contentUrl":"https://weltlaeden.de/ebern/wp-content/uploads/sites/46/2023/10/20231008_1325051.jpg","width":2048,"height":1152},{"@type":"BreadcrumbList","@id":"https://weltlaeden.de/ebern/produkte/#breadcrumb","itemListElement":[{"@type":"ListItem","position":1,"name":"Startseite","item":"https://weltlaeden.de/ebern/"},{"@type":"ListItem","position":2,"name":"Produkte"}]},{"@type":"WebSite","@id":"https://weltlaeden.de/ebern/#website","url":"https://weltlaeden.de/ebern/","name":"Vorlage","description":"Faire Produkte in Ebern seit 2003","potentialAction":[{"@type":"SearchAction","target":{"@type":"EntryPoint","urlTemplate":"https://weltlaeden.de/ebern/?s={search_term_string}"},"query-input":{"@type":"PropertyValueSpecification","valueRequired":true,"valueName":"search_term_string"}}],"inLanguage":"de"}]}</script>
<!-- / Yoast SEO plugin. -->

[vc_row][vc_column][vc_row_inner][vc_column_inner width=&#8220;1/2&#8243;][vc_column_text] Lebensmittel [/vc_column_text][vc_column_text]von Grundnahrungsmittel wie Reis, Nudlen, Quinoa über Gewürze, süsse und herzhafte Aufstriche bis zu allerlei Spezialitäten. Und die Klassiker Kaffe, Tee und Schokolade in reichhaltiger Variation. Als Besonderheit haben wir die faire Eberner Stadtschokolade. Schauen Sie vorbei[/vc_column_text][/vc_column_inner][vc_column_inner width=&#8220;1/2&#8243;][vc_column_text] Kunsthandwerk &amp; Textilien [/vc_column_text][vc_column_text]Kunsthandwerk aus aller Welt, von Kleinigkeiten zu Schmuck oder Taschen. Auch&hellip;
