{"version":"1.0","provider_name":"Weltladen Ebern","provider_url":"https:\/\/weltlaeden.de\/ebern","title":"Infoabend mit kolumbianischem K\u00fcnstler Jafeth Gomez - Weltladen Ebern","type":"rich","width":600,"height":338,"html":"<blockquote class=\"wp-embedded-content\" data-secret=\"2HyVR2UQUg\"><a href=\"https:\/\/weltlaeden.de\/ebern\/termin\/beispieltermin\/\">Infoabend mit kolumbianischem K\u00fcnstler Jafeth Gomez<\/a><\/blockquote><iframe sandbox=\"allow-scripts\" security=\"restricted\" src=\"https:\/\/weltlaeden.de\/ebern\/termin\/beispieltermin\/embed\/#?secret=2HyVR2UQUg\" width=\"600\" height=\"338\" title=\"&#8222;Infoabend mit kolumbianischem K\u00fcnstler Jafeth Gomez&#8220; &#8211; Weltladen Ebern\" data-secret=\"2HyVR2UQUg\" frameborder=\"0\" marginwidth=\"0\" marginheight=\"0\" scrolling=\"no\" class=\"wp-embedded-content\"><\/iframe><script>\n\/*! This file is auto-generated *\/\n!function(d,l){\"use strict\";l.querySelector&&d.addEventListener&&\"undefined\"!=typeof URL&&(d.wp=d.wp||{},d.wp.receiveEmbedMessage||(d.wp.receiveEmbedMessage=function(e){var t=e.data;if((t||t.secret||t.message||t.value)&&!\/[^a-zA-Z0-9]\/.test(t.secret)){for(var s,r,n,a=l.querySelectorAll('iframe[data-secret=\"'+t.secret+'\"]'),o=l.querySelectorAll('blockquote[data-secret=\"'+t.secret+'\"]'),c=new RegExp(\"^https?:$\",\"i\"),i=0;i<o.length;i++)o[i].style.display=\"none\";for(i=0;i<a.length;i++)s=a[i],e.source===s.contentWindow&&(s.removeAttribute(\"style\"),\"height\"===t.message?(1e3<(r=parseInt(t.value,10))?r=1e3:~~r<200&&(r=200),s.height=r):\"link\"===t.message&&(r=new URL(s.getAttribute(\"src\")),n=new URL(t.value),c.test(n.protocol))&&n.host===r.host&&l.activeElement===s&&(d.top.location.href=t.value))}},d.addEventListener(\"message\",d.wp.receiveEmbedMessage,!1),l.addEventListener(\"DOMContentLoaded\",function(){for(var e,t,s=l.querySelectorAll(\"iframe.wp-embedded-content\"),r=0;r<s.length;r++)(t=(e=s[r]).getAttribute(\"data-secret\"))||(t=Math.random().toString(36).substring(2,12),e.src+=\"#?secret=\"+t,e.setAttribute(\"data-secret\",t)),e.contentWindow.postMessage({message:\"ready\",secret:t},\"*\")},!1)))}(window,document);\n<\/script>\n","thumbnail_url":"https:\/\/weltlaeden.de\/ebern\/wp-content\/uploads\/sites\/46\/2017\/04\/clothes-1839935_1280-e1492960754277.jpg","thumbnail_width":1280,"thumbnail_height":438,"description":"m 19.30 geben im kath. Pfarrzentrum zwei junge Eberner Frauen Berichte \u00fcber ihr soziales Jahr im Rahmen des Weltw\u00e4rts-Programm, das Eine Welt Ebern unterst\u00fctzt hat. Der Aufenthalt in Bolivien bzw. Ghana und die unentgeltlichen Arbeiten in sozialen Einrichtungen haben viele Pr\u00e4gende Eindr\u00fccke hinterlassen Anschliessend wird und ein Kolumbianischer K\u00fcnstler seine Malerei und seine sozialen Projekte&hellip;"}

Infoabend mit kolumbianischem Künstler Jafeth Gomez - Weltladen Ebern

<blockquote class="wp-embedded-content" data-secret="2HyVR2UQUg"><a href="https://weltlaeden.de/ebern/termin/beispieltermin/">Infoabend mit kolumbianischem Künstler Jafeth Gomez</a></blockquote><iframe sandbox="allow-scripts" security="restricted" src="https://weltlaeden.de/ebern/termin/beispieltermin/embed/#?secret=2HyVR2UQUg" width="600" height="338" title="&#8222;Infoabend mit kolumbianischem Künstler Jafeth Gomez&#8220; &#8211; Weltladen Ebern" data-secret="2HyVR2UQUg" frameborder="0" marginwidth="0" marginheight="0" scrolling="no" class="wp-embedded-content"></iframe><script>
/*! This file is auto-generated */
!function(d,l){"use strict";l.querySelector&&d.addEventListener&&"undefined"!=typeof URL&&(d.wp=d.wp||{},d.wp.receiveEmbedMessage||(d.wp.receiveEmbedMessage=function(e){var t=e.data;if((t||t.secret||t.message||t.value)&&!/[^a-zA-Z0-9]/.test(t.secret)){for(var s,r,n,a=l.querySelectorAll('iframe[data-secret="'+t.secret+'"]'),o=l.querySelectorAll('blockquote[data-secret="'+t.secret+'"]'),c=new RegExp("^https?:$","i"),i=0;i<o.length;i++)o[i].style.display="none";for(i=0;i<a.length;i++)s=a[i],e.source===s.contentWindow&&(s.removeAttribute("style"),"height"===t.message?(1e3<(r=parseInt(t.value,10))?r=1e3:~~r<200&&(r=200),s.height=r):"link"===t.message&&(r=new URL(s.getAttribute("src")),n=new URL(t.value),c.test(n.protocol))&&n.host===r.host&&l.activeElement===s&&(d.top.location.href=t.value))}},d.addEventListener("message",d.wp.receiveEmbedMessage,!1),l.addEventListener("DOMContentLoaded",function(){for(var e,t,s=l.querySelectorAll("iframe.wp-embedded-content"),r=0;r<s.length;r++)(t=(e=s[r]).getAttribute("data-secret"))||(t=Math.random().toString(36).substring(2,12),e.src+="#?secret="+t,e.setAttribute("data-secret",t)),e.contentWindow.postMessage({message:"ready",secret:t},"*")},!1)))}(window,document);
</script>

m 19.30 geben im kath. Pfarrzentrum zwei junge Eberner Frauen Berichte über ihr soziales Jahr im Rahmen des Weltwärts-Programm, das Eine Welt Ebern unterstützt hat. Der Aufenthalt in Bolivien bzw. Ghana und die unentgeltlichen Arbeiten in sozialen Einrichtungen haben viele Prägende Eindrücke hinterlassen Anschliessend wird und ein Kolumbianischer Künstler seine Malerei und seine sozialen Projekte&hellip;
