{"id":23,"date":"2016-10-14T09:05:21","date_gmt":"2016-10-14T07:05:21","guid":{"rendered":"https:\/\/wl.heimpixel.de\/vorlage\/termine\/"},"modified":"2020-10-20T15:27:48","modified_gmt":"2020-10-20T13:27:48","slug":"termine","status":"publish","type":"page","link":"https:\/\/weltlaeden.de\/dillenburg\/termine\/","title":{"rendered":"Termine"},"content":{"rendered":"<div class=\"wpb-content-wrapper\"><p>[vc_row][vc_column]<div class=\"wl_einzelbild\"><p><img loading=\"lazy\" decoding=\"async\" class=\"aligncenter size-full wp-image-nsm-3-33\" src=\"https:\/\/weltlaeden.de\/dillenburg\/wp-content\/uploads\/sites\/3\/2018\/07\/pocket-watch-1637396_1920_pixabay.png\" alt=\"\" width=\"787\" height=\"340\" \/><\/p><\/div>[vc_empty_space height=&#8220;30px&#8220;][vc_column_text]<\/p>\n<h1>Termine<\/h1>\n<h4><\/h4>\n<p>[\/vc_column_text][vc_empty_space height=&#8220;30px&#8220;][\/vc_column][\/vc_row][vc_row][vc_column width=&#8220;2\/3&#8243;][vc_column_text]<\/p>\n<h2>Kommende Termine<\/h2>\n<p>[\/vc_column_text]<ul class=\"termine-page current aktuell\">[vc_empty_space height=&#8220;30px&#8220;][vc_column_text]<\/p>\n<h2>Vergangene Termine<\/h2>\n<p>[\/vc_column_text]<ul class=\"termine-page past vergangen\"><li><h5 class=\"termine-titel\"><a href=\"https:\/\/weltlaeden.de\/dillenburg\/termin\/faires-fruehstueck-im-kleidertreff\/\">Faires Fr\u00fchst\u00fcck im KleiderTREFF<\/a><\/h5><p class=\"termine-date\">Do., 18.09.2025, 09:00<\/p><p class=\"termine-auszug\">Der <a href=\"https:\/\/www.caritas-wetzlar-lde.de\/hilfe-und-unterstuetzung\/migration\/kleidertreff-dillenburg\/kleidertreff-dillenburg\" target=\"_blank\" rel=\"noopener\">KleiderTREFF<\/a> am H\u00fcttenplatz in Dillenburg ist ein Ort der Begegnung und bietet Menschen einen Raum f\u00fcr Kommunikation und Austausch. Ziel ist es, nachbarschaftliche und interkulturelle Kontakte zu f\u00f6rdern und die gesellschaftliche Vielfalt im Miteinander abzubilden. Vor Ort finden regelm\u00e4\u00dfige Gruppenangebote (z.B. ein w\u00f6chentlicher Caf\u00e9TREFF oder der interkulturelle KochTREFF) statt, die die Begegnung unterschiedlicher Kulturen f\u00f6rdern und Unterst\u00fctzungsbedarf in verschiedenen Lebenslagen bieten. An diesem besonderen Ort bieten wir am Donnerstag, 18.09. im Rahmen der Reihe \"Alltagsbegleiter f\u00fcr Frauen aller Nationen\" ein \"Faires Fr\u00fchst\u00fcck\" an. Das Fr\u00fchst\u00fcck ist Teil einer gemeinsamen Jubil\u00e4umsaktion vom Dachverband Entwicklungspolitik Baden-W\u00fcrttemberg (<a href=\"https:\/\/www.deab.de\/\" target=\"_blank\" rel=\"noopener\">DEAB<\/a>) und <a href=\"https:\/\/www.weltladen.de\/\" target=\"_blank\" rel=\"noopener\">Weltladen-Dachverband<\/a>. Zum jeweiligen 50-j\u00e4hrigen Bestehen rufen die beiden Dachorganisationen Weltl\u00e4den dazu auf, 50+50 Faire Fr\u00fchst\u00fccke an au\u00dfergew\u00f6hnlichen Orten zu veranstalten. Die Aktion ist au\u00dferdem auch Teil der \"<a href=\"https:\/\/www.faire-woche.de\/start\" target=\"_blank\" rel=\"noopener\">Fairen Woche<\/a>\", die vom 12. bis 26. September 2025 stattfindet. Mit rund 2.000 Aktionen [...] <a href=\"https:\/\/weltlaeden.de\/dillenburg\/termin\/faires-fruehstueck-im-kleidertreff\/\"><small>[WEITERLESEN]<\/small><\/a><\/p><p class=termine-ort\"><small>Ort: <i>KleiderTREFF, Am H\u00fcttenplatz 15, 35683 Dillenburg<\/i><\/small><\/p><\/li><li><h5 class=\"termine-titel\"><a href=\"https:\/\/weltlaeden.de\/dillenburg\/termin\/fairer-kaffee-vom-strauch-bis-in-die-tasse\/\">Fairer Kaffee: vom Strauch bis in die Tasse<\/a><\/h5><p class=\"termine-date\">Sa., 09.03.2024, 10:30<\/p><p class=\"termine-auszug\">In diesem Seminar erfahren wir Wissenswertes rund um unser beliebtes Genussmittel. Wann und wo wurde Kaffee \u201eentdeckt\u201c, wie gelangte er nach Europa? Was passiert zwischen Anbau und Tasse, wer verdient am Kaffeehandel und warum wird Kaffee an der B\u00f6rse gehandelt? Welche Auswirkungen hat der Klimawandel auf den Kaffeeanbau \u2013 bereits heute und in Zukunft? Was macht der Faire Handel anders, wie gestaltet sich der faire Kaffeepreis? Welchen Kaffee k\u00f6nnen wir guten Gewissens trinken? Diesen und weiteren Fragen gehen wir nach \u2013 fairer Kaffeegenuss inklusive! <strong>Datum:<\/strong> Samstag, 9. M\u00e4rz 2024 <strong>Uhrzeit: <\/strong>10.30 Uhr bis 15.00 Uhr (inklusive Mittagspause) <strong>Ort:<\/strong> Evangelisches Gemeindehaus, Am Zwingel 3, 35683 Dillenburg <strong>Referentin:<\/strong> Cristina Pflaum, Fair-Handels-Beraterin Weltl\u00e4den in Hessen <strong>Kosten:<\/strong> 12 \u20ac inklusive Verpflegung <strong>Anmeldefrist:<\/strong> Freitag, 1. M\u00e4rz 2024 <strong>Anmeldungen: <\/strong>Per Telefon 02771-3305551 im Weltladen Dillenburg zu den \u00d6ffnungszeiten oder per Mail: <a href=\"blank\">schlausch@t-online.de<\/a><p class=termine-ort\"><small>Ort: <i>Evangelischen Gemeindehaus, Am Zwingel 3, Dillenburg<\/i><\/small><\/p><\/li><li><h5 class=\"termine-titel\"><a href=\"https:\/\/weltlaeden.de\/dillenburg\/termin\/filmvorfuehrung-im-rahmen-der-globale-mittelhessen\/\">Filmvorf\u00fchrung im Rahmen der Globale Mittelhessen<\/a><\/h5><p class=\"termine-date\">Mo., 30.10.2023, 18:30<\/p><p class=\"termine-auszug\">Im Rahmen des Filmfestivals <a href=\"https:\/\/www.globalemittelhessen.de\/festival\">Globale Mittelhessen 2023<\/a> wird in der Festwoche \u201eZehn Jahre Weltladen Dillenburg\u201c am Montag, 30.10. um 18.30 Uhr ein besonderer Dokumentarfilm gezeigt, der zum Nachdenken und zum anschlie\u00dfenden Gespr\u00e4ch \u00fcber Handlungsm\u00f6glichkeiten anregen will. Die Filmvorf\u00fchrung findet im Evangelischen Gemeindehaus (Am Zwingel 3 in 35683 Dillenburg) statt. Der Eintritt ist frei, es wird um eine Spende gebeten.<p class=termine-ort\"><small>Ort: <i>Evangelischen Gemeindehaus, Am Zwingel 3, Dillenburg<\/i><\/small><\/p><\/li><li><h5 class=\"termine-titel\"><a href=\"https:\/\/weltlaeden.de\/dillenburg\/termin\/oekumenisches-abendlob-in-der-evangelischen-stadtkirche-dillenburg\/\">\u00d6kumenisches Abendlob in der Evangelischen Stadtkirche Dillenburg<\/a><\/h5><p class=\"termine-date\">Sa., 28.10.2023, 18:00<\/p><p class=\"termine-auszug\">Der Weltladen Dillenburg ist ein \u00f6kumenisches Projekt der Evangelischen und der katholischen Kirchengemeinde in Dillenburg. Pfarrer Dr. Friedhelm Ackva und Pfarrer Christian Fahl, die beiden Vorsitzenden des Weltladens Dillenburg, laden zu einem \u00f6kumenischen Abendlob am Samstag, 28. Oktober 2023 um 18 Uhr in die Evangelische Stadtkirche Dillenburg (Kirchberg 18 in 35683 Dillenburg) ein. Ausf\u00fchrende sind zudem Kantorin Petra Denker und Kantor Joachim Dreher. Der Eintritt ist frei.<p class=termine-ort\"><small>Ort: <i>Evangelische Stadtkirche Dillenburg (Kirchberg 18)<\/i><\/small><\/p><\/li><li><h5 class=\"termine-titel\"><a href=\"https:\/\/weltlaeden.de\/dillenburg\/termin\/jubilaeumsverkauf-verkoestigung-und-weinprobe-im-weltladen-dillenburg\/\">Jubil\u00e4umsverkauf: Verk\u00f6stigung und Weinprobe im Weltladen Dillenburg<\/a><\/h5><p class=\"termine-date\">Sa., 28.10.2023, 09:30<\/p><p class=\"termine-auszug\">Zu einem Jubil\u00e4umsverkauf mit Verk\u00f6stigung und einer Weinprobe l\u00e4dt das Team vom Weltladen Dillenburg am Samstag, 28. Oktober ab 9.30 Uhr bis 13 Uhr ein.<p class=termine-ort\"><small>Ort: <i>Weltladen Dillenburg, Hauptstra\u00dfe 93, Dillenburg<\/i><\/small><\/p><\/li><li><h5 class=\"termine-titel\"><a href=\"https:\/\/weltlaeden.de\/dillenburg\/termin\/multivisionsschau-weltreise-zu-fair-trade-produzenten-und-naturwundern\/\">Multivisionsschau: Weltreise zu Fair-Trade-Produzenten und Naturwundern<\/a><\/h5><p class=\"termine-date\">Do., 19.10.2023, 19:00<\/p><p class=\"termine-auszug\">Am Donnerstag, 19. Oktober 2023 um 19 Uhr nehmen Dr. Jutta Ulmer und Dr. Michael Wolfsteiner die Zuschauer mit auf eine au\u00dfergew\u00f6hnliche Reise um unseren Planeten, auf der sie einzigartige Einblicke ins Leben von Fair-Trade-Produzenten erhielten. Die Multivisionsschau findet im Evangelischen Gemeindehaus Am Zwingel 3 in Dillenburg statt. Die G\u00e4ste werden mit einem Glas Sekt begr\u00fc\u00dft. Karten zu 10 Euro gibt es im Weltladen Dillenburg (Hauptstra\u00dfe 93 in Dillenburg) oder in der Buchhandlung R\u00fcbezahl am Dillenburger H\u00fcttenplatz. Weitere Informationen zur Multivisionsschau gibt es unter <a href=\"http:\/\/weltreise.lobOlmo.de\" target=\"_blank\" rel=\"noopener\" data-saferedirecturl=\"https:\/\/www.google.com\/url?q=http:\/\/weltreise.lobOlmo.de&amp;source=gmail&amp;ust=1696511090952000&amp;usg=AOvVaw0B6vyoW6XhYAnItxCVG2aX\">weltreise.lobOlmo.de<\/a><p class=termine-ort\"><small>Ort: <i>Evangelisches Gemeindehaus, Am Zwingel 3, Dillenburg<\/i><\/small><\/p><\/li><li><h5 class=\"termine-titel\"><a href=\"https:\/\/weltlaeden.de\/dillenburg\/termin\/ausstellung-hessen-fairaendert-globaler-blick-lokales-handeln\/\">Ausstellung: Hessen fair\u00e4ndert. Globaler Blick &#8211; Lokales Handeln<\/a><\/h5><p class=\"termine-date\">Mo., 16.10.2023<\/p><p class=\"termine-auszug\">&nbsp; Vom 16. bis 20. Oktober 2023 ist die Wanderausstellung \"<a href=\"https:\/\/weltlaeden-hessen.de\/ausstellung\/\" target=\"_blank\" rel=\"noopener\">Hessen fair\u00e4ndert. Globaler Blick - Lokales Handeln<\/a>\" in der Schalterhalle der VR-Bank Lahn-Dill (Hauptstra\u00dfe 65 in 35683 Dillenburg) zu den \u00d6ffnungszeiten der Bank zu sehen. Die Ausstellung wird am Montag, 16. Oktober 2023 um 11 Uhr mit Gru\u00dfworten und K\u00f6stlichkeiten aus dem Weltladen er\u00f6ffnet. Ziel der Ausstellung ist es, \u00fcber entwicklungspolitische Anliegen zu informieren und das Zusammenspiel von globalen, scheinbar \u00fcbergeordneten Themen und den Auswirkungen lokalen Handelns sichtbar zu machen. Sie gibt durch die Vorstellung vieler hessischer Initiativen Ansatzpunkte f\u00fcr positives Handeln. Einer dieser Ansatzpunkte ist der Faire Handel, mit dem unsere Weltl\u00e4den seit \u00fcber 50 Jahren dazu beitragen, die Welt gerechter zu machen. &gt; <a href=\"https:\/\/weltlaeden-hessen.de\/ausstellung\/\" target=\"_blank\" rel=\"noopener\">Mehr zur Ausstellung<\/a> &nbsp;<p class=termine-ort\"><small>Ort: <i>VR-Bank Lahn-Dill, Dillenburg<\/i><\/small><\/p><\/li><li><h5 class=\"termine-titel\"><a href=\"https:\/\/weltlaeden.de\/dillenburg\/termin\/seminar-bittere-wahrheiten-ueber-suesse-schokolade\/\">Seminar: Bittere Wahrheiten  \u00fcber s\u00fc\u00dfe Schokolade<\/a><\/h5><p class=\"termine-date\">Sa., 25.02.2023<\/p><p class=\"termine-auszug\">Wir lieben Schokolade, doch mit dem s\u00fc\u00dfen Genuss sind nicht nur Gl\u00fcckshormone verbunden: am Kakao zeigen sich auch die Probleme des globalen Handels und der sozialen Bedingungen in den Herkunfts- und Produktionsl\u00e4ndern. Im Seminar betrachten wir die Welt der Schokolade aus vielen Perspektiven. Es gibt eine bunte Mischung aus alten Geschichten und aktuellen Fakten zum Kakao. Die Reise geht vom Lateinamerika der Azteken bis zur heutigen zart schmelzenden Versuchung, gew\u00fcrzt mit bitteren Wahrheiten und aktuellen Entwicklungen. Wir erleben, wie Schokolade entsteht und welchen Weg die Kakaosamen von der Plantage bis in unsere Tassen oder Tafeln nehmen. Nat\u00fcrlich kommen auch Themen wie nachhaltige Kakaoproduktion, Klimawandel und Arbeitsbedingungen nicht zu kurz. Die Frage ist: Wie wird Schokolade fair? Und welche Rolle spielen der Faire Handel, die Schokoladenindustrie und die Verbraucher*innen dabei? Nach Theorie und Diskussion erwartet uns mit einer Schokoladenverkostung noch ein sinnliches Highlight. <strong>Datum:<\/strong> 25.2.2023 <strong>Uhrzeit: <\/strong>12.30 Uhr bis 17.30 Uhr [...] <a href=\"https:\/\/weltlaeden.de\/dillenburg\/termin\/seminar-bittere-wahrheiten-ueber-suesse-schokolade\/\"><small>[WEITERLESEN]<\/small><\/a><\/p><p class=termine-ort\"><small>Ort: <i>Evangelisches Gemeindehaus, Am Zwingel 3, 35683 Dillenburg<\/i><\/small><\/p><\/li><li><h5 class=\"termine-titel\"><a href=\"https:\/\/weltlaeden.de\/dillenburg\/termin\/weltladentag-2022\/\">Weltladentag 2022<\/a><\/h5><p class=\"termine-date\">Sa., 14.05.2022<\/p><p class=\"termine-auszug\">Mit dem Weltladentag am 14. Mai 2022 unter dem Motto \"M\u00c4CHTIG unfair\" m\u00f6chten wir auf die ungleichen Machtverh\u00e4ltnisse entlang globaler Lieferketten aufmerksam machen. Gro\u00dfe Unternehmen k\u00f6nnen ihren Lieferanten niedrige Preise diktieren, welche h\u00e4ufig noch nicht einmal die Produktionskosten der Produzent*innen decken. Die niedrigen Preise bedeuten f\u00fcr viele Kleinproduzent*innen ein Leben in Armut. Durch die nicht kostendeckenden Preise ist ihr Einkommen zu niedrig, um ihre Grundbed\u00fcrfnisse zu erf\u00fcllen. Zudem k\u00f6nnen sie ihren angestellten Arbeiter*innen h\u00e4ufig keinen existenzsichernden Lohn zahlen und sie haben kein Geld f\u00fcr Schutzkleidung und andere Materialien f\u00fcr gute Arbeitsbedingungen. In einigen Sektoren \u2013 etwa im Kakao-Sektor \u2013 kommt es vermehrt zu ausbeuterischer Kinderarbeit, da das Geld nicht f\u00fcr erwachsene Angestellte ausreicht. In Deutschland sehen sich viele Erzeuger*innen gezwungen, ihre H\u00f6fe zu schlie\u00dfen. Um diesen unfairen Preisen entgegenzuwirken, braucht es ein Verbot des Einkaufs unterhalb der Produktionskosten. <a href=\"https:\/\/www.weltladen.de\/politik-veraendern\/weltladentag\/aktuelle-kampagne\/\">Mehr zum Weltladentag 2022<\/a><\/li><li><h5 class=\"termine-titel\"><a href=\"https:\/\/weltlaeden.de\/dillenburg\/termin\/faire-woche-2021-zukunft-fair-gestalten\/\">Faire Woche 2021: &#8222;Zukunft fair gestalten&#8220;<\/a><\/h5><p class=\"termine-date\">Fr., 10.09.2021 bis 24.09.2021<\/p><p class=\"termine-auszug\">Seit 2001 l\u00e4dt die Faire Woche jeden September alle Menschen in Deutschland dazu ein, Veranstaltungen zum Fairen Handel zu besuchen oder selbst zu organisieren. Mit j\u00e4hrlich \u00fcber 2.000 Aktionen ist sie bundesweit die gr\u00f6\u00dfte Aktionswoche des Fairen Handels. Die Faire Woche 2021 findet vom 10. bis 24. September 2021 zum Thema \"Menschenw\u00fcrdige Arbeitsbedingungen\" unter dem Motto \"Zukunft fair gestalten \u2013 #fairhandeln f\u00fcr Menschenrechte weltweit\" statt. 2021 findet die Faire Woche <a href=\"https:\/\/www.faire-woche.de\/die-faire-woche\/faire-woche-2021\/20-jahre-faire-woche\">bereits zum 20. Mal<\/a> statt, deshalb gibt es auf der Website der Fairen Woche ein <a href=\"https:\/\/www.faire-woche.de\/die-faire-woche\/faire-woche-2021\/20-jahre-faire-woche\/gewinnspiel-20-jahre-faire-woche\">Gewinnspiel<\/a>. In unserem Weltladen k\u00f6nnen Sie sich an einer Plakataktion beteiligen: Im Laden h\u00e4ngt ein gro\u00dfes, leeres Blatt Papier mit der \u00dcberschrift \u201e<em>Wie kann man die Zukunft fair und nachhaltig gestalten<\/em>?\u201c Sie sind eingeladen, ihre Gedanken dazu auf K\u00e4rtchen zu notieren, die anschlie\u00dfend auf das Plakat geklebt werden. Au\u00dferdem gibt es auch wieder Informationen zur Fairen Woche und Rezepthefte zum Mitnehmen. Kommen Sie [...] <a href=\"https:\/\/weltlaeden.de\/dillenburg\/termin\/faire-woche-2021-zukunft-fair-gestalten\/\"><small>[WEITERLESEN]<\/small><\/a><\/p><p class=termine-ort\"><small>Ort: <i>Bundesweit<\/i><\/small><\/p><\/li><li><h5 class=\"termine-titel\"><a href=\"https:\/\/weltlaeden.de\/dillenburg\/termin\/weltladentag-2021-goenn-dir-wandel\/\">Weltladentag 2021 &#8211; G\u00f6nn dir Wandel<\/a><\/h5><p class=\"termine-date\">Sa., 08.05.2021, 10:00 bis 08.07.2021, 10:00<\/p><p class=\"termine-auszug\"><a href=\"https:\/\/www.weltladen.de\/politik-veraendern\/weltladentag\/aktuelle-kampagne\/\" target=\"_blank\" rel=\"noopener\"><\/a>Unsere Art zu leben und zu wirtschaften ist nicht zukunftsf\u00e4hig. Um ein gutes Leben f\u00fcr uns alle auf diesem Planeten zu erm\u00f6glichen, braucht es einen grundlegenden Wandel. Mit dem <a href=\"https:\/\/www.weltladen.de\/politik-veraendern\/weltladentag\/aktuelle-kampagne\/\">Weltladentag 2021<\/a> will die Weltladen-Bewegung auf Werte aufmerksam machen, die zu einem gesellschaftlichen Wandel beitragen: <a role=\"link\" href=\"https:\/\/www.weltladen.de\/politik-veraendern\/weltladentag\/aktuelle-kampagne\/goenn-dir-solidaritaet\/\">#Solidarit\u00e4t<\/a> \u2013 Gemeinsam mehr bewegen <a href=\"https:\/\/www.weltladen.de\/politik-veraendern\/weltladentag\/aktuelle-kampagne\/goenn-dir-gleichberechtigung\/\">#Gleichberechtigung<\/a> \u2013 Partnerschaftliches Miteinander <a href=\"https:\/\/www.weltladen.de\/politik-veraendern\/weltladentag\/aktuelle-kampagne\/goenn-dir-dialog\/\">#Dialog<\/a> \u2013 Perspektiven wechseln <a href=\"https:\/\/www.weltladen.de\/politik-veraendern\/weltladentag\/aktuelle-kampagne\/goenn-dir-nachhaltigkeit\/\">#Nachhaltigkeit<\/a> \u2013 Im Einklang mit Mensch &amp; Umwelt <a href=\"https:\/\/www.weltladen.de\/politik-veraendern\/weltladentag\/aktuelle-kampagne\/goenn-dir-respekt\/\">#Respekt<\/a> \u2013 Begegnung auf Augenh\u00f6he <a href=\"https:\/\/www.weltladen.de\/politik-veraendern\/weltladentag\/aktuelle-kampagne\/goenn-dir-politisches-engagement\/\">#Politisches Engagement<\/a> \u2013 Mit starker Stimme mitgestalten <a href=\"https:\/\/www.weltladen.de\/politik-veraendern\/weltladentag\/aktuelle-kampagne\/goenn-dir-transparenz\/\">#Transparenz<\/a> \u2013 Aufrichtig kommunizieren Die Weltladen-Bewegung l\u00e4dt zum Austausch dar\u00fcber ein, wie wir in unserem Alltag dazu beitragen k\u00f6nnen, diese Werte in unserer Gesellschaft zu st\u00e4rken. Sind Sie bereit, den Tapetenwechsel mitzugestalten? Dann laden wir Sie ein, mit uns dar\u00fcber nachzudenken. Dazu posten wir <a href=\"https:\/\/www.facebook.com\/Weltladen.Dillenburg\">auf unserer Facebook-Seite<\/a> in den n\u00e4chsten Wochen ein paar Ideen. Wenn Sie m\u00f6gen, k\u00f6nnen Sie am [...] <a href=\"https:\/\/weltlaeden.de\/dillenburg\/termin\/weltladentag-2021-goenn-dir-wandel\/\"><small>[WEITERLESEN]<\/small><\/a><\/p><\/li><li><h5 class=\"termine-titel\"><a href=\"https:\/\/weltlaeden.de\/dillenburg\/termin\/7_jahre_weltladen\/\">Wir feiern 7 Jahre Weltladen Dillenburg!<\/a><\/h5><p class=\"termine-date\">Mo., 02.11.2020 bis 07.11.2020<\/p><p class=\"termine-auszug\">Der Weltladen Dillenburg wurde vor sieben Jahren - Ende Oktober 2013 - er\u00f6ffnet und das soll geb\u00fchrend mit einer Jubil\u00e4umswoche gefeiert werden. In der Woche vom 2. bis 7. November\u2028 wird bei uns in der Hauptstra\u00dfe 93 jeden Tag etwas Neues und Interessantes rund um den Fairen Handel vorgestellt und es werden auch Kostproben bereit gestellt; unter Beachtung der aktuellen Corona-Hygieneregeln. <strong>Das Wochenprogramm vom 2. bis 7. November\u2028:<\/strong> Montag: Tea-Time Dienstag: Kaffee-Stunde Mittwoch: Schoko-Welten Donnerstag: Sch\u00f6nes und Schm\u00fcckendes Freitag: Kinderkram Samstag: Schals mit Charme Unsere \u00d6ffnungszeiten: \u2028Montag bis Freitag: 9.30\u201318 Uhr\u2028 und Samstag: 9.30\u201313 Uhr <strong>Besuchen Sie uns, wir freuen uns auf Sie!<\/strong><p class=termine-ort\"><small>Ort: <i>Weltladen Dillenburg<\/i><\/small><\/p><\/li><\/ul>[\/vc_column][\/vc_row]<\/p>\n<\/div>","protected":false},"excerpt":{"rendered":"<p>[vc_row][vc_column][vc_empty_space height=&#8220;30px&#8220;][vc_column_text] Termine [\/vc_column_text][vc_empty_space height=&#8220;30px&#8220;][\/vc_column][\/vc_row][vc_row][vc_column width=&#8220;2\/3&#8243;][vc_column_text] Kommende Termine [\/vc_column_text][vc_empty_space height=&#8220;30px&#8220;][vc_column_text] Vergangene Termine [\/vc_column_text][\/vc_column][\/vc_row]<\/p>\n","protected":false},"author":1,"featured_media":0,"parent":0,"menu_order":5,"comment_status":"closed","ping_status":"closed","template":"","meta":{"footnotes":""},"class_list":["post-23","page","type-page","status-publish","hentry","description-off"],"yoast_head":"<!-- This site is optimized with the Yoast SEO plugin v26.8 - https:\/\/yoast.com\/product\/yoast-seo-wordpress\/ -->\n<title>Termine - Weltladen Dillenburg<\/title>\n<meta name=\"robots\" content=\"index, follow, max-snippet:-1, max-image-preview:large, max-video-preview:-1\" \/>\n<link rel=\"canonical\" href=\"https:\/\/weltlaeden.de\/dillenburg\/termine\/\" \/>\n<meta property=\"og:locale\" content=\"de_DE\" \/>\n<meta property=\"og:type\" content=\"article\" \/>\n<meta property=\"og:title\" content=\"Termine - Weltladen Dillenburg\" \/>\n<meta property=\"og:description\" content=\"[vc_row][vc_column][vc_empty_space height=&#8220;30px&#8220;][vc_column_text] Termine [\/vc_column_text][vc_empty_space height=&#8220;30px&#8220;][\/vc_column][\/vc_row][vc_row][vc_column width=&#8220;2\/3&#8243;][vc_column_text] Kommende Termine [\/vc_column_text][vc_empty_space height=&#8220;30px&#8220;][vc_column_text] Vergangene Termine [\/vc_column_text][\/vc_column][\/vc_row]\" \/>\n<meta property=\"og:url\" content=\"https:\/\/weltlaeden.de\/dillenburg\/termine\/\" \/>\n<meta property=\"og:site_name\" content=\"Weltladen Dillenburg\" \/>\n<meta property=\"article:modified_time\" content=\"2020-10-20T13:27:48+00:00\" \/>\n<meta property=\"og:image\" content=\"https:\/\/weltlaeden.de\/dillenburg\/wp-content\/uploads\/sites\/3\/2018\/07\/pocket-watch-1637396_1920_pixabay.png\" \/>\n<meta name=\"twitter:card\" content=\"summary_large_image\" \/>\n<script type=\"application\/ld+json\" class=\"yoast-schema-graph\">{\"@context\":\"https:\/\/schema.org\",\"@graph\":[{\"@type\":\"WebPage\",\"@id\":\"https:\/\/weltlaeden.de\/dillenburg\/termine\/\",\"url\":\"https:\/\/weltlaeden.de\/dillenburg\/termine\/\",\"name\":\"Termine - Weltladen Dillenburg\",\"isPartOf\":{\"@id\":\"https:\/\/weltlaeden.de\/dillenburg\/#website\"},\"primaryImageOfPage\":{\"@id\":\"https:\/\/weltlaeden.de\/dillenburg\/termine\/#primaryimage\"},\"image\":{\"@id\":\"https:\/\/weltlaeden.de\/dillenburg\/termine\/#primaryimage\"},\"thumbnailUrl\":\"https:\/\/weltlaeden.de\/dillenburg\/wp-content\/uploads\/sites\/3\/2018\/07\/pocket-watch-1637396_1920_pixabay.png\",\"datePublished\":\"2016-10-14T07:05:21+00:00\",\"dateModified\":\"2020-10-20T13:27:48+00:00\",\"breadcrumb\":{\"@id\":\"https:\/\/weltlaeden.de\/dillenburg\/termine\/#breadcrumb\"},\"inLanguage\":\"de\",\"potentialAction\":[{\"@type\":\"ReadAction\",\"target\":[\"https:\/\/weltlaeden.de\/dillenburg\/termine\/\"]}]},{\"@type\":\"ImageObject\",\"inLanguage\":\"de\",\"@id\":\"https:\/\/weltlaeden.de\/dillenburg\/termine\/#primaryimage\",\"url\":\"https:\/\/weltlaeden.de\/dillenburg\/wp-content\/uploads\/sites\/3\/2018\/07\/pocket-watch-1637396_1920_pixabay.png\",\"contentUrl\":\"https:\/\/weltlaeden.de\/dillenburg\/wp-content\/uploads\/sites\/3\/2018\/07\/pocket-watch-1637396_1920_pixabay.png\"},{\"@type\":\"BreadcrumbList\",\"@id\":\"https:\/\/weltlaeden.de\/dillenburg\/termine\/#breadcrumb\",\"itemListElement\":[{\"@type\":\"ListItem\",\"position\":1,\"name\":\"Startseite\",\"item\":\"https:\/\/weltlaeden.de\/dillenburg\/\"},{\"@type\":\"ListItem\",\"position\":2,\"name\":\"Termine\"}]},{\"@type\":\"WebSite\",\"@id\":\"https:\/\/weltlaeden.de\/dillenburg\/#website\",\"url\":\"https:\/\/weltlaeden.de\/dillenburg\/\",\"name\":\"Weltladen Dillenburg\",\"description\":\"Fair gehandelte Produkte seit 1994\",\"potentialAction\":[{\"@type\":\"SearchAction\",\"target\":{\"@type\":\"EntryPoint\",\"urlTemplate\":\"https:\/\/weltlaeden.de\/dillenburg\/?s={search_term_string}\"},\"query-input\":{\"@type\":\"PropertyValueSpecification\",\"valueRequired\":true,\"valueName\":\"search_term_string\"}}],\"inLanguage\":\"de\"}]}<\/script>\n<!-- \/ Yoast SEO plugin. -->","yoast_head_json":{"title":"Termine - Weltladen Dillenburg","robots":{"index":"index","follow":"follow","max-snippet":"max-snippet:-1","max-image-preview":"max-image-preview:large","max-video-preview":"max-video-preview:-1"},"canonical":"https:\/\/weltlaeden.de\/dillenburg\/termine\/","og_locale":"de_DE","og_type":"article","og_title":"Termine - Weltladen Dillenburg","og_description":"[vc_row][vc_column][vc_empty_space height=&#8220;30px&#8220;][vc_column_text] Termine [\/vc_column_text][vc_empty_space height=&#8220;30px&#8220;][\/vc_column][\/vc_row][vc_row][vc_column width=&#8220;2\/3&#8243;][vc_column_text] Kommende Termine [\/vc_column_text][vc_empty_space height=&#8220;30px&#8220;][vc_column_text] Vergangene Termine [\/vc_column_text][\/vc_column][\/vc_row]","og_url":"https:\/\/weltlaeden.de\/dillenburg\/termine\/","og_site_name":"Weltladen Dillenburg","article_modified_time":"2020-10-20T13:27:48+00:00","og_image":[{"url":"https:\/\/weltlaeden.de\/dillenburg\/wp-content\/uploads\/sites\/3\/2018\/07\/pocket-watch-1637396_1920_pixabay.png","type":"","width":"","height":""}],"twitter_card":"summary_large_image","schema":{"@context":"https:\/\/schema.org","@graph":[{"@type":"WebPage","@id":"https:\/\/weltlaeden.de\/dillenburg\/termine\/","url":"https:\/\/weltlaeden.de\/dillenburg\/termine\/","name":"Termine - Weltladen Dillenburg","isPartOf":{"@id":"https:\/\/weltlaeden.de\/dillenburg\/#website"},"primaryImageOfPage":{"@id":"https:\/\/weltlaeden.de\/dillenburg\/termine\/#primaryimage"},"image":{"@id":"https:\/\/weltlaeden.de\/dillenburg\/termine\/#primaryimage"},"thumbnailUrl":"https:\/\/weltlaeden.de\/dillenburg\/wp-content\/uploads\/sites\/3\/2018\/07\/pocket-watch-1637396_1920_pixabay.png","datePublished":"2016-10-14T07:05:21+00:00","dateModified":"2020-10-20T13:27:48+00:00","breadcrumb":{"@id":"https:\/\/weltlaeden.de\/dillenburg\/termine\/#breadcrumb"},"inLanguage":"de","potentialAction":[{"@type":"ReadAction","target":["https:\/\/weltlaeden.de\/dillenburg\/termine\/"]}]},{"@type":"ImageObject","inLanguage":"de","@id":"https:\/\/weltlaeden.de\/dillenburg\/termine\/#primaryimage","url":"https:\/\/weltlaeden.de\/dillenburg\/wp-content\/uploads\/sites\/3\/2018\/07\/pocket-watch-1637396_1920_pixabay.png","contentUrl":"https:\/\/weltlaeden.de\/dillenburg\/wp-content\/uploads\/sites\/3\/2018\/07\/pocket-watch-1637396_1920_pixabay.png"},{"@type":"BreadcrumbList","@id":"https:\/\/weltlaeden.de\/dillenburg\/termine\/#breadcrumb","itemListElement":[{"@type":"ListItem","position":1,"name":"Startseite","item":"https:\/\/weltlaeden.de\/dillenburg\/"},{"@type":"ListItem","position":2,"name":"Termine"}]},{"@type":"WebSite","@id":"https:\/\/weltlaeden.de\/dillenburg\/#website","url":"https:\/\/weltlaeden.de\/dillenburg\/","name":"Weltladen Dillenburg","description":"Fair gehandelte Produkte seit 1994","potentialAction":[{"@type":"SearchAction","target":{"@type":"EntryPoint","urlTemplate":"https:\/\/weltlaeden.de\/dillenburg\/?s={search_term_string}"},"query-input":{"@type":"PropertyValueSpecification","valueRequired":true,"valueName":"search_term_string"}}],"inLanguage":"de"}]}},"_links":{"self":[{"href":"https:\/\/weltlaeden.de\/dillenburg\/wp-json\/wp\/v2\/pages\/23","targetHints":{"allow":["GET"]}}],"collection":[{"href":"https:\/\/weltlaeden.de\/dillenburg\/wp-json\/wp\/v2\/pages"}],"about":[{"href":"https:\/\/weltlaeden.de\/dillenburg\/wp-json\/wp\/v2\/types\/page"}],"author":[{"embeddable":true,"href":"https:\/\/weltlaeden.de\/dillenburg\/wp-json\/wp\/v2\/users\/1"}],"replies":[{"embeddable":true,"href":"https:\/\/weltlaeden.de\/dillenburg\/wp-json\/wp\/v2\/comments?post=23"}],"version-history":[{"count":14,"href":"https:\/\/weltlaeden.de\/dillenburg\/wp-json\/wp\/v2\/pages\/23\/revisions"}],"predecessor-version":[{"id":414,"href":"https:\/\/weltlaeden.de\/dillenburg\/wp-json\/wp\/v2\/pages\/23\/revisions\/414"}],"wp:attachment":[{"href":"https:\/\/weltlaeden.de\/dillenburg\/wp-json\/wp\/v2\/media?parent=23"}],"curies":[{"name":"wp","href":"https:\/\/api.w.org\/{rel}","templated":true}]}}