{"id":219,"date":"2016-10-28T13:34:47","date_gmt":"2016-10-28T11:34:47","guid":{"rendered":"https:\/\/wl.heimpixel.de\/vorlage\/ueber-uns\/"},"modified":"2025-07-14T07:41:03","modified_gmt":"2025-07-14T05:41:03","slug":"ueber-uns","status":"publish","type":"page","link":"https:\/\/weltlaeden.de\/die-kokosnuss\/ueber-uns\/","title":{"rendered":"\u00dcber uns"},"content":{"rendered":"<div class=\"wpb-content-wrapper\"><p>[vc_row][vc_column]<div class=\"wl_einzelbild\"><p><img loading=\"lazy\" decoding=\"async\" class=\"alignnone wp-image-692\" src=\"https:\/\/weltlaeden.de\/die-kokosnuss\/wp-content\/uploads\/sites\/231\/2025\/07\/Ladenteam-innen-300x300.jpg\" alt=\"\" width=\"1116\" height=\"1116\" srcset=\"https:\/\/weltlaeden.de\/die-kokosnuss\/wp-content\/uploads\/sites\/231\/2025\/07\/Ladenteam-innen-300x300.jpg 300w, https:\/\/weltlaeden.de\/die-kokosnuss\/wp-content\/uploads\/sites\/231\/2025\/07\/Ladenteam-innen-1024x1024.jpg 1024w, https:\/\/weltlaeden.de\/die-kokosnuss\/wp-content\/uploads\/sites\/231\/2025\/07\/Ladenteam-innen-150x150.jpg 150w, https:\/\/weltlaeden.de\/die-kokosnuss\/wp-content\/uploads\/sites\/231\/2025\/07\/Ladenteam-innen-768x768.jpg 768w, https:\/\/weltlaeden.de\/die-kokosnuss\/wp-content\/uploads\/sites\/231\/2025\/07\/Ladenteam-innen-1536x1536.jpg 1536w, https:\/\/weltlaeden.de\/die-kokosnuss\/wp-content\/uploads\/sites\/231\/2025\/07\/Ladenteam-innen-2048x2048.jpg 2048w\" sizes=\"auto, (max-width: 1116px) 100vw, 1116px\" \/><\/p><\/div>[vc_empty_space][vc_column_text css=&#8220;&#8220;]<\/p>\n<h1>\u00dcber den Weltladen Altdorf &#8211; Die Kokosnuss<\/h1>\n<p>[\/vc_column_text][vc_column_text css=&#8220;&#8220;]<strong>Historie und Engagement in Altdorf bei N\u00fcrnberg<\/strong><\/p>\n<p>&nbsp;<\/p>\n<p>&nbsp;<\/p>\n<p><strong>Weltladen des CVJM Altdorf e.V.<\/strong><\/p>\n<p>\u00dcber eine \u201ebewegende Geschichte\u201c kann auch unser Eine Welt Laden berichten:<\/p>\n<p><img loading=\"lazy\" decoding=\"async\" class=\"alignnone size-medium wp-image-680\" src=\"https:\/\/weltlaeden.de\/die-kokosnuss\/wp-content\/uploads\/sites\/231\/2025\/07\/ueberuns_1-300x290.jpg\" alt=\"\" width=\"300\" height=\"290\" srcset=\"https:\/\/weltlaeden.de\/die-kokosnuss\/wp-content\/uploads\/sites\/231\/2025\/07\/ueberuns_1-300x290.jpg 300w, https:\/\/weltlaeden.de\/die-kokosnuss\/wp-content\/uploads\/sites\/231\/2025\/07\/ueberuns_1.jpg 474w\" sizes=\"auto, (max-width: 300px) 100vw, 300px\" \/><\/p>\n<p>In den 70 er Jahren entstanden die ersten entwicklungspolitischen Bewegungen in Deutschland<\/p>\n<p>Hungerm\u00e4rsche und Protestaktionen gegen die Ungerechtigkeit im Welthandel pr\u00e4gten die Jugend.<\/p>\n<p>Auch unser CVJM war 1977 auf dem Gemeindefest rund um die Laurentiuskirche dabei. \u00a0Waren aus der sogenannten \u201e3. Welt\u201c wurden vom ersten GEPA Lager in Rodgau bei Frankfurt angeboten.<\/p>\n<p>Bald danach bildete sich eine Jugendgruppe 2\/3 Weltladen aus Konfirmanden mit spannenden Aktionen zum gerechten Handel<\/p>\n<p>Aktionen wie ein Dalisuabend zur Apartheit in S\u00fcdafrika und Konfirmandenprojekte pr\u00e4gten diese Zeit der Friedensbewegung<\/p>\n<p>&nbsp;<\/p>\n<p>Mit dem Einzug \u00a01990 in das ehemalige CVJM-Zimmer im Gemeindehaus hatten wir erstmals einen gr\u00f6\u00dferen Laden zur Verf\u00fcgung, in der auch kirchliche Gruppen und Schulklassen informiert werden konnten.<\/p>\n<ul>\n<li>Projektwoche \u201eEine Welt f\u00fcr Alle\u201c mit Lesung, Stadtrally und dem Konzert von \u201eAfrigo Waves\u201c in der Stadthalle.<\/li>\n<li>Besuche von Frank Weber \/ Stra\u00dfenkinderhilfe Schweinfurt mit vielen Auff\u00fchrungen und Aktionen z.B. Schuhputzen mit Konfirmanden f\u00fcr Bolivien<\/li>\n<li>Kinderferienprogramme zu Schokolade, \u201eWer hat die Kokosnuss geklaut?\u201c, Banane krumm &#8211; warum? und Kaffeeparcours der Wege der Bohne in die Tasse<\/li>\n<li>Quinoakochkurs<\/li>\n<li>Teilnahme an zahlreichen Europafesten mit Aktionen<\/li>\n<\/ul>\n<p>&nbsp;<\/p>\n<p>&nbsp;<\/p>\n<p><strong>Im Jahr 2000 stand der Umzug vom Gemeindehaus in die Feilturmgasse an.<\/strong><\/p>\n<p><img loading=\"lazy\" decoding=\"async\" class=\"alignnone wp-image-681\" src=\"https:\/\/weltlaeden.de\/die-kokosnuss\/wp-content\/uploads\/sites\/231\/2025\/07\/ueberuns_2-e1752053823578-225x300.jpg\" alt=\"\" width=\"301\" height=\"401\" srcset=\"https:\/\/weltlaeden.de\/die-kokosnuss\/wp-content\/uploads\/sites\/231\/2025\/07\/ueberuns_2-e1752053823578-225x300.jpg 225w, https:\/\/weltlaeden.de\/die-kokosnuss\/wp-content\/uploads\/sites\/231\/2025\/07\/ueberuns_2-e1752053823578.jpg 340w\" sizes=\"auto, (max-width: 301px) 100vw, 301px\" \/><img loading=\"lazy\" decoding=\"async\" class=\"alignnone size-full wp-image-685\" src=\"https:\/\/weltlaeden.de\/die-kokosnuss\/wp-content\/uploads\/sites\/231\/2025\/07\/ueberuns_6.jpg\" alt=\"\" width=\"294\" height=\"294\" srcset=\"https:\/\/weltlaeden.de\/die-kokosnuss\/wp-content\/uploads\/sites\/231\/2025\/07\/ueberuns_6.jpg 294w, https:\/\/weltlaeden.de\/die-kokosnuss\/wp-content\/uploads\/sites\/231\/2025\/07\/ueberuns_6-150x150.jpg 150w\" sizes=\"auto, (max-width: 294px) 100vw, 294px\" \/><\/p>\n<p>F\u00fcr uns war das ein gro\u00dfer Schritt, viel Geld wurde gesammelt um den <strong>Weltladen Die Kokosnuss<\/strong> zu gr\u00fcnden.<\/p>\n<p>Mit Christine Genssler \/ Karin Pichlik als Teamleitung und 15 ehrenamtlichen Verk\u00e4ufer*innen waren wir mit dem eigenen Laden und t\u00e4glichen \u00d6ffnungszeiten f\u00fcr viele neue Kunden erreichbar.<\/p>\n<p>In der Gasse wurden wir herzlich empfangen und haben uns sehr schnell in dem sch\u00f6nen Fachwerkhaus eingelebt.<\/p>\n<p>&nbsp;<\/p>\n<p><strong>\u00a0<\/strong><\/p>\n<p><strong>Umzug \u00a02008 in die Obere Brauhaustrasse <\/strong><\/p>\n<p><img loading=\"lazy\" decoding=\"async\" class=\"alignnone size-medium wp-image-682\" src=\"https:\/\/weltlaeden.de\/die-kokosnuss\/wp-content\/uploads\/sites\/231\/2025\/07\/ueberuns_3-300x169.jpg\" alt=\"\" width=\"300\" height=\"169\" srcset=\"https:\/\/weltlaeden.de\/die-kokosnuss\/wp-content\/uploads\/sites\/231\/2025\/07\/ueberuns_3-300x169.jpg 300w, https:\/\/weltlaeden.de\/die-kokosnuss\/wp-content\/uploads\/sites\/231\/2025\/07\/ueberuns_3.jpg 591w\" sizes=\"auto, (max-width: 300px) 100vw, 300px\" \/><\/p>\n<p>Der Laden in direkter Lauflage zum Marktplatz und gro\u00dfem Schaufenster lockt viele interessierte Kunden an.<\/p>\n<p>Der Erfolg des Ladens ist vor allem den vielen ehrenamtlich engagierten Mitarbeiter*innen zu verdanken.<\/p>\n<p>Ihnen gilt f\u00fcr Ihre Treue und langj\u00e4hrigem Einsatz f\u00fcr eine faire Welt besonderer Dank.<\/p>\n<p>Ladenteam 40 Jahre Weltladen Altdorf<\/p>\n<p><img loading=\"lazy\" decoding=\"async\" class=\"alignnone size-medium wp-image-683\" src=\"https:\/\/weltlaeden.de\/die-kokosnuss\/wp-content\/uploads\/sites\/231\/2025\/07\/ueberuns_4-300x230.jpg\" alt=\"\" width=\"300\" height=\"230\" srcset=\"https:\/\/weltlaeden.de\/die-kokosnuss\/wp-content\/uploads\/sites\/231\/2025\/07\/ueberuns_4-300x230.jpg 300w, https:\/\/weltlaeden.de\/die-kokosnuss\/wp-content\/uploads\/sites\/231\/2025\/07\/ueberuns_4.jpg 504w\" sizes=\"auto, (max-width: 300px) 100vw, 300px\" \/><\/p>\n<p>&nbsp;<\/p>\n<p>&nbsp;<\/p>\n<p><strong>2024\u00a0\u00a0 Umzug in neue R\u00e4ume in der Unteren Wehd 1 <\/strong><\/p>\n<p><img loading=\"lazy\" decoding=\"async\" class=\"alignnone wp-image-684\" src=\"https:\/\/weltlaeden.de\/die-kokosnuss\/wp-content\/uploads\/sites\/231\/2025\/07\/ueberuns_5-300x201.jpg\" alt=\"\" width=\"300\" height=\"201\" srcset=\"https:\/\/weltlaeden.de\/die-kokosnuss\/wp-content\/uploads\/sites\/231\/2025\/07\/ueberuns_5-300x201.jpg 300w, https:\/\/weltlaeden.de\/die-kokosnuss\/wp-content\/uploads\/sites\/231\/2025\/07\/ueberuns_5-1024x687.jpg 1024w, https:\/\/weltlaeden.de\/die-kokosnuss\/wp-content\/uploads\/sites\/231\/2025\/07\/ueberuns_5-768x515.jpg 768w, https:\/\/weltlaeden.de\/die-kokosnuss\/wp-content\/uploads\/sites\/231\/2025\/07\/ueberuns_5.jpg 1027w\" sizes=\"auto, (max-width: 300px) 100vw, 300px\" \/><\/p>\n<p>Seit 2016 ist Altdorf Fairtradestadt mit vielen Unterst\u00fctzern in Handel, Vereinen und Gastronomie!<\/p>\n<p>Dies ist nicht zuletzt auf unsere langj\u00e4hrige beharrliche Arbeit f\u00fcr den fairen Handel zur\u00fcckzuf\u00fchren.<\/p>\n<p>und so gilt bis heute unser afrikanischer Lieblingsspruch:<\/p>\n<p><em>Viele kleine Leute an vielen kleinen Orten, die viele kleine Dinge tun k\u00f6nnen das Gesicht der Welt fair\u00e4ndern!\u00a0\u00a0\u00a0 <\/em><\/p>\n<p>&nbsp;<\/p>\n<p><em>Karin Pichlik\u00a0\u00a0\u00a0 f\u00fcr das Weltladenteam<\/em>[\/vc_column_text][\/vc_column][\/vc_row][vc_row][vc_column][vc_empty_space][vc_column_text css=&#8220;&#8220;]<\/p>\n<h1>Mitmachen im Weltladen Altdorf &#8211; Die Kokosnuss<\/h1>\n<p>[\/vc_column_text][vc_column_text css=&#8220;&#8220;]<strong>Wir suchen<\/strong> Menschen, die Lust haben, sich ehrenamtlich f\u00fcr eine offene, transparente, \u00f6kologische und nachhaltige Form des Wirtschaftens zu engagieren. Ob im Verkauf, der Informations- oder Bildungsarbeit &#8211; die M\u00f6glichkeiten, in unserem Team mitzumachen sind vielf\u00e4ltig und lassen sich bestimmt auch in Deinen Alltag integrieren! Neben regelm\u00e4\u00dfigen Aufgaben gibt es bei uns auch immer wieder einzelne zeitlich befristete Projekte, f\u00fcr die wir Unterst\u00fctzer\/innen suchen. Viele Aufgaben erfordern keine speziellen Vorkenntnisse, sondern nur Deine Bereitschaft, Deine F\u00e4higkeiten einzubringen und eventuell in neuen Bereichen dazuzulernen.<\/p>\n<p><strong>Wir bieten<\/strong> ein nettes Team aus Engagierten mit vielf\u00e4ltigen M\u00f6glichkeiten, sich selbst einzubringen. Eine Gemeinschaft, die Dich herzlich aufnimmt, einarbeitet und bei Fragen zur Verf\u00fcgung steht. Fortbildungsm\u00f6glichkeiten nach Deinen Interessen und Aufgaben.<\/p>\n<p><strong>Ansprechpartner\/in:<\/strong><br \/>\nKarin Pichlik<\/p>\n<p>info@die-kokosnuss.de<\/p>\n<p><strong>Wir freuen uns auf Dich!<\/strong>[\/vc_column_text][\/vc_column][\/vc_row]<\/p>\n<\/div>","protected":false},"excerpt":{"rendered":"<p>[vc_row][vc_column][vc_empty_space][vc_column_text css=&#8220;&#8220;] \u00dcber den Weltladen Altdorf &#8211; Die Kokosnuss [\/vc_column_text][vc_column_text css=&#8220;&#8220;]Historie und Engagement in Altdorf bei N\u00fcrnberg &nbsp; &nbsp; Weltladen des CVJM Altdorf e.V. \u00dcber eine \u201ebewegende Geschichte\u201c kann auch unser Eine Welt Laden berichten: In den 70 er Jahren entstanden die ersten entwicklungspolitischen Bewegungen in Deutschland Hungerm\u00e4rsche und Protestaktionen gegen die Ungerechtigkeit im Welthandel&hellip;<\/p>\n","protected":false},"author":1,"featured_media":0,"parent":0,"menu_order":6,"comment_status":"closed","ping_status":"closed","template":"","meta":{"footnotes":""},"class_list":["post-219","page","type-page","status-publish","hentry","description-off"],"yoast_head":"<!-- This site is optimized with the Yoast SEO plugin v26.8 - https:\/\/yoast.com\/product\/yoast-seo-wordpress\/ -->\n<title>\u00dcber uns - Weltladen &quot;Die Kokosnuss&quot;<\/title>\n<meta name=\"robots\" content=\"index, follow, max-snippet:-1, max-image-preview:large, max-video-preview:-1\" \/>\n<link rel=\"canonical\" href=\"https:\/\/weltlaeden.de\/die-kokosnuss\/ueber-uns\/\" \/>\n<meta property=\"og:locale\" content=\"de_DE\" \/>\n<meta property=\"og:type\" content=\"article\" \/>\n<meta property=\"og:title\" content=\"\u00dcber uns - Weltladen &quot;Die Kokosnuss&quot;\" \/>\n<meta property=\"og:description\" content=\"[vc_row][vc_column][vc_empty_space][vc_column_text css=&#8220;&#8220;] \u00dcber den Weltladen Altdorf &#8211; Die Kokosnuss [\/vc_column_text][vc_column_text css=&#8220;&#8220;]Historie und Engagement in Altdorf bei N\u00fcrnberg &nbsp; &nbsp; Weltladen des CVJM Altdorf e.V. \u00dcber eine \u201ebewegende Geschichte\u201c kann auch unser Eine Welt Laden berichten: In den 70 er Jahren entstanden die ersten entwicklungspolitischen Bewegungen in Deutschland Hungerm\u00e4rsche und Protestaktionen gegen die Ungerechtigkeit im Welthandel&hellip;\" \/>\n<meta property=\"og:url\" content=\"https:\/\/weltlaeden.de\/die-kokosnuss\/ueber-uns\/\" \/>\n<meta property=\"og:site_name\" content=\"Weltladen &quot;Die Kokosnuss&quot;\" \/>\n<meta property=\"article:modified_time\" content=\"2025-07-14T05:41:03+00:00\" \/>\n<meta property=\"og:image\" content=\"https:\/\/weltlaeden.de\/die-kokosnuss\/wp-content\/uploads\/sites\/231\/2025\/07\/Ladenteam-innen-scaled.jpg\" \/>\n\t<meta property=\"og:image:width\" content=\"2560\" \/>\n\t<meta property=\"og:image:height\" content=\"2560\" \/>\n\t<meta property=\"og:image:type\" content=\"image\/jpeg\" \/>\n<meta name=\"twitter:card\" content=\"summary_large_image\" \/>\n<meta name=\"twitter:label1\" content=\"Gesch\u00e4tzte Lesezeit\" \/>\n\t<meta name=\"twitter:data1\" content=\"5\u00a0Minuten\" \/>\n<script type=\"application\/ld+json\" class=\"yoast-schema-graph\">{\"@context\":\"https:\/\/schema.org\",\"@graph\":[{\"@type\":\"WebPage\",\"@id\":\"https:\/\/weltlaeden.de\/die-kokosnuss\/ueber-uns\/\",\"url\":\"https:\/\/weltlaeden.de\/die-kokosnuss\/ueber-uns\/\",\"name\":\"\u00dcber uns - Weltladen &quot;Die Kokosnuss&quot;\",\"isPartOf\":{\"@id\":\"https:\/\/weltlaeden.de\/die-kokosnuss\/#website\"},\"primaryImageOfPage\":{\"@id\":\"https:\/\/weltlaeden.de\/die-kokosnuss\/ueber-uns\/#primaryimage\"},\"image\":{\"@id\":\"https:\/\/weltlaeden.de\/die-kokosnuss\/ueber-uns\/#primaryimage\"},\"thumbnailUrl\":\"https:\/\/weltlaeden.de\/die-kokosnuss\/wp-content\/uploads\/sites\/231\/2025\/07\/Ladenteam-innen-300x300.jpg\",\"datePublished\":\"2016-10-28T11:34:47+00:00\",\"dateModified\":\"2025-07-14T05:41:03+00:00\",\"breadcrumb\":{\"@id\":\"https:\/\/weltlaeden.de\/die-kokosnuss\/ueber-uns\/#breadcrumb\"},\"inLanguage\":\"de\",\"potentialAction\":[{\"@type\":\"ReadAction\",\"target\":[\"https:\/\/weltlaeden.de\/die-kokosnuss\/ueber-uns\/\"]}]},{\"@type\":\"ImageObject\",\"inLanguage\":\"de\",\"@id\":\"https:\/\/weltlaeden.de\/die-kokosnuss\/ueber-uns\/#primaryimage\",\"url\":\"https:\/\/weltlaeden.de\/die-kokosnuss\/wp-content\/uploads\/sites\/231\/2025\/07\/Ladenteam-innen-scaled.jpg\",\"contentUrl\":\"https:\/\/weltlaeden.de\/die-kokosnuss\/wp-content\/uploads\/sites\/231\/2025\/07\/Ladenteam-innen-scaled.jpg\",\"width\":2560,\"height\":2560},{\"@type\":\"BreadcrumbList\",\"@id\":\"https:\/\/weltlaeden.de\/die-kokosnuss\/ueber-uns\/#breadcrumb\",\"itemListElement\":[{\"@type\":\"ListItem\",\"position\":1,\"name\":\"Startseite\",\"item\":\"https:\/\/weltlaeden.de\/die-kokosnuss\/\"},{\"@type\":\"ListItem\",\"position\":2,\"name\":\"\u00dcber uns\"}]},{\"@type\":\"WebSite\",\"@id\":\"https:\/\/weltlaeden.de\/die-kokosnuss\/#website\",\"url\":\"https:\/\/weltlaeden.de\/die-kokosnuss\/\",\"name\":\"Weltladen &quot;Die Kokosnuss&quot;\",\"description\":\"Faire Produkte seit 1990\",\"potentialAction\":[{\"@type\":\"SearchAction\",\"target\":{\"@type\":\"EntryPoint\",\"urlTemplate\":\"https:\/\/weltlaeden.de\/die-kokosnuss\/?s={search_term_string}\"},\"query-input\":{\"@type\":\"PropertyValueSpecification\",\"valueRequired\":true,\"valueName\":\"search_term_string\"}}],\"inLanguage\":\"de\"}]}<\/script>\n<!-- \/ Yoast SEO plugin. -->","yoast_head_json":{"title":"\u00dcber uns - Weltladen &quot;Die Kokosnuss&quot;","robots":{"index":"index","follow":"follow","max-snippet":"max-snippet:-1","max-image-preview":"max-image-preview:large","max-video-preview":"max-video-preview:-1"},"canonical":"https:\/\/weltlaeden.de\/die-kokosnuss\/ueber-uns\/","og_locale":"de_DE","og_type":"article","og_title":"\u00dcber uns - Weltladen &quot;Die Kokosnuss&quot;","og_description":"[vc_row][vc_column][vc_empty_space][vc_column_text css=&#8220;&#8220;] \u00dcber den Weltladen Altdorf &#8211; Die Kokosnuss [\/vc_column_text][vc_column_text css=&#8220;&#8220;]Historie und Engagement in Altdorf bei N\u00fcrnberg &nbsp; &nbsp; Weltladen des CVJM Altdorf e.V. \u00dcber eine \u201ebewegende Geschichte\u201c kann auch unser Eine Welt Laden berichten: In den 70 er Jahren entstanden die ersten entwicklungspolitischen Bewegungen in Deutschland Hungerm\u00e4rsche und Protestaktionen gegen die Ungerechtigkeit im Welthandel&hellip;","og_url":"https:\/\/weltlaeden.de\/die-kokosnuss\/ueber-uns\/","og_site_name":"Weltladen &quot;Die Kokosnuss&quot;","article_modified_time":"2025-07-14T05:41:03+00:00","og_image":[{"width":2560,"height":2560,"url":"https:\/\/weltlaeden.de\/die-kokosnuss\/wp-content\/uploads\/sites\/231\/2025\/07\/Ladenteam-innen-scaled.jpg","type":"image\/jpeg"}],"twitter_card":"summary_large_image","twitter_misc":{"Gesch\u00e4tzte Lesezeit":"5\u00a0Minuten"},"schema":{"@context":"https:\/\/schema.org","@graph":[{"@type":"WebPage","@id":"https:\/\/weltlaeden.de\/die-kokosnuss\/ueber-uns\/","url":"https:\/\/weltlaeden.de\/die-kokosnuss\/ueber-uns\/","name":"\u00dcber uns - Weltladen &quot;Die Kokosnuss&quot;","isPartOf":{"@id":"https:\/\/weltlaeden.de\/die-kokosnuss\/#website"},"primaryImageOfPage":{"@id":"https:\/\/weltlaeden.de\/die-kokosnuss\/ueber-uns\/#primaryimage"},"image":{"@id":"https:\/\/weltlaeden.de\/die-kokosnuss\/ueber-uns\/#primaryimage"},"thumbnailUrl":"https:\/\/weltlaeden.de\/die-kokosnuss\/wp-content\/uploads\/sites\/231\/2025\/07\/Ladenteam-innen-300x300.jpg","datePublished":"2016-10-28T11:34:47+00:00","dateModified":"2025-07-14T05:41:03+00:00","breadcrumb":{"@id":"https:\/\/weltlaeden.de\/die-kokosnuss\/ueber-uns\/#breadcrumb"},"inLanguage":"de","potentialAction":[{"@type":"ReadAction","target":["https:\/\/weltlaeden.de\/die-kokosnuss\/ueber-uns\/"]}]},{"@type":"ImageObject","inLanguage":"de","@id":"https:\/\/weltlaeden.de\/die-kokosnuss\/ueber-uns\/#primaryimage","url":"https:\/\/weltlaeden.de\/die-kokosnuss\/wp-content\/uploads\/sites\/231\/2025\/07\/Ladenteam-innen-scaled.jpg","contentUrl":"https:\/\/weltlaeden.de\/die-kokosnuss\/wp-content\/uploads\/sites\/231\/2025\/07\/Ladenteam-innen-scaled.jpg","width":2560,"height":2560},{"@type":"BreadcrumbList","@id":"https:\/\/weltlaeden.de\/die-kokosnuss\/ueber-uns\/#breadcrumb","itemListElement":[{"@type":"ListItem","position":1,"name":"Startseite","item":"https:\/\/weltlaeden.de\/die-kokosnuss\/"},{"@type":"ListItem","position":2,"name":"\u00dcber uns"}]},{"@type":"WebSite","@id":"https:\/\/weltlaeden.de\/die-kokosnuss\/#website","url":"https:\/\/weltlaeden.de\/die-kokosnuss\/","name":"Weltladen &quot;Die Kokosnuss&quot;","description":"Faire Produkte seit 1990","potentialAction":[{"@type":"SearchAction","target":{"@type":"EntryPoint","urlTemplate":"https:\/\/weltlaeden.de\/die-kokosnuss\/?s={search_term_string}"},"query-input":{"@type":"PropertyValueSpecification","valueRequired":true,"valueName":"search_term_string"}}],"inLanguage":"de"}]}},"_links":{"self":[{"href":"https:\/\/weltlaeden.de\/die-kokosnuss\/wp-json\/wp\/v2\/pages\/219","targetHints":{"allow":["GET"]}}],"collection":[{"href":"https:\/\/weltlaeden.de\/die-kokosnuss\/wp-json\/wp\/v2\/pages"}],"about":[{"href":"https:\/\/weltlaeden.de\/die-kokosnuss\/wp-json\/wp\/v2\/types\/page"}],"author":[{"embeddable":true,"href":"https:\/\/weltlaeden.de\/die-kokosnuss\/wp-json\/wp\/v2\/users\/1"}],"replies":[{"embeddable":true,"href":"https:\/\/weltlaeden.de\/die-kokosnuss\/wp-json\/wp\/v2\/comments?post=219"}],"version-history":[{"count":20,"href":"https:\/\/weltlaeden.de\/die-kokosnuss\/wp-json\/wp\/v2\/pages\/219\/revisions"}],"predecessor-version":[{"id":698,"href":"https:\/\/weltlaeden.de\/die-kokosnuss\/wp-json\/wp\/v2\/pages\/219\/revisions\/698"}],"wp:attachment":[{"href":"https:\/\/weltlaeden.de\/die-kokosnuss\/wp-json\/wp\/v2\/media?parent=219"}],"curies":[{"name":"wp","href":"https:\/\/api.w.org\/{rel}","templated":true}]}}