{"id":217,"date":"2022-07-14T10:01:06","date_gmt":"2016-10-28T11:34:47","guid":{"rendered":"https:\/\/wl.heimpixel.de\/vorlage\/produkte\/"},"modified":"2022-10-12T15:38:29","modified_gmt":"2022-10-12T13:38:29","slug":"produkte","status":"publish","type":"page","link":"https:\/\/weltlaeden.de\/buchloe\/produkte\/","title":{"rendered":"Produkte"},"content":{"rendered":"<div class=\"wpb-content-wrapper\"><p>[vc_row][vc_column]<div class=\"wl_einzelbild\"><p><img loading=\"lazy\" decoding=\"async\" class=\"size-medium wp-image-584 aligncenter\" src=\"https:\/\/weltlaeden.de\/buchloe\/wp-content\/uploads\/sites\/185\/2022\/06\/DSCN3875-300x225.jpg\" alt=\"\" width=\"300\" height=\"225\" srcset=\"https:\/\/weltlaeden.de\/buchloe\/wp-content\/uploads\/sites\/185\/2022\/06\/DSCN3875-300x225.jpg 300w, https:\/\/weltlaeden.de\/buchloe\/wp-content\/uploads\/sites\/185\/2022\/06\/DSCN3875-1024x768.jpg 1024w, https:\/\/weltlaeden.de\/buchloe\/wp-content\/uploads\/sites\/185\/2022\/06\/DSCN3875-768x576.jpg 768w, https:\/\/weltlaeden.de\/buchloe\/wp-content\/uploads\/sites\/185\/2022\/06\/DSCN3875-1536x1152.jpg 1536w, https:\/\/weltlaeden.de\/buchloe\/wp-content\/uploads\/sites\/185\/2022\/06\/DSCN3875-2048x1536.jpg 2048w, https:\/\/weltlaeden.de\/buchloe\/wp-content\/uploads\/sites\/185\/2022\/06\/DSCN3875-scaled.jpg 1920w\" sizes=\"auto, (max-width: 300px) 100vw, 300px\" \/><\/p><\/div>[vc_empty_space][vc_column_text]<\/p>\n<h1>Unser Sortiment<\/h1>\n<p>[\/vc_column_text][vc_column_text]<strong>Wo kaufen wir ein?<\/strong><\/p>\n<p>Wir beziehen unsere Ware fast ausschlie\u00dflich von zertifizierten Fair-Handels-Importeuren. Zudem unterst\u00fctzen wir Projekte wie beispielsweise FairAfric, die die gesamte Schokoladenproduktion in Ghana verorten und nur die verkaufsfertige Schokolade exportieren, oder Solidarische Landwirtschaften, z.B. mit dem Kaffeeprojekt &#8222;Wir&#8220;-Kaffee. Auch bei Kleidung und Kunsthandwerk setzen wir auf im Dachverband gelistete Fair-H\u00e4ndler.<\/p>\n<p><strong>Seite an Seite<\/strong><\/p>\n<p>Wir haben Interesse an langj\u00e4hrigen Partnerschaften und beliefern neben unserer FairTrade-Stadt Buchloe auch Schulen, Kinderg\u00e4rten und Vereine sowie Einzelhandel und Gastronomie mit unseren fair gehandelten Produkten.<\/p>\n<p><strong>Darf`s ein bisschen mehr sein?<\/strong><\/p>\n<p>Wir sind sehr bem\u00fcht, allen Kundenw\u00fcnschen und Anfragen gerecht zu werden. Sollten wir ein Produkt nicht f\u00fchren: wir pr\u00fcfen gerne, ob wir es f\u00fcr Sie bestellen k\u00f6nnen.[\/vc_column_text][vc_empty_space][vc_row_inner][vc_column_inner width=&#8220;1\/2&#8243;][vc_column_text]<\/p>\n<h2>Lebensmittel<\/h2>\n<p>[\/vc_column_text]<div class=\"wl_einzelbild\"><p><img loading=\"lazy\" decoding=\"async\" class=\" wp-image-583 aligncenter\" src=\"https:\/\/weltlaeden.de\/buchloe\/wp-content\/uploads\/sites\/185\/2022\/06\/DSCN3874-300x225.jpg\" alt=\"\" width=\"388\" height=\"291\" srcset=\"https:\/\/weltlaeden.de\/buchloe\/wp-content\/uploads\/sites\/185\/2022\/06\/DSCN3874-300x225.jpg 300w, https:\/\/weltlaeden.de\/buchloe\/wp-content\/uploads\/sites\/185\/2022\/06\/DSCN3874-1024x768.jpg 1024w, https:\/\/weltlaeden.de\/buchloe\/wp-content\/uploads\/sites\/185\/2022\/06\/DSCN3874-768x576.jpg 768w, https:\/\/weltlaeden.de\/buchloe\/wp-content\/uploads\/sites\/185\/2022\/06\/DSCN3874-1536x1152.jpg 1536w, https:\/\/weltlaeden.de\/buchloe\/wp-content\/uploads\/sites\/185\/2022\/06\/DSCN3874-2048x1536.jpg 2048w, https:\/\/weltlaeden.de\/buchloe\/wp-content\/uploads\/sites\/185\/2022\/06\/DSCN3874-scaled.jpg 1920w\" sizes=\"auto, (max-width: 388px) 100vw, 388px\" \/><\/p><\/div>[vc_column_text]Im Laden erwartet Sie eine Auswahl von \u00fcber 40 Kaffee- und Teesorten, Schokoladen, Gew\u00fcrzen sowie Weinen und Knabbereien.[\/vc_column_text][\/vc_column_inner][vc_column_inner width=&#8220;1\/2&#8243;][vc_column_text]<\/p>\n<h2>Kunsthandwerk &amp; Textilien<\/h2>\n<p>[\/vc_column_text]<div class=\"wl_einzelbild\"><p><img loading=\"lazy\" decoding=\"async\" class=\"wp-image-586 aligncenter\" src=\"https:\/\/weltlaeden.de\/buchloe\/wp-content\/uploads\/sites\/185\/2022\/06\/DSCN3877-300x225.jpg\" alt=\"\" width=\"366\" height=\"275\" srcset=\"https:\/\/weltlaeden.de\/buchloe\/wp-content\/uploads\/sites\/185\/2022\/06\/DSCN3877-300x225.jpg 300w, https:\/\/weltlaeden.de\/buchloe\/wp-content\/uploads\/sites\/185\/2022\/06\/DSCN3877-1024x768.jpg 1024w, https:\/\/weltlaeden.de\/buchloe\/wp-content\/uploads\/sites\/185\/2022\/06\/DSCN3877-768x576.jpg 768w, https:\/\/weltlaeden.de\/buchloe\/wp-content\/uploads\/sites\/185\/2022\/06\/DSCN3877-1536x1152.jpg 1536w, https:\/\/weltlaeden.de\/buchloe\/wp-content\/uploads\/sites\/185\/2022\/06\/DSCN3877-2048x1536.jpg 2048w, https:\/\/weltlaeden.de\/buchloe\/wp-content\/uploads\/sites\/185\/2022\/06\/DSCN3877-scaled.jpg 1920w\" sizes=\"auto, (max-width: 366px) 100vw, 366px\" \/><\/p><\/div>[vc_column_text]Neben Kleidung, Schmuck und Taschen aller Art finden Sie auch Equipment f\u00fcr Meditation, n\u00fctzliche Haushaltshelfer, Kosmetik, ansprechendes Geschirr und Dekoartikel.[\/vc_column_text][\/vc_column_inner][\/vc_row_inner][\/vc_column][\/vc_row]<\/p>\n<\/div>","protected":false},"excerpt":{"rendered":"<p>[vc_row][vc_column][vc_empty_space][vc_column_text] Unser Sortiment [\/vc_column_text][vc_column_text]Wo kaufen wir ein? Wir beziehen unsere Ware fast ausschlie\u00dflich von zertifizierten Fair-Handels-Importeuren. Zudem unterst\u00fctzen wir Projekte wie beispielsweise FairAfric, die die gesamte Schokoladenproduktion in Ghana verorten und nur die verkaufsfertige Schokolade exportieren, oder Solidarische Landwirtschaften, z.B. mit dem Kaffeeprojekt &#8222;Wir&#8220;-Kaffee. Auch bei Kleidung und Kunsthandwerk setzen wir auf im Dachverband gelistete&hellip;<\/p>\n","protected":false},"author":1,"featured_media":0,"parent":0,"menu_order":8,"comment_status":"closed","ping_status":"closed","template":"","meta":{"footnotes":""},"class_list":["post-217","page","type-page","status-publish","hentry","description-off"],"yoast_head":"<!-- This site is optimized with the Yoast SEO plugin v26.8 - https:\/\/yoast.com\/product\/yoast-seo-wordpress\/ -->\n<title>Produkte - Weltladen Buchloe<\/title>\n<meta name=\"robots\" content=\"index, follow, max-snippet:-1, max-image-preview:large, max-video-preview:-1\" \/>\n<link rel=\"canonical\" href=\"https:\/\/weltlaeden.de\/buchloe\/produkte\/\" \/>\n<meta property=\"og:locale\" content=\"de_DE\" \/>\n<meta property=\"og:type\" content=\"article\" \/>\n<meta property=\"og:title\" content=\"Produkte - Weltladen Buchloe\" \/>\n<meta property=\"og:description\" content=\"[vc_row][vc_column][vc_empty_space][vc_column_text] Unser Sortiment [\/vc_column_text][vc_column_text]Wo kaufen wir ein? Wir beziehen unsere Ware fast ausschlie\u00dflich von zertifizierten Fair-Handels-Importeuren. Zudem unterst\u00fctzen wir Projekte wie beispielsweise FairAfric, die die gesamte Schokoladenproduktion in Ghana verorten und nur die verkaufsfertige Schokolade exportieren, oder Solidarische Landwirtschaften, z.B. mit dem Kaffeeprojekt &#8222;Wir&#8220;-Kaffee. Auch bei Kleidung und Kunsthandwerk setzen wir auf im Dachverband gelistete&hellip;\" \/>\n<meta property=\"og:url\" content=\"https:\/\/weltlaeden.de\/buchloe\/produkte\/\" \/>\n<meta property=\"og:site_name\" content=\"Weltladen Buchloe\" \/>\n<meta property=\"article:modified_time\" content=\"2022-10-12T13:38:29+00:00\" \/>\n<meta property=\"og:image\" content=\"https:\/\/weltlaeden.de\/buchloe\/wp-content\/uploads\/sites\/185\/2022\/06\/DSCN3875-300x225.jpg\" \/>\n<meta name=\"twitter:card\" content=\"summary_large_image\" \/>\n<meta name=\"twitter:label1\" content=\"Gesch\u00e4tzte Lesezeit\" \/>\n\t<meta name=\"twitter:data1\" content=\"2\u00a0Minuten\" \/>\n<script type=\"application\/ld+json\" class=\"yoast-schema-graph\">{\"@context\":\"https:\/\/schema.org\",\"@graph\":[{\"@type\":\"WebPage\",\"@id\":\"https:\/\/weltlaeden.de\/buchloe\/produkte\/\",\"url\":\"https:\/\/weltlaeden.de\/buchloe\/produkte\/\",\"name\":\"Produkte - Weltladen Buchloe\",\"isPartOf\":{\"@id\":\"https:\/\/weltlaeden.de\/buchloe\/#website\"},\"primaryImageOfPage\":{\"@id\":\"https:\/\/weltlaeden.de\/buchloe\/produkte\/#primaryimage\"},\"image\":{\"@id\":\"https:\/\/weltlaeden.de\/buchloe\/produkte\/#primaryimage\"},\"thumbnailUrl\":\"https:\/\/weltlaeden.de\/buchloe\/wp-content\/uploads\/sites\/185\/2022\/06\/DSCN3875-300x225.jpg\",\"datePublished\":\"2016-10-28T11:34:47+00:00\",\"dateModified\":\"2022-10-12T13:38:29+00:00\",\"breadcrumb\":{\"@id\":\"https:\/\/weltlaeden.de\/buchloe\/produkte\/#breadcrumb\"},\"inLanguage\":\"de\",\"potentialAction\":[{\"@type\":\"ReadAction\",\"target\":[\"https:\/\/weltlaeden.de\/buchloe\/produkte\/\"]}]},{\"@type\":\"ImageObject\",\"inLanguage\":\"de\",\"@id\":\"https:\/\/weltlaeden.de\/buchloe\/produkte\/#primaryimage\",\"url\":\"https:\/\/weltlaeden.de\/buchloe\/wp-content\/uploads\/sites\/185\/2022\/06\/DSCN3875-scaled.jpg\",\"contentUrl\":\"https:\/\/weltlaeden.de\/buchloe\/wp-content\/uploads\/sites\/185\/2022\/06\/DSCN3875-scaled.jpg\",\"width\":1920,\"height\":1440},{\"@type\":\"BreadcrumbList\",\"@id\":\"https:\/\/weltlaeden.de\/buchloe\/produkte\/#breadcrumb\",\"itemListElement\":[{\"@type\":\"ListItem\",\"position\":1,\"name\":\"Startseite\",\"item\":\"https:\/\/weltlaeden.de\/buchloe\/\"},{\"@type\":\"ListItem\",\"position\":2,\"name\":\"Produkte\"}]},{\"@type\":\"WebSite\",\"@id\":\"https:\/\/weltlaeden.de\/buchloe\/#website\",\"url\":\"https:\/\/weltlaeden.de\/buchloe\/\",\"name\":\"Weltladen Buchloe\",\"description\":\"Faire Produkte seit 1990\",\"potentialAction\":[{\"@type\":\"SearchAction\",\"target\":{\"@type\":\"EntryPoint\",\"urlTemplate\":\"https:\/\/weltlaeden.de\/buchloe\/?s={search_term_string}\"},\"query-input\":{\"@type\":\"PropertyValueSpecification\",\"valueRequired\":true,\"valueName\":\"search_term_string\"}}],\"inLanguage\":\"de\"}]}<\/script>\n<!-- \/ Yoast SEO plugin. -->","yoast_head_json":{"title":"Produkte - Weltladen Buchloe","robots":{"index":"index","follow":"follow","max-snippet":"max-snippet:-1","max-image-preview":"max-image-preview:large","max-video-preview":"max-video-preview:-1"},"canonical":"https:\/\/weltlaeden.de\/buchloe\/produkte\/","og_locale":"de_DE","og_type":"article","og_title":"Produkte - Weltladen Buchloe","og_description":"[vc_row][vc_column][vc_empty_space][vc_column_text] Unser Sortiment [\/vc_column_text][vc_column_text]Wo kaufen wir ein? Wir beziehen unsere Ware fast ausschlie\u00dflich von zertifizierten Fair-Handels-Importeuren. Zudem unterst\u00fctzen wir Projekte wie beispielsweise FairAfric, die die gesamte Schokoladenproduktion in Ghana verorten und nur die verkaufsfertige Schokolade exportieren, oder Solidarische Landwirtschaften, z.B. mit dem Kaffeeprojekt &#8222;Wir&#8220;-Kaffee. Auch bei Kleidung und Kunsthandwerk setzen wir auf im Dachverband gelistete&hellip;","og_url":"https:\/\/weltlaeden.de\/buchloe\/produkte\/","og_site_name":"Weltladen Buchloe","article_modified_time":"2022-10-12T13:38:29+00:00","og_image":[{"url":"https:\/\/weltlaeden.de\/buchloe\/wp-content\/uploads\/sites\/185\/2022\/06\/DSCN3875-300x225.jpg","type":"","width":"","height":""}],"twitter_card":"summary_large_image","twitter_misc":{"Gesch\u00e4tzte Lesezeit":"2\u00a0Minuten"},"schema":{"@context":"https:\/\/schema.org","@graph":[{"@type":"WebPage","@id":"https:\/\/weltlaeden.de\/buchloe\/produkte\/","url":"https:\/\/weltlaeden.de\/buchloe\/produkte\/","name":"Produkte - Weltladen Buchloe","isPartOf":{"@id":"https:\/\/weltlaeden.de\/buchloe\/#website"},"primaryImageOfPage":{"@id":"https:\/\/weltlaeden.de\/buchloe\/produkte\/#primaryimage"},"image":{"@id":"https:\/\/weltlaeden.de\/buchloe\/produkte\/#primaryimage"},"thumbnailUrl":"https:\/\/weltlaeden.de\/buchloe\/wp-content\/uploads\/sites\/185\/2022\/06\/DSCN3875-300x225.jpg","datePublished":"2016-10-28T11:34:47+00:00","dateModified":"2022-10-12T13:38:29+00:00","breadcrumb":{"@id":"https:\/\/weltlaeden.de\/buchloe\/produkte\/#breadcrumb"},"inLanguage":"de","potentialAction":[{"@type":"ReadAction","target":["https:\/\/weltlaeden.de\/buchloe\/produkte\/"]}]},{"@type":"ImageObject","inLanguage":"de","@id":"https:\/\/weltlaeden.de\/buchloe\/produkte\/#primaryimage","url":"https:\/\/weltlaeden.de\/buchloe\/wp-content\/uploads\/sites\/185\/2022\/06\/DSCN3875-scaled.jpg","contentUrl":"https:\/\/weltlaeden.de\/buchloe\/wp-content\/uploads\/sites\/185\/2022\/06\/DSCN3875-scaled.jpg","width":1920,"height":1440},{"@type":"BreadcrumbList","@id":"https:\/\/weltlaeden.de\/buchloe\/produkte\/#breadcrumb","itemListElement":[{"@type":"ListItem","position":1,"name":"Startseite","item":"https:\/\/weltlaeden.de\/buchloe\/"},{"@type":"ListItem","position":2,"name":"Produkte"}]},{"@type":"WebSite","@id":"https:\/\/weltlaeden.de\/buchloe\/#website","url":"https:\/\/weltlaeden.de\/buchloe\/","name":"Weltladen Buchloe","description":"Faire Produkte seit 1990","potentialAction":[{"@type":"SearchAction","target":{"@type":"EntryPoint","urlTemplate":"https:\/\/weltlaeden.de\/buchloe\/?s={search_term_string}"},"query-input":{"@type":"PropertyValueSpecification","valueRequired":true,"valueName":"search_term_string"}}],"inLanguage":"de"}]}},"_links":{"self":[{"href":"https:\/\/weltlaeden.de\/buchloe\/wp-json\/wp\/v2\/pages\/217","targetHints":{"allow":["GET"]}}],"collection":[{"href":"https:\/\/weltlaeden.de\/buchloe\/wp-json\/wp\/v2\/pages"}],"about":[{"href":"https:\/\/weltlaeden.de\/buchloe\/wp-json\/wp\/v2\/types\/page"}],"author":[{"embeddable":true,"href":"https:\/\/weltlaeden.de\/buchloe\/wp-json\/wp\/v2\/users\/1"}],"replies":[{"embeddable":true,"href":"https:\/\/weltlaeden.de\/buchloe\/wp-json\/wp\/v2\/comments?post=217"}],"version-history":[{"count":19,"href":"https:\/\/weltlaeden.de\/buchloe\/wp-json\/wp\/v2\/pages\/217\/revisions"}],"predecessor-version":[{"id":738,"href":"https:\/\/weltlaeden.de\/buchloe\/wp-json\/wp\/v2\/pages\/217\/revisions\/738"}],"wp:attachment":[{"href":"https:\/\/weltlaeden.de\/buchloe\/wp-json\/wp\/v2\/media?parent=217"}],"curies":[{"name":"wp","href":"https:\/\/api.w.org\/{rel}","templated":true}]}}