{"id":1018,"date":"2023-11-13T15:01:48","date_gmt":"2023-11-13T14:01:48","guid":{"rendered":"https:\/\/weltlaeden.de\/buchloe\/?page_id=1018"},"modified":"2024-05-21T13:04:23","modified_gmt":"2024-05-21T11:04:23","slug":"satzung","status":"publish","type":"page","link":"https:\/\/weltlaeden.de\/buchloe\/satzung\/","title":{"rendered":"Satzung"},"content":{"rendered":"<div class=\"wpb-content-wrapper\"><p>[vc_row][vc_column]<div class=\"wl_einzelbild\"><p><\/p><\/div>[\/vc_column][\/vc_row][vc_row][vc_column][vc_empty_space][vc_column_text]<\/p>\n<h1>Satzung des Vereins &#8222;Arbeitskreis Eine Welt Buchloe e.V.&#8220;<\/h1>\n<p>[\/vc_column_text][vc_column_text]<\/p>\n<div class=\"wpb_text_column wpb_content_element \">\n<div class=\"wpb_wrapper\">\n<h3>SATZUNG<\/h3>\n<p><strong>\u00a7 1 NAME<\/strong><br \/>\nDer Verein f\u00fchrt nach Eintragung in das Vereinsregister den Namen<br \/>\n<strong>\u201eArbeitskreis Eine Welt Buchloe e. V.\u201c<\/strong><\/p>\n<p><strong>\u00a7 2 SITZ UND GESCH\u00c4FTSJAHR<\/strong><br \/>\n(1) Sitz der Vereins ist Buchloe.<br \/>\n(2) Das Gesch\u00e4ftsjahr ist das Kalenderjahr.<\/p>\n<p><strong>\u00a7 3 ZWECK<\/strong><br \/>\n(1) Aufgabe und Ziel des Vereins ist die F\u00f6rderung aller Ma\u00dfnahmen, die eine wirksame Hilfe f\u00fcr die Bev\u00f6lkerung in den L\u00e4ndern des Globalen S\u00fcdens bedeuten.<\/p>\n<p>Dies geschieht durch:<\/p>\n<p>a) finanzielle und materielle Unterst\u00fctzung von gemeinn\u00fctzigen, sozial-integrativen, genossenschaftlichen oder \u00e4hnlichen Initiativen.<\/p>\n<p>b) durch F\u00f6rderung von Aktivit\u00e4ten, die ein Bewusstsein f\u00fcr die Zusammenh\u00e4nge zwischen dem Globalen Norden und dem Globalen S\u00fcden in unserer Bev\u00f6lkerung bilden.<br \/>\nc) F\u00f6rderung der internationalen Verst\u00e4ndigung und Toleranz gegen\u00fcber anderen Rassen und Kulturen.<\/p>\n<p><strong>\u00a7 4 GEMEINN\u00dcTZIGKEIT<\/strong><br \/>\n(1) Der Verein ist selbstlos t\u00e4tig. Er verfolgt in der Durchf\u00fchrung des \u00a7 3 ausschlie\u00dflich und unmittelbar gemeinn\u00fctzige Zwecke im Sinne des Abschnitts \u201eSteuerbeg\u00fcnstigte Zwecke\u201c der Abgabenordnung und nicht in erster Linie eigenwirtschaftliche Zwecke.<br \/>\n(2) Die Mitglieder erhalten keine Gewinnanteile und in ihrer Eigenschaft als Mitglieder auch keine sonstigen Zuwendungen aus Mitteln des Vereins. Bei ihrem Ausscheiden oder bei Aufl\u00f6sung oder Aufhebung des Vereins haben sie keinerlei Anspruch auf das Vereinsverm\u00f6gen.<br \/>\n(3) Der Verein darf keine Person durch Ausgaben, die den Zwecken des Vereins fremd sind, oder durch unverh\u00e4ltnism\u00e4\u00dfig hohe Verg\u00fctungen beg\u00fcnstigen.<br \/>\n(4) Mittel des Vereins d\u00fcrfen nur f\u00fcr die satzungsm\u00e4\u00dfigen Zwecke verwendet werden.<\/p>\n<p><strong>\u00a7 5 MITGLIEDSCHAFT<\/strong><br \/>\n(1) Mitglieder k\u00f6nnen nat\u00fcrliche Personen werden, die den Zwecken des Vereins im Sinne des \u00a7 3 zustimmen und eine schriftliche Beitrittserkl\u00e4rung einreichen.<br \/>\n(2) Die Mitgliedschaft entsteht durch Eintritt in den Verein, die Beitrittserkl\u00e4rung ist in schriftlicher Form abzugeben. \u00dcber die Aufnahme entscheidet der Vorstand. Ein Aufnahmeanspruch besteht nicht. Durch die Beitrittserkl\u00e4rung stimmt der Beitretende der Satzung zu.<br \/>\n(3) Die Mitgliedschaft endet au\u00dfer durch Tod,<br \/>\na) durch eine schriftliche Austrittserkl\u00e4rung.<br \/>\nb) durch Ausschluss der Mitgliederversammlung; erforderlich ist dazu eine 2\/3 Mehrheit der abgegebenen Stimmen.<br \/>\nc) durch Streichung bei zweij\u00e4hrigem Beitragsr\u00fcckstand.<br \/>\nd) durch Ausschluss bei T\u00e4tigkeiten eines Mitgliedes innerhalb des Vereins, die nicht \u00a7 3<br \/>\nentsprechen.<\/p>\n<p><strong>\u00a7 6 BEITRAG<\/strong><br \/>\nJedes Mitglied verpflichtet sich zur Zahlung eines Jahresbeitrages. Die Mindestbeitragsh\u00f6he wird von der Mitgliederversammlung festgelegt.<\/p>\n<p><strong>\u00a7 7 ORGANE<\/strong><br \/>\nDie Organe des Vereins sind<br \/>\n(1) die Mitgliederversammlung<br \/>\n(2)\u00a0der Vorstand.<\/p>\n<p><strong>\u00a7 8 MITGLIEDERVERSAMMLUNG<\/strong><br \/>\nOberstes Organ des Vereins ist die Mitgliederversammlung.<br \/>\n(1) Aufgaben der Mitgliederversammlung sind<br \/>\na) Festlegung der Richtlinien f\u00fcr die T\u00e4tigkeit des Vereins gem\u00e4\u00df \u00a7 3<br \/>\nb) Wahl und Entlastung bzw. Abwahl des Vorstands sowie Wahl des Kassenpr\u00fcfers\/der Kassenpr\u00fcferin<br \/>\nc) Kenntnisnahme des Gesch\u00e4fts- und Kassenberichtes<br \/>\nd) Satzungs\u00e4nderungen<br \/>\ne) Entscheidung \u00fcber den Ausschluss von Mitgliedern<br \/>\nf) Entscheidung \u00fcber die Streichung von Mitgliedern<br \/>\ng) Festsetzung der Mindesth\u00f6he des Jahresbeitrages<br \/>\nh) Aufl\u00f6sung des Vereins gem\u00e4\u00df \u00a7 11.<br \/>\n(2) Einberufung und Beschlussf\u00e4higkeit der Mitgliederversammlung<br \/>\na) Die Mitgliederversammlung findet einmal pro Jahr statt.<br \/>\nb) Zur Mitgliederversammlung wird vom Vorstand schriftlich oder elektronisch (E-Mail) mindestens 2 Wochen vor dem Termin unter Angabe der Tagesordnung eingeladen.<br \/>\nc) Die Mitgliederversammlung ist beschlussf\u00e4hig, wenn zu ihr ordnungsgem\u00e4\u00df eingeladen wurde.<br \/>\nd) Beschl\u00fcsse werden \u2013 falls nicht anders vorgesehen \u2013 mit einfacher Stimmenmehrheit gefasst und protokolliert. Das Protokoll ist von einem Mitglied des Vorstandes und vom Schriftf\u00fchrer zu unterzeichnen.<br \/>\ne) Auf Antrag von 25 % der Mitglieder muss eine au\u00dferordentliche Mitgliederversammlung einberufen werden.<br \/>\nf) Ist eine Mitgliederversammlung nicht beschlussf\u00e4hig, ist eine neue Mitgliederversammlung mit derselben Tagesordnung fr\u00fchestens nach zwei und sp\u00e4testens nach vier Wochen einzuberufen und abzuhalten. Diese ist dann in jedem Fall beschlussf\u00e4hig.<br \/>\ng) Jedes Mitglied hat eine Stimme.<br \/>\nh) Eine Vertretung im Stimmrecht ist nicht zul\u00e4ssig.<\/p>\n<p><strong>\u00a7 9 VORSTAND<\/strong><br \/>\n(1) Zusammensetzung und Aufgaben<br \/>\na) Der Vorstand besteht aus zwei gleichberechtigten Vorsitzenden und dem\/der Kassier\/in.<br \/>\nb) Der Vorstand ist an die Beschl\u00fcsse der Mitgliederversammlung gebunden und f\u00fchrt die laufenden Gesch\u00e4fte.<br \/>\nc) Die Vorstandsvorsitzenden vertreten den Verein gerichtlich und au\u00dfergerichtlich. Beide Vorstandsvorsitzende haben Einzelvertretungsbefugnis.<br \/>\nd) Der Vorstand hat jeder Mitgliederversammlung \u00fcber seine T\u00e4tigkeit seit der vorausgegangen Mitgliederversammlung Rechenschaft abzulegen.<br \/>\n(2) Wahlen und Amtszeit<br \/>\na) Die Vorstandsmitglieder werden f\u00fcr die Dauer von zwei Jahren gew\u00e4hlt. Sie bleiben nach ihrer Amtszeit bis zur Neuwahl im Amt. Wiederwahl ist m\u00f6glich.<br \/>\nb) Die Vorstandsmitglieder sind mit einfacher Mehrheit der anwesenden Mitglieder zu w\u00e4hlen.<br \/>\nc) Abwahl kann nur aus wichtigem Grund mit 2\/3 der Stimmen der anwesenden Mitglieder erfolgen.<\/p>\n<p><strong>\u00a7 10 SATZUNGS\u00c4NDERUNG<\/strong><br \/>\n(1) Antr\u00e4ge auf \u00c4nderung der Satzung sind schriftlich an den Vorstand einzureichen.<br \/>\n(2) Satzungs\u00e4nderungsantr\u00e4ge m\u00fcssen mit der Einladung zur Mitgliederversammlung allen Mitgliedern bekanntgegeben werden.<br \/>\n(3) F\u00fcr die Satzungs\u00e4nderung ist eine 2\/3 Mehrheit der anwesenden Mitglieder erforderlich.<\/p>\n<p><strong>\u00a7 11 AUFL\u00d6SUNG<\/strong><br \/>\n(1) Eine Aufl\u00f6sung des Vereins bedarf einer 2\/3 Mehrheit aller Mitglieder.<br \/>\n(2) Bei Aufl\u00f6sung oder Aufhebung des Vereins oder bei Wegfall seines bisherigen Zweckes f\u00e4llt das Vereinsverm\u00f6gen zu gleichen Teilen an<br \/>\na) die Evangelische Kirche zugunsten der Aktion \u201eBrot f\u00fcr die Welt\u201c,<br \/>\nb) die Katholische Kirche zugunsten des Bisch\u00f6flichen Hilfswerkes \u201eMisereor\u201c,<br \/>\nc) den Weltladen-Dachverband e.V.,<br \/>\ndie es unmittelbar und ausschlie\u00dflich f\u00fcr gemeinn\u00fctzige Zwecke im Sinne des \u00a7 3 der Satzung zu verwenden haben.<\/p>\n<\/div>\n<\/div>\n<p>[\/vc_column_text][\/vc_column][\/vc_row]<\/p>\n<\/div>","protected":false},"excerpt":{"rendered":"<p>[vc_row][vc_column][\/vc_column][\/vc_row][vc_row][vc_column][vc_empty_space][vc_column_text] Satzung des Vereins &#8222;Arbeitskreis Eine Welt Buchloe e.V.&#8220; [\/vc_column_text][vc_column_text] SATZUNG \u00a7 1 NAME Der Verein f\u00fchrt nach Eintragung in das Vereinsregister den Namen \u201eArbeitskreis Eine Welt Buchloe e. V.\u201c \u00a7 2 SITZ UND GESCH\u00c4FTSJAHR (1) Sitz der Vereins ist Buchloe. (2) Das Gesch\u00e4ftsjahr ist das Kalenderjahr. \u00a7 3 ZWECK (1) Aufgabe und Ziel des&hellip;<\/p>\n","protected":false},"author":277,"featured_media":0,"parent":0,"menu_order":7,"comment_status":"closed","ping_status":"closed","template":"","meta":{"footnotes":""},"class_list":["post-1018","page","type-page","status-publish","hentry","description-off"],"yoast_head":"<!-- This site is optimized with the Yoast SEO plugin v26.8 - https:\/\/yoast.com\/product\/yoast-seo-wordpress\/ -->\n<title>Satzung - Weltladen Buchloe<\/title>\n<meta name=\"robots\" content=\"index, follow, max-snippet:-1, max-image-preview:large, max-video-preview:-1\" \/>\n<link rel=\"canonical\" href=\"https:\/\/weltlaeden.de\/buchloe\/satzung\/\" \/>\n<meta property=\"og:locale\" content=\"de_DE\" \/>\n<meta property=\"og:type\" content=\"article\" \/>\n<meta property=\"og:title\" content=\"Satzung - Weltladen Buchloe\" \/>\n<meta property=\"og:description\" content=\"[vc_row][vc_column][\/vc_column][\/vc_row][vc_row][vc_column][vc_empty_space][vc_column_text] Satzung des Vereins &#8222;Arbeitskreis Eine Welt Buchloe e.V.&#8220; [\/vc_column_text][vc_column_text] SATZUNG \u00a7 1 NAME Der Verein f\u00fchrt nach Eintragung in das Vereinsregister den Namen \u201eArbeitskreis Eine Welt Buchloe e. V.\u201c \u00a7 2 SITZ UND GESCH\u00c4FTSJAHR (1) Sitz der Vereins ist Buchloe. (2) Das Gesch\u00e4ftsjahr ist das Kalenderjahr. \u00a7 3 ZWECK (1) Aufgabe und Ziel des&hellip;\" \/>\n<meta property=\"og:url\" content=\"https:\/\/weltlaeden.de\/buchloe\/satzung\/\" \/>\n<meta property=\"og:site_name\" content=\"Weltladen Buchloe\" \/>\n<meta property=\"article:modified_time\" content=\"2024-05-21T11:04:23+00:00\" \/>\n<meta name=\"twitter:card\" content=\"summary_large_image\" \/>\n<meta name=\"twitter:label1\" content=\"Gesch\u00e4tzte Lesezeit\" \/>\n\t<meta name=\"twitter:data1\" content=\"5\u00a0Minuten\" \/>\n<script type=\"application\/ld+json\" class=\"yoast-schema-graph\">{\"@context\":\"https:\/\/schema.org\",\"@graph\":[{\"@type\":\"WebPage\",\"@id\":\"https:\/\/weltlaeden.de\/buchloe\/satzung\/\",\"url\":\"https:\/\/weltlaeden.de\/buchloe\/satzung\/\",\"name\":\"Satzung - Weltladen Buchloe\",\"isPartOf\":{\"@id\":\"https:\/\/weltlaeden.de\/buchloe\/#website\"},\"datePublished\":\"2023-11-13T14:01:48+00:00\",\"dateModified\":\"2024-05-21T11:04:23+00:00\",\"breadcrumb\":{\"@id\":\"https:\/\/weltlaeden.de\/buchloe\/satzung\/#breadcrumb\"},\"inLanguage\":\"de\",\"potentialAction\":[{\"@type\":\"ReadAction\",\"target\":[\"https:\/\/weltlaeden.de\/buchloe\/satzung\/\"]}]},{\"@type\":\"BreadcrumbList\",\"@id\":\"https:\/\/weltlaeden.de\/buchloe\/satzung\/#breadcrumb\",\"itemListElement\":[{\"@type\":\"ListItem\",\"position\":1,\"name\":\"Startseite\",\"item\":\"https:\/\/weltlaeden.de\/buchloe\/\"},{\"@type\":\"ListItem\",\"position\":2,\"name\":\"Satzung\"}]},{\"@type\":\"WebSite\",\"@id\":\"https:\/\/weltlaeden.de\/buchloe\/#website\",\"url\":\"https:\/\/weltlaeden.de\/buchloe\/\",\"name\":\"Weltladen Buchloe\",\"description\":\"Faire Produkte seit 1990\",\"potentialAction\":[{\"@type\":\"SearchAction\",\"target\":{\"@type\":\"EntryPoint\",\"urlTemplate\":\"https:\/\/weltlaeden.de\/buchloe\/?s={search_term_string}\"},\"query-input\":{\"@type\":\"PropertyValueSpecification\",\"valueRequired\":true,\"valueName\":\"search_term_string\"}}],\"inLanguage\":\"de\"}]}<\/script>\n<!-- \/ Yoast SEO plugin. -->","yoast_head_json":{"title":"Satzung - Weltladen Buchloe","robots":{"index":"index","follow":"follow","max-snippet":"max-snippet:-1","max-image-preview":"max-image-preview:large","max-video-preview":"max-video-preview:-1"},"canonical":"https:\/\/weltlaeden.de\/buchloe\/satzung\/","og_locale":"de_DE","og_type":"article","og_title":"Satzung - Weltladen Buchloe","og_description":"[vc_row][vc_column][\/vc_column][\/vc_row][vc_row][vc_column][vc_empty_space][vc_column_text] Satzung des Vereins &#8222;Arbeitskreis Eine Welt Buchloe e.V.&#8220; [\/vc_column_text][vc_column_text] SATZUNG \u00a7 1 NAME Der Verein f\u00fchrt nach Eintragung in das Vereinsregister den Namen \u201eArbeitskreis Eine Welt Buchloe e. V.\u201c \u00a7 2 SITZ UND GESCH\u00c4FTSJAHR (1) Sitz der Vereins ist Buchloe. (2) Das Gesch\u00e4ftsjahr ist das Kalenderjahr. \u00a7 3 ZWECK (1) Aufgabe und Ziel des&hellip;","og_url":"https:\/\/weltlaeden.de\/buchloe\/satzung\/","og_site_name":"Weltladen Buchloe","article_modified_time":"2024-05-21T11:04:23+00:00","twitter_card":"summary_large_image","twitter_misc":{"Gesch\u00e4tzte Lesezeit":"5\u00a0Minuten"},"schema":{"@context":"https:\/\/schema.org","@graph":[{"@type":"WebPage","@id":"https:\/\/weltlaeden.de\/buchloe\/satzung\/","url":"https:\/\/weltlaeden.de\/buchloe\/satzung\/","name":"Satzung - Weltladen Buchloe","isPartOf":{"@id":"https:\/\/weltlaeden.de\/buchloe\/#website"},"datePublished":"2023-11-13T14:01:48+00:00","dateModified":"2024-05-21T11:04:23+00:00","breadcrumb":{"@id":"https:\/\/weltlaeden.de\/buchloe\/satzung\/#breadcrumb"},"inLanguage":"de","potentialAction":[{"@type":"ReadAction","target":["https:\/\/weltlaeden.de\/buchloe\/satzung\/"]}]},{"@type":"BreadcrumbList","@id":"https:\/\/weltlaeden.de\/buchloe\/satzung\/#breadcrumb","itemListElement":[{"@type":"ListItem","position":1,"name":"Startseite","item":"https:\/\/weltlaeden.de\/buchloe\/"},{"@type":"ListItem","position":2,"name":"Satzung"}]},{"@type":"WebSite","@id":"https:\/\/weltlaeden.de\/buchloe\/#website","url":"https:\/\/weltlaeden.de\/buchloe\/","name":"Weltladen Buchloe","description":"Faire Produkte seit 1990","potentialAction":[{"@type":"SearchAction","target":{"@type":"EntryPoint","urlTemplate":"https:\/\/weltlaeden.de\/buchloe\/?s={search_term_string}"},"query-input":{"@type":"PropertyValueSpecification","valueRequired":true,"valueName":"search_term_string"}}],"inLanguage":"de"}]}},"_links":{"self":[{"href":"https:\/\/weltlaeden.de\/buchloe\/wp-json\/wp\/v2\/pages\/1018","targetHints":{"allow":["GET"]}}],"collection":[{"href":"https:\/\/weltlaeden.de\/buchloe\/wp-json\/wp\/v2\/pages"}],"about":[{"href":"https:\/\/weltlaeden.de\/buchloe\/wp-json\/wp\/v2\/types\/page"}],"author":[{"embeddable":true,"href":"https:\/\/weltlaeden.de\/buchloe\/wp-json\/wp\/v2\/users\/277"}],"replies":[{"embeddable":true,"href":"https:\/\/weltlaeden.de\/buchloe\/wp-json\/wp\/v2\/comments?post=1018"}],"version-history":[{"count":6,"href":"https:\/\/weltlaeden.de\/buchloe\/wp-json\/wp\/v2\/pages\/1018\/revisions"}],"predecessor-version":[{"id":1043,"href":"https:\/\/weltlaeden.de\/buchloe\/wp-json\/wp\/v2\/pages\/1018\/revisions\/1043"}],"wp:attachment":[{"href":"https:\/\/weltlaeden.de\/buchloe\/wp-json\/wp\/v2\/media?parent=1018"}],"curies":[{"name":"wp","href":"https:\/\/api.w.org\/{rel}","templated":true}]}}