{"id":700,"date":"2020-12-03T14:31:26","date_gmt":"2020-12-03T13:31:26","guid":{"rendered":"https:\/\/weltlaeden.de\/bruehl\/wohnen-und-deko-2\/"},"modified":"2020-12-03T16:02:17","modified_gmt":"2020-12-03T15:02:17","slug":"wohnen-und-deko-2","status":"publish","type":"page","link":"https:\/\/weltlaeden.de\/bruehl\/wohnen-und-deko-2\/","title":{"rendered":"Schmuck und Accessoires"},"content":{"rendered":"<div class=\"wpb-content-wrapper\"><p>[vc_row][vc_column][vc_column_text]<\/p>\n<h2><strong>Schmuck und Accessoires<\/strong><\/h2>\n<p>Sie finden unserem Laden originelle Halsketten, Armreife, Ohrenh\u00e4nger; aber auch K\u00f6rbe, Taschen und Halst\u00fccher &#8211; sehen Sie hier einige Beispiele. Mehr gibts im Laden \ud83d\ude04[\/vc_column_text][vc_empty_space][\/vc_column][\/vc_row][vc_row][vc_column][vc_media_grid gap=&#8220;10&#8243; grid_id=&#8220;vc_gid:1607007686610-f4b8fa00-de4e-2&#8243; include=&#8220;622,553,529,619,541,545,546,548,539,538,501,537,617,536,531,525,506,505,498,620,500&#8243;][\/vc_column][\/vc_row]<\/p>\n<\/div>","protected":false},"excerpt":{"rendered":"<p>[vc_row][vc_column][vc_column_text] Schmuck und Accessoires Sie finden unserem Laden originelle Halsketten, Armreife, Ohrenh\u00e4nger; aber auch K\u00f6rbe, Taschen und Halst\u00fccher &#8211; sehen Sie hier einige Beispiele. Mehr gibts im Laden \ud83d\ude04[\/vc_column_text][vc_empty_space][\/vc_column][\/vc_row][vc_row][vc_column][vc_media_grid gap=&#8220;10&#8243; grid_id=&#8220;vc_gid:1607007686610-f4b8fa00-de4e-2&#8243; include=&#8220;622,553,529,619,541,545,546,548,539,538,501,537,617,536,531,525,506,505,498,620,500&#8243;][\/vc_column][\/vc_row]<\/p>\n","protected":false},"author":116,"featured_media":0,"parent":0,"menu_order":0,"comment_status":"closed","ping_status":"closed","template":"","meta":{"footnotes":""},"class_list":["post-700","page","type-page","status-publish","hentry","description-off"],"yoast_head":"<!-- This site is optimized with the Yoast SEO plugin v26.8 - https:\/\/yoast.com\/product\/yoast-seo-wordpress\/ -->\n<title>Schmuck und Accessoires - Weltladen Br\u00fchl<\/title>\n<meta name=\"robots\" content=\"index, follow, max-snippet:-1, max-image-preview:large, max-video-preview:-1\" \/>\n<link rel=\"canonical\" href=\"https:\/\/weltlaeden.de\/bruehl\/wohnen-und-deko-2\/\" \/>\n<meta property=\"og:locale\" content=\"de_DE\" \/>\n<meta property=\"og:type\" content=\"article\" \/>\n<meta property=\"og:title\" content=\"Schmuck und Accessoires - Weltladen Br\u00fchl\" \/>\n<meta property=\"og:description\" content=\"[vc_row][vc_column][vc_column_text] Schmuck und Accessoires Sie finden unserem Laden originelle Halsketten, Armreife, Ohrenh\u00e4nger; aber auch K\u00f6rbe, Taschen und Halst\u00fccher &#8211; sehen Sie hier einige Beispiele. Mehr gibts im Laden \ud83d\ude04[\/vc_column_text][vc_empty_space][\/vc_column][\/vc_row][vc_row][vc_column][vc_media_grid gap=&#8220;10&#8243; grid_id=&#8220;vc_gid:1607007686610-f4b8fa00-de4e-2&#8243; include=&#8220;622,553,529,619,541,545,546,548,539,538,501,537,617,536,531,525,506,505,498,620,500&#8243;][\/vc_column][\/vc_row]\" \/>\n<meta property=\"og:url\" content=\"https:\/\/weltlaeden.de\/bruehl\/wohnen-und-deko-2\/\" \/>\n<meta property=\"og:site_name\" content=\"Weltladen Br\u00fchl\" \/>\n<meta property=\"article:modified_time\" content=\"2020-12-03T15:02:17+00:00\" \/>\n<meta name=\"twitter:card\" content=\"summary_large_image\" \/>\n<script type=\"application\/ld+json\" class=\"yoast-schema-graph\">{\"@context\":\"https:\/\/schema.org\",\"@graph\":[{\"@type\":\"WebPage\",\"@id\":\"https:\/\/weltlaeden.de\/bruehl\/wohnen-und-deko-2\/\",\"url\":\"https:\/\/weltlaeden.de\/bruehl\/wohnen-und-deko-2\/\",\"name\":\"Schmuck und Accessoires - Weltladen Br\u00fchl\",\"isPartOf\":{\"@id\":\"https:\/\/weltlaeden.de\/bruehl\/#website\"},\"datePublished\":\"2020-12-03T13:31:26+00:00\",\"dateModified\":\"2020-12-03T15:02:17+00:00\",\"breadcrumb\":{\"@id\":\"https:\/\/weltlaeden.de\/bruehl\/wohnen-und-deko-2\/#breadcrumb\"},\"inLanguage\":\"de\",\"potentialAction\":[{\"@type\":\"ReadAction\",\"target\":[\"https:\/\/weltlaeden.de\/bruehl\/wohnen-und-deko-2\/\"]}]},{\"@type\":\"BreadcrumbList\",\"@id\":\"https:\/\/weltlaeden.de\/bruehl\/wohnen-und-deko-2\/#breadcrumb\",\"itemListElement\":[{\"@type\":\"ListItem\",\"position\":1,\"name\":\"Startseite\",\"item\":\"https:\/\/weltlaeden.de\/bruehl\/\"},{\"@type\":\"ListItem\",\"position\":2,\"name\":\"Schmuck und Accessoires\"}]},{\"@type\":\"WebSite\",\"@id\":\"https:\/\/weltlaeden.de\/bruehl\/#website\",\"url\":\"https:\/\/weltlaeden.de\/bruehl\/\",\"name\":\"Weltladen Br\u00fchl\",\"description\":\"Faire Produkte seit 1993\",\"potentialAction\":[{\"@type\":\"SearchAction\",\"target\":{\"@type\":\"EntryPoint\",\"urlTemplate\":\"https:\/\/weltlaeden.de\/bruehl\/?s={search_term_string}\"},\"query-input\":{\"@type\":\"PropertyValueSpecification\",\"valueRequired\":true,\"valueName\":\"search_term_string\"}}],\"inLanguage\":\"de\"}]}<\/script>\n<!-- \/ Yoast SEO plugin. -->","yoast_head_json":{"title":"Schmuck und Accessoires - Weltladen Br\u00fchl","robots":{"index":"index","follow":"follow","max-snippet":"max-snippet:-1","max-image-preview":"max-image-preview:large","max-video-preview":"max-video-preview:-1"},"canonical":"https:\/\/weltlaeden.de\/bruehl\/wohnen-und-deko-2\/","og_locale":"de_DE","og_type":"article","og_title":"Schmuck und Accessoires - Weltladen Br\u00fchl","og_description":"[vc_row][vc_column][vc_column_text] Schmuck und Accessoires Sie finden unserem Laden originelle Halsketten, Armreife, Ohrenh\u00e4nger; aber auch K\u00f6rbe, Taschen und Halst\u00fccher &#8211; sehen Sie hier einige Beispiele. Mehr gibts im Laden \ud83d\ude04[\/vc_column_text][vc_empty_space][\/vc_column][\/vc_row][vc_row][vc_column][vc_media_grid gap=&#8220;10&#8243; grid_id=&#8220;vc_gid:1607007686610-f4b8fa00-de4e-2&#8243; include=&#8220;622,553,529,619,541,545,546,548,539,538,501,537,617,536,531,525,506,505,498,620,500&#8243;][\/vc_column][\/vc_row]","og_url":"https:\/\/weltlaeden.de\/bruehl\/wohnen-und-deko-2\/","og_site_name":"Weltladen Br\u00fchl","article_modified_time":"2020-12-03T15:02:17+00:00","twitter_card":"summary_large_image","schema":{"@context":"https:\/\/schema.org","@graph":[{"@type":"WebPage","@id":"https:\/\/weltlaeden.de\/bruehl\/wohnen-und-deko-2\/","url":"https:\/\/weltlaeden.de\/bruehl\/wohnen-und-deko-2\/","name":"Schmuck und Accessoires - Weltladen Br\u00fchl","isPartOf":{"@id":"https:\/\/weltlaeden.de\/bruehl\/#website"},"datePublished":"2020-12-03T13:31:26+00:00","dateModified":"2020-12-03T15:02:17+00:00","breadcrumb":{"@id":"https:\/\/weltlaeden.de\/bruehl\/wohnen-und-deko-2\/#breadcrumb"},"inLanguage":"de","potentialAction":[{"@type":"ReadAction","target":["https:\/\/weltlaeden.de\/bruehl\/wohnen-und-deko-2\/"]}]},{"@type":"BreadcrumbList","@id":"https:\/\/weltlaeden.de\/bruehl\/wohnen-und-deko-2\/#breadcrumb","itemListElement":[{"@type":"ListItem","position":1,"name":"Startseite","item":"https:\/\/weltlaeden.de\/bruehl\/"},{"@type":"ListItem","position":2,"name":"Schmuck und Accessoires"}]},{"@type":"WebSite","@id":"https:\/\/weltlaeden.de\/bruehl\/#website","url":"https:\/\/weltlaeden.de\/bruehl\/","name":"Weltladen Br\u00fchl","description":"Faire Produkte seit 1993","potentialAction":[{"@type":"SearchAction","target":{"@type":"EntryPoint","urlTemplate":"https:\/\/weltlaeden.de\/bruehl\/?s={search_term_string}"},"query-input":{"@type":"PropertyValueSpecification","valueRequired":true,"valueName":"search_term_string"}}],"inLanguage":"de"}]}},"_links":{"self":[{"href":"https:\/\/weltlaeden.de\/bruehl\/wp-json\/wp\/v2\/pages\/700","targetHints":{"allow":["GET"]}}],"collection":[{"href":"https:\/\/weltlaeden.de\/bruehl\/wp-json\/wp\/v2\/pages"}],"about":[{"href":"https:\/\/weltlaeden.de\/bruehl\/wp-json\/wp\/v2\/types\/page"}],"author":[{"embeddable":true,"href":"https:\/\/weltlaeden.de\/bruehl\/wp-json\/wp\/v2\/users\/116"}],"replies":[{"embeddable":true,"href":"https:\/\/weltlaeden.de\/bruehl\/wp-json\/wp\/v2\/comments?post=700"}],"version-history":[{"count":4,"href":"https:\/\/weltlaeden.de\/bruehl\/wp-json\/wp\/v2\/pages\/700\/revisions"}],"predecessor-version":[{"id":724,"href":"https:\/\/weltlaeden.de\/bruehl\/wp-json\/wp\/v2\/pages\/700\/revisions\/724"}],"wp:attachment":[{"href":"https:\/\/weltlaeden.de\/bruehl\/wp-json\/wp\/v2\/media?parent=700"}],"curies":[{"name":"wp","href":"https:\/\/api.w.org\/{rel}","templated":true}]}}

<div class="wpb-content-wrapper"><p>[vc_row][vc_column][vc_column_text]</p>
<h2><strong>Schmuck und Accessoires</strong></h2>
<p>Sie finden unserem Laden originelle Halsketten, Armreife, Ohrenhänger; aber auch Körbe, Taschen und Halstücher &#8211; sehen Sie hier einige Beispiele. Mehr gibts im Laden 😄[/vc_column_text][vc_empty_space][/vc_column][/vc_row][vc_row][vc_column][vc_media_grid gap=&#8220;10&#8243; grid_id=&#8220;vc_gid:1607007686610-f4b8fa00-de4e-2&#8243; include=&#8220;622,553,529,619,541,545,546,548,539,538,501,537,617,536,531,525,506,505,498,620,500&#8243;][/vc_column][/vc_row]</p>
</div>

<p>[vc_row][vc_column][vc_column_text] Schmuck und Accessoires Sie finden unserem Laden originelle Halsketten, Armreife, Ohrenhänger; aber auch Körbe, Taschen und Halstücher &#8211; sehen Sie hier einige Beispiele. Mehr gibts im Laden 😄[/vc_column_text][vc_empty_space][/vc_column][/vc_row][vc_row][vc_column][vc_media_grid gap=&#8220;10&#8243; grid_id=&#8220;vc_gid:1607007686610-f4b8fa00-de4e-2&#8243; include=&#8220;622,553,529,619,541,545,546,548,539,538,501,537,617,536,531,525,506,505,498,620,500&#8243;][/vc_column][/vc_row]</p>

<!-- This site is optimized with the Yoast SEO plugin v26.8 - https://yoast.com/product/yoast-seo-wordpress/ -->
<title>Schmuck und Accessoires - Weltladen Brühl</title>
<meta name="robots" content="index, follow, max-snippet:-1, max-image-preview:large, max-video-preview:-1" />
<link rel="canonical" href="https://weltlaeden.de/bruehl/wohnen-und-deko-2/" />
<meta property="og:locale" content="de_DE" />
<meta property="og:type" content="article" />
<meta property="og:title" content="Schmuck und Accessoires - Weltladen Brühl" />
<meta property="og:description" content="[vc_row][vc_column][vc_column_text] Schmuck und Accessoires Sie finden unserem Laden originelle Halsketten, Armreife, Ohrenhänger; aber auch Körbe, Taschen und Halstücher &#8211; sehen Sie hier einige Beispiele. Mehr gibts im Laden 😄[/vc_column_text][vc_empty_space][/vc_column][/vc_row][vc_row][vc_column][vc_media_grid gap=&#8220;10&#8243; grid_id=&#8220;vc_gid:1607007686610-f4b8fa00-de4e-2&#8243; include=&#8220;622,553,529,619,541,545,546,548,539,538,501,537,617,536,531,525,506,505,498,620,500&#8243;][/vc_column][/vc_row]" />
<meta property="og:url" content="https://weltlaeden.de/bruehl/wohnen-und-deko-2/" />
<meta property="og:site_name" content="Weltladen Brühl" />
<meta property="article:modified_time" content="2020-12-03T15:02:17+00:00" />
<meta name="twitter:card" content="summary_large_image" />
<script type="application/ld+json" class="yoast-schema-graph">{"@context":"https://schema.org","@graph":[{"@type":"WebPage","@id":"https://weltlaeden.de/bruehl/wohnen-und-deko-2/","url":"https://weltlaeden.de/bruehl/wohnen-und-deko-2/","name":"Schmuck und Accessoires - Weltladen Brühl","isPartOf":{"@id":"https://weltlaeden.de/bruehl/#website"},"datePublished":"2020-12-03T13:31:26+00:00","dateModified":"2020-12-03T15:02:17+00:00","breadcrumb":{"@id":"https://weltlaeden.de/bruehl/wohnen-und-deko-2/#breadcrumb"},"inLanguage":"de","potentialAction":[{"@type":"ReadAction","target":["https://weltlaeden.de/bruehl/wohnen-und-deko-2/"]}]},{"@type":"BreadcrumbList","@id":"https://weltlaeden.de/bruehl/wohnen-und-deko-2/#breadcrumb","itemListElement":[{"@type":"ListItem","position":1,"name":"Startseite","item":"https://weltlaeden.de/bruehl/"},{"@type":"ListItem","position":2,"name":"Schmuck und Accessoires"}]},{"@type":"WebSite","@id":"https://weltlaeden.de/bruehl/#website","url":"https://weltlaeden.de/bruehl/","name":"Weltladen Brühl","description":"Faire Produkte seit 1993","potentialAction":[{"@type":"SearchAction","target":{"@type":"EntryPoint","urlTemplate":"https://weltlaeden.de/bruehl/?s={search_term_string}"},"query-input":{"@type":"PropertyValueSpecification","valueRequired":true,"valueName":"search_term_string"}}],"inLanguage":"de"}]}</script>
<!-- / Yoast SEO plugin. -->

Schmuck und Accessoires - Weltladen Brühl

[vc_row][vc_column][vc_column_text] Schmuck und Accessoires Sie finden unserem Laden originelle Halsketten, Armreife, Ohrenhänger; aber auch Körbe, Taschen und Halstücher &#8211; sehen Sie hier einige Beispiele. Mehr gibts im Laden 😄[/vc_column_text][vc_empty_space][/vc_column][/vc_row][vc_row][vc_column][vc_media_grid gap=&#8220;10&#8243; grid_id=&#8220;vc_gid:1607007686610-f4b8fa00-de4e-2&#8243; include=&#8220;622,553,529,619,541,545,546,548,539,538,501,537,617,536,531,525,506,505,498,620,500&#8243;][/vc_column][/vc_row]

Weltladen Brühl
