{"id":1356,"date":"2019-03-10T13:13:22","date_gmt":"2019-03-10T12:13:36","guid":{"rendered":"https:\/\/weltlaeden.de\/bremerhaven\/?page_id=1356"},"modified":"2024-04-08T13:44:30","modified_gmt":"2024-04-08T11:44:30","slug":"spendenprojekte","status":"publish","type":"page","link":"https:\/\/weltlaeden.de\/bremerhaven\/ueber-uns\/spendenprojekte\/","title":{"rendered":"Spendenprojekte"},"content":{"rendered":"<div class=\"wpb-content-wrapper\"><p>[vc_row][vc_column width=&#8220;1\/2&#8243;][vc_column_text]<\/p>\n<h2 style=\"text-align: left\"><strong>Verein f\u00fcr gerechteren Welthandel e. V.<\/strong><\/h2>\n<p style=\"text-align: left\"><strong>Satzungsgem\u00e4\u00df ging die Jahresspende des Vereins 2021 an die<\/strong> <a href=\"https:\/\/www.wasserstiftung.de\/\" target=\"_blank\" rel=\"noopener\"><strong>&#8222;Wasserstiftung&#8220; &#8211; WaterFoundation<\/strong><\/a>.<\/p>\n<section class=\"elementor-element elementor-element-23a08f4 elementor-section-boxed elementor-section-height-default elementor-section-height-default elementor-section elementor-top-section\">\n<div class=\"elementor-container elementor-column-gap-default\">\n<div class=\"elementor-row\">\n<div class=\"elementor-element elementor-element-4b9e741 elementor-column elementor-col-100 elementor-top-column\">\n<div class=\"elementor-column-wrap elementor-element-populated\">\n<div class=\"elementor-widget-wrap\">\n<div class=\"elementor-element elementor-element-dd7d6c7 elementor-widget elementor-widget-text-editor\">\n<div class=\"elementor-widget-container\">\n<div class=\"elementor-text-editor elementor-clearfix\">\n<p style=\"text-align: left\"><a href=\"https:\/\/www.youtube.com\/watch?v=CXniDSGcSyw\" target=\"_blank\" rel=\"noopener\"><strong><span style=\"color: #99cc00\">Wasser f\u00fcr ALLE!<\/span><\/strong><\/a>\u00a0\u00a0 Der 2007 produzierte Film stellt die im Jahr 2000 gegr\u00fcndete WasserStiftung, ihre Ziele und ihre ersten Wasserprojekte vor.<\/p>\n<div id=\"attachment_1442\" style=\"width: 189px\" class=\"wp-caption aligncenter\"><img loading=\"lazy\" decoding=\"async\" aria-describedby=\"caption-attachment-1442\" class=\" wp-image-1442\" src=\"https:\/\/weltlaeden.de\/bremerhaven\/wp-content\/uploads\/sites\/33\/2019\/03\/Esel-als-Wassertraeger-300x225.jpg\" alt=\"\" width=\"179\" height=\"134\" \/><p id=\"caption-attachment-1442\" class=\"wp-caption-text\">Esel als Wassertr\u00e4ger<\/p><\/div>\n<\/div>\n<\/div>\n<\/div>\n<div class=\"elementor-element elementor-element-dd7d6c7 elementor-widget elementor-widget-text-editor\">\n<div class=\"elementor-widget-container\">\n<div id=\"attachment_1453\" style=\"width: 310px\" class=\"wp-caption aligncenter\"><img loading=\"lazy\" decoding=\"async\" aria-describedby=\"caption-attachment-1453\" class=\"wp-image-1453 size-medium\" src=\"https:\/\/weltlaeden.de\/bremerhaven\/wp-content\/uploads\/sites\/33\/2019\/03\/Wasserstiftung-300x90.png\" alt=\"\" width=\"300\" height=\"90\" \/><p id=\"caption-attachment-1453\" class=\"wp-caption-text\">CloudFisher<\/p><\/div>\n<div class=\"elementor-text-editor elementor-clearfix\" style=\"text-align: center\">\n<h2 style=\"text-align: left\"><strong>Wasser ist Leben.<\/strong><br \/>\n<strong>Ohne Wasser kein Leben.<\/strong><\/h2>\n<hr \/>\n<p>&nbsp;<\/p>\n<\/div>\n<\/div>\n<\/div>\n<\/div>\n<\/div>\n<\/div>\n<\/div>\n<\/div>\n<\/section>\n<p>[\/vc_column_text][\/vc_column][vc_column width=&#8220;1\/2&#8243;][vc_column_text]<\/p>\n<h2><strong>Tr\u00e4gerverein Weltladen Bremerhaven<\/strong><\/h2>\n<p><strong>Satzungsgem\u00e4\u00df ging die Jahresspende des Tr\u00e4gervereins 2021 an die <\/strong><strong><a href=\"https:\/\/stiftung-solarenergie.de\/\" target=\"_blank\" rel=\"noopener\">&#8222;Stiftung Solarenergie&#8220;<\/a><\/strong>.<\/p>\n<p><a href=\"https:\/\/www.youtube.com\/watch?v=5CxmzFqmpgE\" target=\"_blank\" rel=\"noopener\"><strong><span style=\"color: #800080\">Deutscher Solarpreis 2017: Stiftung Solarenergie<\/span><\/strong><\/a><\/p>\n<div id=\"attachment_1448\" style=\"width: 249px\" class=\"wp-caption aligncenter\"><img loading=\"lazy\" decoding=\"async\" aria-describedby=\"caption-attachment-1448\" class=\"wp-image-1448\" src=\"https:\/\/weltlaeden.de\/bremerhaven\/wp-content\/uploads\/sites\/33\/2019\/03\/csm_Wasserpumpe_mit_Kind_a4aca607a8-300x169.jpg\" alt=\"\" width=\"239\" height=\"135\" \/><p id=\"caption-attachment-1448\" class=\"wp-caption-text\"><a href=\"http:\/\/stiftung-solarenergie.de\/was-wir-tun\/solare-wasserpumpen\/\" target=\"_blank\" rel=\"noopener\">Solare Wasserpumpen<\/a><\/p><\/div>\n<div id=\"attachment_1447\" style=\"width: 317px\" class=\"wp-caption alignnone\"><img loading=\"lazy\" decoding=\"async\" aria-describedby=\"caption-attachment-1447\" class=\"wp-image-1447\" src=\"https:\/\/weltlaeden.de\/bremerhaven\/wp-content\/uploads\/sites\/33\/2019\/03\/csm_IMG_0545-Ausschnitt_8a04bfb45f-300x132.jpg\" alt=\"\" width=\"307\" height=\"135\" \/><p id=\"caption-attachment-1447\" class=\"wp-caption-text\">Solard\u00f6rfer<\/p><\/div>\n<h2 style=\"text-align: center\"><strong>Wir schalten das Licht an.<\/strong><\/h2>\n<hr \/>\n<p>[\/vc_column_text][\/vc_column][\/vc_row]<\/p>\n<\/div>","protected":false},"excerpt":{"rendered":"<p>[vc_row][vc_column width=&#8220;1\/2&#8243;][vc_column_text] Verein f\u00fcr gerechteren Welthandel e. V. Satzungsgem\u00e4\u00df ging die Jahresspende des Vereins 2021 an die &#8222;Wasserstiftung&#8220; &#8211; WaterFoundation. Wasser f\u00fcr ALLE!\u00a0\u00a0 Der 2007 produzierte Film stellt die im Jahr 2000 gegr\u00fcndete WasserStiftung, ihre Ziele und ihre ersten Wasserprojekte vor. Wasser ist Leben. Ohne Wasser kein Leben. &nbsp; [\/vc_column_text][\/vc_column][vc_column width=&#8220;1\/2&#8243;][vc_column_text] Tr\u00e4gerverein Weltladen Bremerhaven Satzungsgem\u00e4\u00df&hellip;<\/p>\n","protected":false},"author":55,"featured_media":0,"parent":219,"menu_order":18,"comment_status":"closed","ping_status":"closed","template":"","meta":{"footnotes":""},"class_list":["post-1356","page","type-page","status-publish","hentry","description-off"],"yoast_head":"<!-- This site is optimized with the Yoast SEO plugin v26.8 - https:\/\/yoast.com\/product\/yoast-seo-wordpress\/ -->\n<title>Spendenprojekte - Weltladen Bremerhaven<\/title>\n<meta name=\"robots\" content=\"index, follow, max-snippet:-1, max-image-preview:large, max-video-preview:-1\" \/>\n<link rel=\"canonical\" href=\"https:\/\/weltlaeden.de\/bremerhaven\/ueber-uns\/spendenprojekte\/\" \/>\n<meta property=\"og:locale\" content=\"de_DE\" \/>\n<meta property=\"og:type\" content=\"article\" \/>\n<meta property=\"og:title\" content=\"Spendenprojekte - Weltladen Bremerhaven\" \/>\n<meta property=\"og:description\" content=\"[vc_row][vc_column width=&#8220;1\/2&#8243;][vc_column_text] Verein f\u00fcr gerechteren Welthandel e. V. Satzungsgem\u00e4\u00df ging die Jahresspende des Vereins 2021 an die &#8222;Wasserstiftung&#8220; &#8211; WaterFoundation. Wasser f\u00fcr ALLE!\u00a0\u00a0 Der 2007 produzierte Film stellt die im Jahr 2000 gegr\u00fcndete WasserStiftung, ihre Ziele und ihre ersten Wasserprojekte vor. Wasser ist Leben. Ohne Wasser kein Leben. &nbsp; [\/vc_column_text][\/vc_column][vc_column width=&#8220;1\/2&#8243;][vc_column_text] Tr\u00e4gerverein Weltladen Bremerhaven Satzungsgem\u00e4\u00df&hellip;\" \/>\n<meta property=\"og:url\" content=\"https:\/\/weltlaeden.de\/bremerhaven\/ueber-uns\/spendenprojekte\/\" \/>\n<meta property=\"og:site_name\" content=\"Weltladen Bremerhaven\" \/>\n<meta property=\"article:modified_time\" content=\"2024-04-08T11:44:30+00:00\" \/>\n<meta property=\"og:image\" content=\"https:\/\/weltlaeden.de\/bremerhaven\/wp-content\/uploads\/sites\/33\/2019\/03\/Esel-als-Wassertraeger-300x225.jpg\" \/>\n<meta name=\"twitter:card\" content=\"summary_large_image\" \/>\n<meta name=\"twitter:label1\" content=\"Gesch\u00e4tzte Lesezeit\" \/>\n\t<meta name=\"twitter:data1\" content=\"2\u00a0Minuten\" \/>\n<script type=\"application\/ld+json\" class=\"yoast-schema-graph\">{\"@context\":\"https:\/\/schema.org\",\"@graph\":[{\"@type\":\"WebPage\",\"@id\":\"https:\/\/weltlaeden.de\/bremerhaven\/ueber-uns\/spendenprojekte\/\",\"url\":\"https:\/\/weltlaeden.de\/bremerhaven\/ueber-uns\/spendenprojekte\/\",\"name\":\"Spendenprojekte - Weltladen Bremerhaven\",\"isPartOf\":{\"@id\":\"https:\/\/weltlaeden.de\/bremerhaven\/#website\"},\"primaryImageOfPage\":{\"@id\":\"https:\/\/weltlaeden.de\/bremerhaven\/ueber-uns\/spendenprojekte\/#primaryimage\"},\"image\":{\"@id\":\"https:\/\/weltlaeden.de\/bremerhaven\/ueber-uns\/spendenprojekte\/#primaryimage\"},\"thumbnailUrl\":\"https:\/\/weltlaeden.de\/bremerhaven\/wp-content\/uploads\/sites\/33\/2019\/03\/Esel-als-Wassertraeger-300x225.jpg\",\"datePublished\":\"2019-03-10T12:13:36+00:00\",\"dateModified\":\"2024-04-08T11:44:30+00:00\",\"breadcrumb\":{\"@id\":\"https:\/\/weltlaeden.de\/bremerhaven\/ueber-uns\/spendenprojekte\/#breadcrumb\"},\"inLanguage\":\"de\",\"potentialAction\":[{\"@type\":\"ReadAction\",\"target\":[\"https:\/\/weltlaeden.de\/bremerhaven\/ueber-uns\/spendenprojekte\/\"]}]},{\"@type\":\"ImageObject\",\"inLanguage\":\"de\",\"@id\":\"https:\/\/weltlaeden.de\/bremerhaven\/ueber-uns\/spendenprojekte\/#primaryimage\",\"url\":\"\",\"contentUrl\":\"\"},{\"@type\":\"BreadcrumbList\",\"@id\":\"https:\/\/weltlaeden.de\/bremerhaven\/ueber-uns\/spendenprojekte\/#breadcrumb\",\"itemListElement\":[{\"@type\":\"ListItem\",\"position\":1,\"name\":\"Startseite\",\"item\":\"https:\/\/weltlaeden.de\/bremerhaven\/\"},{\"@type\":\"ListItem\",\"position\":2,\"name\":\"\u00dcber uns\",\"item\":\"https:\/\/weltlaeden.de\/bremerhaven\/ueber-uns\/\"},{\"@type\":\"ListItem\",\"position\":3,\"name\":\"Spendenprojekte\"}]},{\"@type\":\"WebSite\",\"@id\":\"https:\/\/weltlaeden.de\/bremerhaven\/#website\",\"url\":\"https:\/\/weltlaeden.de\/bremerhaven\/\",\"name\":\"Weltladen Bremerhaven\",\"description\":\"Faire Produkte seit 1990\",\"potentialAction\":[{\"@type\":\"SearchAction\",\"target\":{\"@type\":\"EntryPoint\",\"urlTemplate\":\"https:\/\/weltlaeden.de\/bremerhaven\/?s={search_term_string}\"},\"query-input\":{\"@type\":\"PropertyValueSpecification\",\"valueRequired\":true,\"valueName\":\"search_term_string\"}}],\"inLanguage\":\"de\"}]}<\/script>\n<!-- \/ Yoast SEO plugin. -->","yoast_head_json":{"title":"Spendenprojekte - Weltladen Bremerhaven","robots":{"index":"index","follow":"follow","max-snippet":"max-snippet:-1","max-image-preview":"max-image-preview:large","max-video-preview":"max-video-preview:-1"},"canonical":"https:\/\/weltlaeden.de\/bremerhaven\/ueber-uns\/spendenprojekte\/","og_locale":"de_DE","og_type":"article","og_title":"Spendenprojekte - Weltladen Bremerhaven","og_description":"[vc_row][vc_column width=&#8220;1\/2&#8243;][vc_column_text] Verein f\u00fcr gerechteren Welthandel e. V. Satzungsgem\u00e4\u00df ging die Jahresspende des Vereins 2021 an die &#8222;Wasserstiftung&#8220; &#8211; WaterFoundation. Wasser f\u00fcr ALLE!\u00a0\u00a0 Der 2007 produzierte Film stellt die im Jahr 2000 gegr\u00fcndete WasserStiftung, ihre Ziele und ihre ersten Wasserprojekte vor. Wasser ist Leben. Ohne Wasser kein Leben. &nbsp; [\/vc_column_text][\/vc_column][vc_column width=&#8220;1\/2&#8243;][vc_column_text] Tr\u00e4gerverein Weltladen Bremerhaven Satzungsgem\u00e4\u00df&hellip;","og_url":"https:\/\/weltlaeden.de\/bremerhaven\/ueber-uns\/spendenprojekte\/","og_site_name":"Weltladen Bremerhaven","article_modified_time":"2024-04-08T11:44:30+00:00","og_image":[{"url":"https:\/\/weltlaeden.de\/bremerhaven\/wp-content\/uploads\/sites\/33\/2019\/03\/Esel-als-Wassertraeger-300x225.jpg","type":"","width":"","height":""}],"twitter_card":"summary_large_image","twitter_misc":{"Gesch\u00e4tzte Lesezeit":"2\u00a0Minuten"},"schema":{"@context":"https:\/\/schema.org","@graph":[{"@type":"WebPage","@id":"https:\/\/weltlaeden.de\/bremerhaven\/ueber-uns\/spendenprojekte\/","url":"https:\/\/weltlaeden.de\/bremerhaven\/ueber-uns\/spendenprojekte\/","name":"Spendenprojekte - Weltladen Bremerhaven","isPartOf":{"@id":"https:\/\/weltlaeden.de\/bremerhaven\/#website"},"primaryImageOfPage":{"@id":"https:\/\/weltlaeden.de\/bremerhaven\/ueber-uns\/spendenprojekte\/#primaryimage"},"image":{"@id":"https:\/\/weltlaeden.de\/bremerhaven\/ueber-uns\/spendenprojekte\/#primaryimage"},"thumbnailUrl":"https:\/\/weltlaeden.de\/bremerhaven\/wp-content\/uploads\/sites\/33\/2019\/03\/Esel-als-Wassertraeger-300x225.jpg","datePublished":"2019-03-10T12:13:36+00:00","dateModified":"2024-04-08T11:44:30+00:00","breadcrumb":{"@id":"https:\/\/weltlaeden.de\/bremerhaven\/ueber-uns\/spendenprojekte\/#breadcrumb"},"inLanguage":"de","potentialAction":[{"@type":"ReadAction","target":["https:\/\/weltlaeden.de\/bremerhaven\/ueber-uns\/spendenprojekte\/"]}]},{"@type":"ImageObject","inLanguage":"de","@id":"https:\/\/weltlaeden.de\/bremerhaven\/ueber-uns\/spendenprojekte\/#primaryimage","url":"","contentUrl":""},{"@type":"BreadcrumbList","@id":"https:\/\/weltlaeden.de\/bremerhaven\/ueber-uns\/spendenprojekte\/#breadcrumb","itemListElement":[{"@type":"ListItem","position":1,"name":"Startseite","item":"https:\/\/weltlaeden.de\/bremerhaven\/"},{"@type":"ListItem","position":2,"name":"\u00dcber uns","item":"https:\/\/weltlaeden.de\/bremerhaven\/ueber-uns\/"},{"@type":"ListItem","position":3,"name":"Spendenprojekte"}]},{"@type":"WebSite","@id":"https:\/\/weltlaeden.de\/bremerhaven\/#website","url":"https:\/\/weltlaeden.de\/bremerhaven\/","name":"Weltladen Bremerhaven","description":"Faire Produkte seit 1990","potentialAction":[{"@type":"SearchAction","target":{"@type":"EntryPoint","urlTemplate":"https:\/\/weltlaeden.de\/bremerhaven\/?s={search_term_string}"},"query-input":{"@type":"PropertyValueSpecification","valueRequired":true,"valueName":"search_term_string"}}],"inLanguage":"de"}]}},"_links":{"self":[{"href":"https:\/\/weltlaeden.de\/bremerhaven\/wp-json\/wp\/v2\/pages\/1356","targetHints":{"allow":["GET"]}}],"collection":[{"href":"https:\/\/weltlaeden.de\/bremerhaven\/wp-json\/wp\/v2\/pages"}],"about":[{"href":"https:\/\/weltlaeden.de\/bremerhaven\/wp-json\/wp\/v2\/types\/page"}],"author":[{"embeddable":true,"href":"https:\/\/weltlaeden.de\/bremerhaven\/wp-json\/wp\/v2\/users\/55"}],"replies":[{"embeddable":true,"href":"https:\/\/weltlaeden.de\/bremerhaven\/wp-json\/wp\/v2\/comments?post=1356"}],"version-history":[{"count":28,"href":"https:\/\/weltlaeden.de\/bremerhaven\/wp-json\/wp\/v2\/pages\/1356\/revisions"}],"predecessor-version":[{"id":1359,"href":"https:\/\/weltlaeden.de\/bremerhaven\/wp-json\/wp\/v2\/pages\/1356\/revisions\/1359"}],"up":[{"embeddable":true,"href":"https:\/\/weltlaeden.de\/bremerhaven\/wp-json\/wp\/v2\/pages\/219"}],"wp:attachment":[{"href":"https:\/\/weltlaeden.de\/bremerhaven\/wp-json\/wp\/v2\/media?parent=1356"}],"curies":[{"name":"wp","href":"https:\/\/api.w.org\/{rel}","templated":true}]}}