{"id":218,"date":"2016-10-28T13:34:47","date_gmt":"2016-10-28T11:34:47","guid":{"rendered":"https:\/\/wl.heimpixel.de\/vorlage\/fairer-handel\/"},"modified":"2020-11-24T15:21:58","modified_gmt":"2020-11-24T14:21:58","slug":"fairer-handel","status":"publish","type":"page","link":"https:\/\/weltlaeden.de\/bremen\/fairer-handel\/","title":{"rendered":"Fairer Handel"},"content":{"rendered":"<div class=\"wpb-content-wrapper\"><p>[vc_row][vc_column]<div class=\"wl_einzelbild\"><p><img loading=\"lazy\" decoding=\"async\" class=\"alignnone wp-image-560 size-full\" src=\"https:\/\/weltlaeden.de\/bremen\/wp-content\/uploads\/sites\/92\/2019\/06\/Tour-de-Fair-2016-Ausschnitt.jpg\" alt=\"\" width=\"787\" height=\"340\" srcset=\"https:\/\/weltlaeden.de\/bremen\/wp-content\/uploads\/sites\/92\/2019\/06\/Tour-de-Fair-2016-Ausschnitt.jpg 787w, https:\/\/weltlaeden.de\/bremen\/wp-content\/uploads\/sites\/92\/2019\/06\/Tour-de-Fair-2016-Ausschnitt-300x130.jpg 300w, https:\/\/weltlaeden.de\/bremen\/wp-content\/uploads\/sites\/92\/2019\/06\/Tour-de-Fair-2016-Ausschnitt-768x332.jpg 768w\" sizes=\"auto, (max-width: 787px) 100vw, 787px\" \/><\/p><\/div>[\/vc_column][\/vc_row][vc_row][vc_column][vc_empty_space height=&#8220;12px&#8220;][vc_column_text]<\/p>\n<h1>Fairer Handel der Weltl\u00e4den<\/h1>\n<p>[\/vc_column_text][vc_column_text]<strong>Weltl\u00e4den <\/strong>sind Teil der internationalen Fairhandels-Bewegung. Weltl\u00e4den und ihre Fair-Handels-Importeure engagieren sich seit 50 Jahren f\u00fcr faire Lebens- und Arbeitsbedingungen weltweit, besonders in den L\u00e4ndern des globalen S\u00fcdens.<\/p>\n<p><strong>Der Faire Handel\u00a0<\/strong>nimmt die Menschen hinter den Produkten\u00a0in den\u00a0Blick, vor allem diejenigen, die am Anfang der Handelskette die Lebensmittel produzieren oder die handwerklichen Artikel herstellen.&#8220;<\/p>\n<p><strong>Die Ziele <\/strong>des\u00a0Fairen Handels sind<\/p>\n<ul>\n<li>menschenw\u00fcrdige und selbstbestimmte Arbeitsbedingungen<\/li>\n<li>Ern\u00e4hrungssouver\u00e4nit\u00e4t<\/li>\n<li>die dauerhafte Sicherung des Einkommens und der Existenz der ProduzentInnen und ihrer Familien<\/li>\n<li>die St\u00e4rkung der Rechte der Frauen, Minderheiten und Kinder<\/li>\n<li>Empowerment und Qualifizierung der ProduzentInnen und Partner-Organisationen<\/li>\n<li>die Erhaltung der nat\u00fcrlichen Ressourcen und der Umwelt<\/li>\n<li>Investitionen in die Zukunft!<\/li>\n<\/ul>\n<p>Verl\u00e4ssliche, direkte Handelsbeziehungen, Transparenz und demokratische Strukturen sind hierbei ein Muss.<\/p>\n<p>Weltl\u00e4den und ihre Fair-Handels-Importeure arbeiten darauf hin, die Strukturen\u00a0des Welthandels gerechter zu gestalten. Daher geh\u00f6rt neben dem <strong>Verkauf<\/strong> fair gehandeltet Produkte auch <strong>\u00d6ffentlichkeits- und Bildungsarbeit<\/strong> sowie die <strong>Teilnahme an politischen Kampagnen<\/strong> von Anfang an zum Selbstverst\u00e4ndnis der Weltl\u00e4den dazu.[\/vc_column_text][vc_empty_space height=&#8220;12px&#8220;][vc_column_text]<\/p>\n<h1>Konvention der Weltl\u00e4den<\/h1>\n<p>[\/vc_column_text][vc_column_text]Wir sind Mitglied im <a href=\"http:\/\/weltladen.de\"><strong>Weltladen-Dachverban<\/strong>d<\/a> und verpflichten uns die <a href=\"https:\/\/www.weltladen.de\/ueber-weltlaeden\/kriterien\/\"><strong>Konvention der Weltl\u00e4den<\/strong><\/a> einzuhalten und nehmen am Monitoring-Verfahren der Weltl\u00e4den teil.<\/p>\n<p>Dazu geh\u00f6rt, dass wir unsere Produkte bei anerkannten Fair-Handels-Importeuren einkaufen, die ihr gesamtes Sortiment fair handeln.\u00a0Diese m\u00fcssen im <a href=\"https:\/\/www.weltladen.de\/produkte-handelspartner\/importeure\/\"><strong>Lieferanten-Katalog der Weltl\u00e4den <\/strong><\/a>gelistet sein.<\/p>\n<p>Die Kriterien und Standards der Weltl\u00e4den und ihrer Fair-Handels-Lieferanten decken sich mit den 10 Prinzipien der <strong><a href=\"http:\/\/www.wfto.com\/\">WFTO (World Fair Trade Organization<\/a>)<\/strong>. Wir lassen uns zus\u00e4tzlich zum Weltladen-Monitoring regelm\u00e4\u00dfig durch ein externes Audit auf die Standards der World Fair Trade Organization \u00fcberpr\u00fcfen.[\/vc_column_text][\/vc_column][\/vc_row][vc_row][vc_column]<div class=\"wl_einzelbild\"><p><img loading=\"lazy\" decoding=\"async\" class=\"alignnone wp-image-757 size-full\" src=\"https:\/\/weltlaeden.de\/bremen\/wp-content\/uploads\/sites\/92\/2019\/08\/csm_WFTO-Kriterien_9e8d442b3f.jpg\" alt=\"\" width=\"720\" height=\"542\" srcset=\"https:\/\/weltlaeden.de\/bremen\/wp-content\/uploads\/sites\/92\/2019\/08\/csm_WFTO-Kriterien_9e8d442b3f.jpg 720w, https:\/\/weltlaeden.de\/bremen\/wp-content\/uploads\/sites\/92\/2019\/08\/csm_WFTO-Kriterien_9e8d442b3f-300x226.jpg 300w\" sizes=\"auto, (max-width: 720px) 100vw, 720px\" \/><\/p><\/div>[vc_column_text][\/vc_column_text][\/vc_column][\/vc_row][vc_row][vc_column][vc_empty_space][vc_column_text][\/vc_column_text][\/vc_column][\/vc_row]<\/p>\n<\/div>","protected":false},"excerpt":{"rendered":"<p>[vc_row][vc_column][\/vc_column][\/vc_row][vc_row][vc_column][vc_empty_space height=&#8220;12px&#8220;][vc_column_text] Fairer Handel der Weltl\u00e4den [\/vc_column_text][vc_column_text]Weltl\u00e4den sind Teil der internationalen Fairhandels-Bewegung. Weltl\u00e4den und ihre Fair-Handels-Importeure engagieren sich seit 50 Jahren f\u00fcr faire Lebens- und Arbeitsbedingungen weltweit, besonders in den L\u00e4ndern des globalen S\u00fcdens. Der Faire Handel\u00a0nimmt die Menschen hinter den Produkten\u00a0in den\u00a0Blick, vor allem diejenigen, die am Anfang der Handelskette die Lebensmittel produzieren oder&hellip;<\/p>\n","protected":false},"author":1,"featured_media":0,"parent":0,"menu_order":2,"comment_status":"closed","ping_status":"closed","template":"","meta":{"footnotes":""},"class_list":["post-218","page","type-page","status-publish","hentry","description-off"],"yoast_head":"<!-- This site is optimized with the Yoast SEO plugin v26.8 - https:\/\/yoast.com\/product\/yoast-seo-wordpress\/ -->\n<title>Fairer Handel - Weltladen Bremen<\/title>\n<meta name=\"robots\" content=\"index, follow, max-snippet:-1, max-image-preview:large, max-video-preview:-1\" \/>\n<link rel=\"canonical\" href=\"https:\/\/weltlaeden.de\/bremen\/fairer-handel\/\" \/>\n<meta property=\"og:locale\" content=\"de_DE\" \/>\n<meta property=\"og:type\" content=\"article\" \/>\n<meta property=\"og:title\" content=\"Fairer Handel - Weltladen Bremen\" \/>\n<meta property=\"og:description\" content=\"[vc_row][vc_column][\/vc_column][\/vc_row][vc_row][vc_column][vc_empty_space height=&#8220;12px&#8220;][vc_column_text] Fairer Handel der Weltl\u00e4den [\/vc_column_text][vc_column_text]Weltl\u00e4den sind Teil der internationalen Fairhandels-Bewegung. Weltl\u00e4den und ihre Fair-Handels-Importeure engagieren sich seit 50 Jahren f\u00fcr faire Lebens- und Arbeitsbedingungen weltweit, besonders in den L\u00e4ndern des globalen S\u00fcdens. Der Faire Handel\u00a0nimmt die Menschen hinter den Produkten\u00a0in den\u00a0Blick, vor allem diejenigen, die am Anfang der Handelskette die Lebensmittel produzieren oder&hellip;\" \/>\n<meta property=\"og:url\" content=\"https:\/\/weltlaeden.de\/bremen\/fairer-handel\/\" \/>\n<meta property=\"og:site_name\" content=\"Weltladen Bremen\" \/>\n<meta property=\"article:modified_time\" content=\"2020-11-24T14:21:58+00:00\" \/>\n<meta property=\"og:image\" content=\"https:\/\/weltlaeden.de\/bremen\/wp-content\/uploads\/sites\/92\/2019\/06\/Tour-de-Fair-2016-Ausschnitt.jpg\" \/>\n<meta name=\"twitter:card\" content=\"summary_large_image\" \/>\n<meta name=\"twitter:label1\" content=\"Gesch\u00e4tzte Lesezeit\" \/>\n\t<meta name=\"twitter:data1\" content=\"2\u00a0Minuten\" \/>\n<script type=\"application\/ld+json\" class=\"yoast-schema-graph\">{\"@context\":\"https:\/\/schema.org\",\"@graph\":[{\"@type\":\"WebPage\",\"@id\":\"https:\/\/weltlaeden.de\/bremen\/fairer-handel\/\",\"url\":\"https:\/\/weltlaeden.de\/bremen\/fairer-handel\/\",\"name\":\"Fairer Handel - Weltladen Bremen\",\"isPartOf\":{\"@id\":\"https:\/\/weltlaeden.de\/bremen\/#website\"},\"primaryImageOfPage\":{\"@id\":\"https:\/\/weltlaeden.de\/bremen\/fairer-handel\/#primaryimage\"},\"image\":{\"@id\":\"https:\/\/weltlaeden.de\/bremen\/fairer-handel\/#primaryimage\"},\"thumbnailUrl\":\"https:\/\/weltlaeden.de\/bremen\/wp-content\/uploads\/sites\/92\/2019\/06\/Tour-de-Fair-2016-Ausschnitt.jpg\",\"datePublished\":\"2016-10-28T11:34:47+00:00\",\"dateModified\":\"2020-11-24T14:21:58+00:00\",\"breadcrumb\":{\"@id\":\"https:\/\/weltlaeden.de\/bremen\/fairer-handel\/#breadcrumb\"},\"inLanguage\":\"de\",\"potentialAction\":[{\"@type\":\"ReadAction\",\"target\":[\"https:\/\/weltlaeden.de\/bremen\/fairer-handel\/\"]}]},{\"@type\":\"ImageObject\",\"inLanguage\":\"de\",\"@id\":\"https:\/\/weltlaeden.de\/bremen\/fairer-handel\/#primaryimage\",\"url\":\"https:\/\/weltlaeden.de\/bremen\/wp-content\/uploads\/sites\/92\/2019\/06\/Tour-de-Fair-2016-Ausschnitt.jpg\",\"contentUrl\":\"https:\/\/weltlaeden.de\/bremen\/wp-content\/uploads\/sites\/92\/2019\/06\/Tour-de-Fair-2016-Ausschnitt.jpg\",\"width\":787,\"height\":340},{\"@type\":\"BreadcrumbList\",\"@id\":\"https:\/\/weltlaeden.de\/bremen\/fairer-handel\/#breadcrumb\",\"itemListElement\":[{\"@type\":\"ListItem\",\"position\":1,\"name\":\"Startseite\",\"item\":\"https:\/\/weltlaeden.de\/bremen\/\"},{\"@type\":\"ListItem\",\"position\":2,\"name\":\"Fairer Handel\"}]},{\"@type\":\"WebSite\",\"@id\":\"https:\/\/weltlaeden.de\/bremen\/#website\",\"url\":\"https:\/\/weltlaeden.de\/bremen\/\",\"name\":\"Weltladen Bremen\",\"description\":\"Die ganze Welt des Fairen Handels im Viertel\",\"potentialAction\":[{\"@type\":\"SearchAction\",\"target\":{\"@type\":\"EntryPoint\",\"urlTemplate\":\"https:\/\/weltlaeden.de\/bremen\/?s={search_term_string}\"},\"query-input\":{\"@type\":\"PropertyValueSpecification\",\"valueRequired\":true,\"valueName\":\"search_term_string\"}}],\"inLanguage\":\"de\"}]}<\/script>\n<!-- \/ Yoast SEO plugin. -->","yoast_head_json":{"title":"Fairer Handel - Weltladen Bremen","robots":{"index":"index","follow":"follow","max-snippet":"max-snippet:-1","max-image-preview":"max-image-preview:large","max-video-preview":"max-video-preview:-1"},"canonical":"https:\/\/weltlaeden.de\/bremen\/fairer-handel\/","og_locale":"de_DE","og_type":"article","og_title":"Fairer Handel - Weltladen Bremen","og_description":"[vc_row][vc_column][\/vc_column][\/vc_row][vc_row][vc_column][vc_empty_space height=&#8220;12px&#8220;][vc_column_text] Fairer Handel der Weltl\u00e4den [\/vc_column_text][vc_column_text]Weltl\u00e4den sind Teil der internationalen Fairhandels-Bewegung. Weltl\u00e4den und ihre Fair-Handels-Importeure engagieren sich seit 50 Jahren f\u00fcr faire Lebens- und Arbeitsbedingungen weltweit, besonders in den L\u00e4ndern des globalen S\u00fcdens. Der Faire Handel\u00a0nimmt die Menschen hinter den Produkten\u00a0in den\u00a0Blick, vor allem diejenigen, die am Anfang der Handelskette die Lebensmittel produzieren oder&hellip;","og_url":"https:\/\/weltlaeden.de\/bremen\/fairer-handel\/","og_site_name":"Weltladen Bremen","article_modified_time":"2020-11-24T14:21:58+00:00","og_image":[{"url":"https:\/\/weltlaeden.de\/bremen\/wp-content\/uploads\/sites\/92\/2019\/06\/Tour-de-Fair-2016-Ausschnitt.jpg","type":"","width":"","height":""}],"twitter_card":"summary_large_image","twitter_misc":{"Gesch\u00e4tzte Lesezeit":"2\u00a0Minuten"},"schema":{"@context":"https:\/\/schema.org","@graph":[{"@type":"WebPage","@id":"https:\/\/weltlaeden.de\/bremen\/fairer-handel\/","url":"https:\/\/weltlaeden.de\/bremen\/fairer-handel\/","name":"Fairer Handel - Weltladen Bremen","isPartOf":{"@id":"https:\/\/weltlaeden.de\/bremen\/#website"},"primaryImageOfPage":{"@id":"https:\/\/weltlaeden.de\/bremen\/fairer-handel\/#primaryimage"},"image":{"@id":"https:\/\/weltlaeden.de\/bremen\/fairer-handel\/#primaryimage"},"thumbnailUrl":"https:\/\/weltlaeden.de\/bremen\/wp-content\/uploads\/sites\/92\/2019\/06\/Tour-de-Fair-2016-Ausschnitt.jpg","datePublished":"2016-10-28T11:34:47+00:00","dateModified":"2020-11-24T14:21:58+00:00","breadcrumb":{"@id":"https:\/\/weltlaeden.de\/bremen\/fairer-handel\/#breadcrumb"},"inLanguage":"de","potentialAction":[{"@type":"ReadAction","target":["https:\/\/weltlaeden.de\/bremen\/fairer-handel\/"]}]},{"@type":"ImageObject","inLanguage":"de","@id":"https:\/\/weltlaeden.de\/bremen\/fairer-handel\/#primaryimage","url":"https:\/\/weltlaeden.de\/bremen\/wp-content\/uploads\/sites\/92\/2019\/06\/Tour-de-Fair-2016-Ausschnitt.jpg","contentUrl":"https:\/\/weltlaeden.de\/bremen\/wp-content\/uploads\/sites\/92\/2019\/06\/Tour-de-Fair-2016-Ausschnitt.jpg","width":787,"height":340},{"@type":"BreadcrumbList","@id":"https:\/\/weltlaeden.de\/bremen\/fairer-handel\/#breadcrumb","itemListElement":[{"@type":"ListItem","position":1,"name":"Startseite","item":"https:\/\/weltlaeden.de\/bremen\/"},{"@type":"ListItem","position":2,"name":"Fairer Handel"}]},{"@type":"WebSite","@id":"https:\/\/weltlaeden.de\/bremen\/#website","url":"https:\/\/weltlaeden.de\/bremen\/","name":"Weltladen Bremen","description":"Die ganze Welt des Fairen Handels im Viertel","potentialAction":[{"@type":"SearchAction","target":{"@type":"EntryPoint","urlTemplate":"https:\/\/weltlaeden.de\/bremen\/?s={search_term_string}"},"query-input":{"@type":"PropertyValueSpecification","valueRequired":true,"valueName":"search_term_string"}}],"inLanguage":"de"}]}},"_links":{"self":[{"href":"https:\/\/weltlaeden.de\/bremen\/wp-json\/wp\/v2\/pages\/218","targetHints":{"allow":["GET"]}}],"collection":[{"href":"https:\/\/weltlaeden.de\/bremen\/wp-json\/wp\/v2\/pages"}],"about":[{"href":"https:\/\/weltlaeden.de\/bremen\/wp-json\/wp\/v2\/types\/page"}],"author":[{"embeddable":true,"href":"https:\/\/weltlaeden.de\/bremen\/wp-json\/wp\/v2\/users\/1"}],"replies":[{"embeddable":true,"href":"https:\/\/weltlaeden.de\/bremen\/wp-json\/wp\/v2\/comments?post=218"}],"version-history":[{"count":47,"href":"https:\/\/weltlaeden.de\/bremen\/wp-json\/wp\/v2\/pages\/218\/revisions"}],"predecessor-version":[{"id":1422,"href":"https:\/\/weltlaeden.de\/bremen\/wp-json\/wp\/v2\/pages\/218\/revisions\/1422"}],"wp:attachment":[{"href":"https:\/\/weltlaeden.de\/bremen\/wp-json\/wp\/v2\/media?parent=218"}],"curies":[{"name":"wp","href":"https:\/\/api.w.org\/{rel}","templated":true}]}}