{"version":"1.0","provider_name":"Weltladen Bremen","provider_url":"https:\/\/weltlaeden.de\/bremen","title":"Weltladentag 2024 - Weltladen Bremen","type":"rich","width":600,"height":338,"html":"<blockquote class=\"wp-embedded-content\" data-secret=\"xoyTqw0r4b\"><a href=\"https:\/\/weltlaeden.de\/bremen\/weltladentag-2024\/\">Weltladentag 2024<\/a><\/blockquote><iframe sandbox=\"allow-scripts\" security=\"restricted\" src=\"https:\/\/weltlaeden.de\/bremen\/weltladentag-2024\/embed\/#?secret=xoyTqw0r4b\" width=\"600\" height=\"338\" title=\"&#8222;Weltladentag 2024&#8220; &#8211; Weltladen Bremen\" data-secret=\"xoyTqw0r4b\" frameborder=\"0\" marginwidth=\"0\" marginheight=\"0\" scrolling=\"no\" class=\"wp-embedded-content\"><\/iframe><script>\n\/*! This file is auto-generated *\/\n!function(d,l){\"use strict\";l.querySelector&&d.addEventListener&&\"undefined\"!=typeof URL&&(d.wp=d.wp||{},d.wp.receiveEmbedMessage||(d.wp.receiveEmbedMessage=function(e){var t=e.data;if((t||t.secret||t.message||t.value)&&!\/[^a-zA-Z0-9]\/.test(t.secret)){for(var s,r,n,a=l.querySelectorAll('iframe[data-secret=\"'+t.secret+'\"]'),o=l.querySelectorAll('blockquote[data-secret=\"'+t.secret+'\"]'),c=new RegExp(\"^https?:$\",\"i\"),i=0;i<o.length;i++)o[i].style.display=\"none\";for(i=0;i<a.length;i++)s=a[i],e.source===s.contentWindow&&(s.removeAttribute(\"style\"),\"height\"===t.message?(1e3<(r=parseInt(t.value,10))?r=1e3:~~r<200&&(r=200),s.height=r):\"link\"===t.message&&(r=new URL(s.getAttribute(\"src\")),n=new URL(t.value),c.test(n.protocol))&&n.host===r.host&&l.activeElement===s&&(d.top.location.href=t.value))}},d.addEventListener(\"message\",d.wp.receiveEmbedMessage,!1),l.addEventListener(\"DOMContentLoaded\",function(){for(var e,t,s=l.querySelectorAll(\"iframe.wp-embedded-content\"),r=0;r<s.length;r++)(t=(e=s[r]).getAttribute(\"data-secret\"))||(t=Math.random().toString(36).substring(2,12),e.src+=\"#?secret=\"+t,e.setAttribute(\"data-secret\",t)),e.contentWindow.postMessage({message:\"ready\",secret:t},\"*\")},!1)))}(window,document);\n<\/script>\n","thumbnail_url":"https:\/\/weltlaeden.de\/bremen\/wp-content\/uploads\/sites\/92\/2024\/05\/20240511_122846-scaled-e1716287079829.jpg","thumbnail_width":1920,"thumbnail_height":1440,"description":"F\u00fcr Klimasch\u00e4den Verantwortung \u00fcbernehmen! Zum Weltladentag, am 11.Mai, hatten wir zu einem politischen Fair Trade Fest eingeladen. Wer mit uns am Rad drehte, konnte sehen, wer Geld aus dem Weltklimafonds bekommt \u2013 besser: bekommen sollte. Denn unsere Beispiele standen f\u00fcr bestehende Klimaherausforderungen im globalen S\u00fcden, besonders f\u00fcr Kleinproduzent:innen."}

Für Klimaschäden Verantwortung übernehmen! Zum Weltladentag, am 11.Mai, hatten wir zu einem politischen Fair Trade Fest eingeladen. Wer mit uns am Rad drehte, konnte sehen, wer Geld aus dem Weltklimafonds bekommt – besser: bekommen sollte. Denn unsere Beispiele standen für bestehende Klimaherausforderungen im globalen Süden, besonders für Kleinproduzent:innen.
