{"version":"1.0","provider_name":"Weltladen Bremen","provider_url":"https:\/\/weltlaeden.de\/bremen","title":"Fairer Handel - Weltladen Bremen","type":"rich","width":600,"height":338,"html":"<blockquote class=\"wp-embedded-content\" data-secret=\"ye3ximEwwP\"><a href=\"https:\/\/weltlaeden.de\/bremen\/fairer-handel\/\">Fairer Handel<\/a><\/blockquote><iframe sandbox=\"allow-scripts\" security=\"restricted\" src=\"https:\/\/weltlaeden.de\/bremen\/fairer-handel\/embed\/#?secret=ye3ximEwwP\" width=\"600\" height=\"338\" title=\"&#8222;Fairer Handel&#8220; &#8211; Weltladen Bremen\" data-secret=\"ye3ximEwwP\" frameborder=\"0\" marginwidth=\"0\" marginheight=\"0\" scrolling=\"no\" class=\"wp-embedded-content\"><\/iframe><script>\n\/*! This file is auto-generated *\/\n!function(d,l){\"use strict\";l.querySelector&&d.addEventListener&&\"undefined\"!=typeof URL&&(d.wp=d.wp||{},d.wp.receiveEmbedMessage||(d.wp.receiveEmbedMessage=function(e){var t=e.data;if((t||t.secret||t.message||t.value)&&!\/[^a-zA-Z0-9]\/.test(t.secret)){for(var s,r,n,a=l.querySelectorAll('iframe[data-secret=\"'+t.secret+'\"]'),o=l.querySelectorAll('blockquote[data-secret=\"'+t.secret+'\"]'),c=new RegExp(\"^https?:$\",\"i\"),i=0;i<o.length;i++)o[i].style.display=\"none\";for(i=0;i<a.length;i++)s=a[i],e.source===s.contentWindow&&(s.removeAttribute(\"style\"),\"height\"===t.message?(1e3<(r=parseInt(t.value,10))?r=1e3:~~r<200&&(r=200),s.height=r):\"link\"===t.message&&(r=new URL(s.getAttribute(\"src\")),n=new URL(t.value),c.test(n.protocol))&&n.host===r.host&&l.activeElement===s&&(d.top.location.href=t.value))}},d.addEventListener(\"message\",d.wp.receiveEmbedMessage,!1),l.addEventListener(\"DOMContentLoaded\",function(){for(var e,t,s=l.querySelectorAll(\"iframe.wp-embedded-content\"),r=0;r<s.length;r++)(t=(e=s[r]).getAttribute(\"data-secret\"))||(t=Math.random().toString(36).substring(2,12),e.src+=\"#?secret=\"+t,e.setAttribute(\"data-secret\",t)),e.contentWindow.postMessage({message:\"ready\",secret:t},\"*\")},!1)))}(window,document);\n<\/script>\n","description":"[vc_row][vc_column][\/vc_column][\/vc_row][vc_row][vc_column][vc_empty_space height=&#8220;12px&#8220;][vc_column_text] Fairer Handel der Weltl\u00e4den [\/vc_column_text][vc_column_text]Weltl\u00e4den sind Teil der internationalen Fairhandels-Bewegung. Weltl\u00e4den und ihre Fair-Handels-Importeure engagieren sich seit 50 Jahren f\u00fcr faire Lebens- und Arbeitsbedingungen weltweit, besonders in den L\u00e4ndern des globalen S\u00fcdens. Der Faire Handel\u00a0nimmt die Menschen hinter den Produkten\u00a0in den\u00a0Blick, vor allem diejenigen, die am Anfang der Handelskette die Lebensmittel produzieren oder&hellip;","thumbnail_url":"https:\/\/weltlaeden.de\/bremen\/wp-content\/uploads\/sites\/92\/2019\/06\/Tour-de-Fair-2016-Ausschnitt.jpg"}

[vc_row][vc_column][/vc_column][/vc_row][vc_row][vc_column][vc_empty_space height=&#8220;12px&#8220;][vc_column_text] Fairer Handel der Weltläden [/vc_column_text][vc_column_text]Weltläden sind Teil der internationalen Fairhandels-Bewegung. Weltläden und ihre Fair-Handels-Importeure engagieren sich seit 50 Jahren für faire Lebens- und Arbeitsbedingungen weltweit, besonders in den Ländern des globalen Südens. Der Faire Handel nimmt die Menschen hinter den Produkten in den Blick, vor allem diejenigen, die am Anfang der Handelskette die Lebensmittel produzieren oder&hellip;
