{"version":"1.0","provider_name":"Weltladen Bremen","provider_url":"https:\/\/weltlaeden.de\/bremen","title":"Faire Woche 2023 in Bremen - Klimagerechtigkeit - Weltladen Bremen","type":"rich","width":600,"height":338,"html":"<blockquote class=\"wp-embedded-content\" data-secret=\"N1CKmAbVEb\"><a href=\"https:\/\/weltlaeden.de\/bremen\/faire-woche-2023-klimagerechtigkeit\/\">Faire Woche 2023 in Bremen &#8211; Klimagerechtigkeit<\/a><\/blockquote><iframe sandbox=\"allow-scripts\" security=\"restricted\" src=\"https:\/\/weltlaeden.de\/bremen\/faire-woche-2023-klimagerechtigkeit\/embed\/#?secret=N1CKmAbVEb\" width=\"600\" height=\"338\" title=\"&#8222;Faire Woche 2023 in Bremen &#8211; Klimagerechtigkeit&#8220; &#8211; Weltladen Bremen\" data-secret=\"N1CKmAbVEb\" frameborder=\"0\" marginwidth=\"0\" marginheight=\"0\" scrolling=\"no\" class=\"wp-embedded-content\"><\/iframe><script>\n\/*! This file is auto-generated *\/\n!function(d,l){\"use strict\";l.querySelector&&d.addEventListener&&\"undefined\"!=typeof URL&&(d.wp=d.wp||{},d.wp.receiveEmbedMessage||(d.wp.receiveEmbedMessage=function(e){var t=e.data;if((t||t.secret||t.message||t.value)&&!\/[^a-zA-Z0-9]\/.test(t.secret)){for(var s,r,n,a=l.querySelectorAll('iframe[data-secret=\"'+t.secret+'\"]'),o=l.querySelectorAll('blockquote[data-secret=\"'+t.secret+'\"]'),c=new RegExp(\"^https?:$\",\"i\"),i=0;i<o.length;i++)o[i].style.display=\"none\";for(i=0;i<a.length;i++)s=a[i],e.source===s.contentWindow&&(s.removeAttribute(\"style\"),\"height\"===t.message?(1e3<(r=parseInt(t.value,10))?r=1e3:~~r<200&&(r=200),s.height=r):\"link\"===t.message&&(r=new URL(s.getAttribute(\"src\")),n=new URL(t.value),c.test(n.protocol))&&n.host===r.host&&l.activeElement===s&&(d.top.location.href=t.value))}},d.addEventListener(\"message\",d.wp.receiveEmbedMessage,!1),l.addEventListener(\"DOMContentLoaded\",function(){for(var e,t,s=l.querySelectorAll(\"iframe.wp-embedded-content\"),r=0;r<s.length;r++)(t=(e=s[r]).getAttribute(\"data-secret\"))||(t=Math.random().toString(36).substring(2,12),e.src+=\"#?secret=\"+t,e.setAttribute(\"data-secret\",t)),e.contentWindow.postMessage({message:\"ready\",secret:t},\"*\")},!1)))}(window,document);\n<\/script>\n","thumbnail_url":"https:\/\/weltlaeden.de\/bremen\/wp-content\/uploads\/sites\/92\/2023\/09\/2023_FW-Hamira-Kobusingye_Statement_Ausschnitt.png","thumbnail_width":1030,"thumbnail_height":775,"description":"Was bedeutet Klimagerechtigkeit f\u00fcr Sie? Das haben wir als B\u00fcndnis Faire Woche unsere G\u00e4ste und Kund:innen gefragt und ihre Statements in den sozialen Medien gepostet. Menschen aus der Bremer Politik, Wirtschaft und Zivilgesellschaft waren dabei und die diesj\u00e4hrige Preistr\u00e4gerin des 18. Bremer Solidarit\u00e4tspreises Hamira Kobusingye. Nebenbei haben wir die Interviewpartner:innnen zu uns in die L\u00e4den&hellip;"}

Was bedeutet Klimagerechtigkeit für Sie? Das haben wir als Bündnis Faire Woche unsere Gäste und Kund:innen gefragt und ihre Statements in den sozialen Medien gepostet. Menschen aus der Bremer Politik, Wirtschaft und Zivilgesellschaft waren dabei und die diesjährige Preisträgerin des 18. Bremer Solidaritätspreises Hamira Kobusingye. Nebenbei haben wir die Interviewpartner:innnen zu uns in die Läden&hellip;
