{"id":20,"date":"2020-04-15T09:05:06","date_gmt":"2020-04-15T07:05:06","guid":{"rendered":"https:\/\/wl.heimpixel.de\/vorlage\/weltladen-musterdorf\/"},"modified":"2025-01-20T21:57:08","modified_gmt":"2025-01-20T20:57:08","slug":"weltladen-bramsche","status":"publish","type":"page","link":"https:\/\/weltlaeden.de\/bramsche\/","title":{"rendered":"WELTLADEN BRAMSCHE"},"content":{"rendered":"<div class=\"wpb-content-wrapper\"><h1 style=\"text-align: center\"><span style=\"color: #ff6600\"><img loading=\"lazy\" decoding=\"async\" class=\"wp-image-1999 aligncenter\" src=\"https:\/\/weltlaeden.de\/bramsche\/wp-content\/uploads\/sites\/100\/2023\/06\/image4a-2-1024x627.jpeg\" alt=\"\" width=\"707\" height=\"433\" srcset=\"https:\/\/weltlaeden.de\/bramsche\/wp-content\/uploads\/sites\/100\/2023\/06\/image4a-2-1024x627.jpeg 1024w, https:\/\/weltlaeden.de\/bramsche\/wp-content\/uploads\/sites\/100\/2023\/06\/image4a-2-300x184.jpeg 300w, https:\/\/weltlaeden.de\/bramsche\/wp-content\/uploads\/sites\/100\/2023\/06\/image4a-2-768x470.jpeg 768w, https:\/\/weltlaeden.de\/bramsche\/wp-content\/uploads\/sites\/100\/2023\/06\/image4a-2-1536x940.jpeg 1536w, https:\/\/weltlaeden.de\/bramsche\/wp-content\/uploads\/sites\/100\/2023\/06\/image4a-2-scaled.jpeg 2048w\" sizes=\"auto, (max-width: 707px) 100vw, 707px\" \/><\/span><\/h1>\n<h1 style=\"text-align: center\"><span style=\"color: #ff6600\">Willkommen im Weltladen <\/span><\/h1>\n<h1 style=\"text-align: center\"><span style=\"color: #ff6600\">Projekt &#8222;Neue Erde&#8220; e.V. in Bramsche<\/span><\/h1>\n<p>&nbsp;<\/p>\n<p>ALLE INFORMATIONEN \u00dcBER DEN WELTLADEN UND DER VEREIN &#8222;NEUE ERDE&#8220; e.V.\u00a0 FINDEN SIE IN: &#8222;<span style=\"color: #ff6600\">\u00dcBER UNS&#8230;<\/span>&#8220;<\/p>\n<h1><span style=\"color: #ff6600\">Was Sie auf dieser Website finden:<\/span><\/h1>\n<p>[vc_empty_space height=&#8220;20px&#8220;][vc_row_inner][vc_column_inner width=&#8220;1\/4&#8243;]<div class=\"wl_einzelbild\"><p><img loading=\"lazy\" decoding=\"async\" class=\"size-thumbnail wp-image-848 alignleft\" src=\"https:\/\/weltlaeden.de\/bramsche\/wp-content\/uploads\/sites\/100\/2019\/10\/Baobab-2-150x150.jpg\" alt=\"\" width=\"150\" height=\"150\" \/><\/p><\/div>[\/vc_column_inner][vc_column_inner width=&#8220;3\/4&#8243;][vc_column_text]<\/p>\n<h2><span style=\"color: #ff6600\">Forum Fairer Handel<\/span><\/h2>\n<p>Inhalt:<br \/>\nDankschreiben Forum Fairen Handel an Weltl\u00e4den&#8230;<br \/>\nBedeutung Faire Handel&#8230;<br \/>\nKriterien des Fairen Handels&#8230;<br \/>\nLink zu Websiten&#8230;<\/p>\n<p>Was meint Fairer Handel \u00fcberhaupt? Welche Kriterien m\u00fcssen eingehalten werden und wer \u00fcberpr\u00fcft diese? <a href=\"https:\/\/weltlaeden.de\/bramsche\/fairer-handel\/\">Erfahren Sie mehr &#8230;<\/a>[\/vc_column_text][\/vc_column_inner][\/vc_row_inner][vc_separator][vc_row_inner][vc_column_inner width=&#8220;1\/4&#8243;]<div class=\"wl_einzelbild\"><p><img loading=\"lazy\" decoding=\"async\" class=\"size-thumbnail wp-image-857 alignleft\" src=\"https:\/\/weltlaeden.de\/bramsche\/wp-content\/uploads\/sites\/100\/2019\/10\/IMG_0025-e1572189588951-150x150.jpg\" alt=\"\" width=\"150\" height=\"150\" \/><\/p><\/div>[\/vc_column_inner][vc_column_inner width=&#8220;3\/4&#8243;][vc_column_text]<\/p>\n<h2><span style=\"color: #ff6600\">Produkte<\/span><\/h2>\n<p>Unsere Produkte im Weltladen sind nat\u00fcrlich alle aus Fairem Handel, dennoch kommen sie von unterschiedlichen Fair-Handels-Importeuren. <a href=\"https:\/\/weltlaeden.de\/bramsche\/produkte\/\">Hier zeigen wir Ihnen unser Sortiment <\/a><\/p>\n<p><a href=\"https:\/\/weltlaeden.de\/bramsche\/produkte\/\">&#8230;<\/a>[\/vc_column_text][\/vc_column_inner][\/vc_row_inner][vc_separator][vc_row_inner][vc_column_inner width=&#8220;1\/4&#8243;]<div class=\"wl_einzelbild\"><p><img loading=\"lazy\" decoding=\"async\" class=\"wp-image-1304 alignleft\" src=\"https:\/\/weltlaeden.de\/bramsche\/wp-content\/uploads\/sites\/100\/2020\/07\/fairtrade-11.jpg\" alt=\"\" width=\"277\" height=\"141\" srcset=\"https:\/\/weltlaeden.de\/bramsche\/wp-content\/uploads\/sites\/100\/2020\/07\/fairtrade-11.jpg 600w, https:\/\/weltlaeden.de\/bramsche\/wp-content\/uploads\/sites\/100\/2020\/07\/fairtrade-11-300x153.jpg 300w\" sizes=\"auto, (max-width: 277px) 100vw, 277px\" \/><\/p><\/div>[\/vc_column_inner][vc_column_inner width=&#8220;3\/4&#8243;][vc_column_text]<\/p>\n<h2><span style=\"color: #ff6600\">Hier lesen Sie:<\/span><\/h2>\n<h2><span style=\"color: #ff6600\"><i><u>\u00dcber uns&#8230;<\/u><\/i><br \/>\nWas bieten wir an&#8230;<br \/>\nFaire Handel&#8230;<br \/>\nNeue Mitarbeiter*Innen gesucht&#8230;<br \/>\nBeitrittserkl\u00e4rung&#8230;<br \/>\n<\/span><\/h2>\n<p>Wer wir sind, warum wir uns f\u00fcr Fairen Handel engagieren und wie man bei uns mitmachen kann &#8211; <a href=\"https:\/\/weltlaeden.de\/bramsche\/ueber-uns\/\">hier stellen wir uns vor &#8230;<\/a>[\/vc_column_text][\/vc_column_inner][\/vc_row_inner][vc_separator][vc_row_inner][vc_column_inner width=&#8220;1\/4&#8243;]<div class=\"wl_einzelbild\"><p><\/p><\/div>[\/vc_column_inner][vc_column_inner width=&#8220;3\/4&#8243;][vc_column_text]<\/p>\n<h1><img loading=\"lazy\" decoding=\"async\" class=\"wp-image-931 size-full alignleft\" src=\"https:\/\/weltlaeden.de\/bramsche\/wp-content\/uploads\/sites\/100\/2019\/10\/Affe2.jpg\" alt=\"\" width=\"184\" height=\"147\" \/><strong><span style=\"color: #ff6600\">Ich bin &#8222;<span style=\"color: #008000\">Fairy<\/span>&#8220; und zeige\u00a0<\/span><\/strong><span style=\"color: #ff6600\"><strong>Bilder und Aktionen<\/strong><\/span><\/h1>\n<h2>Als Weltladen beteiligen wir uns an verschiedenen Aktionen oder initiieren diese.<\/h2>\n<h2><span style=\"color: #ff6600\">Beitr\u00e4ge:<br \/>\n1. Puschenprojekt Probstdorf<br \/>\n<\/span><\/h2>\n<p><a href=\"https:\/\/weltlaeden.de\/bramsche\/bilder-und-aktionen\/\">Hier klicken f\u00fcr Bilder\u00a0und Informationen&#8230;<\/a><\/p>\n<hr \/>\n<h2><img loading=\"lazy\" decoding=\"async\" class=\"size-full wp-image-nsm-3-35 alignleft\" src=\"https:\/\/weltlaeden.de\/vorlage\/wp-content\/uploads\/sites\/3\/2018\/08\/pocket-watch-1637396_1920_150x150.png\" alt=\"\" width=\"150\" height=\"150\" \/><span style=\"color: #ff6600\">Termine:<\/span><\/h2>\n<p>Bei uns ist immer etwas los! Wir treffen uns regelm\u00e4\u00dfig zu Teamsitzungen und Fortbildungen, organisieren aber auch immer mal wieder eine Veranstaltung zum Fairen Handel und verwandten Themen.<\/p>\n<p><a href=\"https:\/\/weltlaeden.de\/bramsche\/termine\/\">Hier erfahren Sie was bei uns los ist \u2026<\/a><\/p>\n<p>&nbsp;<\/p>\n<h2><\/h2>\n<p>&nbsp;<\/p>\n<p>&nbsp;<\/p>\n<\/div>","protected":false},"excerpt":{"rendered":"<p>Willkommen im Weltladen Projekt &#8222;Neue Erde&#8220; e.V. in Bramsche &nbsp; ALLE INFORMATIONEN \u00dcBER DEN WELTLADEN UND DER VEREIN &#8222;NEUE ERDE&#8220; e.V.\u00a0 FINDEN SIE IN: &#8222;\u00dcBER UNS&#8230;&#8220; Was Sie auf dieser Website finden: [vc_empty_space height=&#8220;20px&#8220;][vc_row_inner][vc_column_inner width=&#8220;1\/4&#8243;][\/vc_column_inner][vc_column_inner width=&#8220;3\/4&#8243;][vc_column_text] Forum Fairer Handel Inhalt: Dankschreiben Forum Fairen Handel an Weltl\u00e4den&#8230; Bedeutung Faire Handel&#8230; Kriterien des Fairen Handels&#8230; Link zu&hellip;<\/p>\n","protected":false},"author":1,"featured_media":829,"parent":0,"menu_order":0,"comment_status":"closed","ping_status":"closed","template":"","meta":{"footnotes":""},"class_list":["post-20","page","type-page","status-publish","has-post-thumbnail","hentry","description-off"],"yoast_head":"<!-- This site is optimized with the Yoast SEO plugin v26.8 - https:\/\/yoast.com\/product\/yoast-seo-wordpress\/ -->\n<title>WELTLADEN BRAMSCHE - Weltladen Bramsche<\/title>\n<meta name=\"robots\" content=\"index, follow, max-snippet:-1, max-image-preview:large, max-video-preview:-1\" \/>\n<link rel=\"canonical\" href=\"https:\/\/weltlaeden.de\/bramsche\/\" \/>\n<meta property=\"og:locale\" content=\"de_DE\" \/>\n<meta property=\"og:type\" content=\"article\" \/>\n<meta property=\"og:title\" content=\"WELTLADEN BRAMSCHE - Weltladen Bramsche\" \/>\n<meta property=\"og:description\" content=\"Willkommen im Weltladen Projekt &#8222;Neue Erde&#8220; e.V. in Bramsche &nbsp; ALLE INFORMATIONEN \u00dcBER DEN WELTLADEN UND DER VEREIN &#8222;NEUE ERDE&#8220; e.V.\u00a0 FINDEN SIE IN: &#8222;\u00dcBER UNS&#8230;&#8220; Was Sie auf dieser Website finden: [vc_empty_space height=&#8220;20px&#8220;][vc_row_inner][vc_column_inner width=&#8220;1\/4&#8243;][\/vc_column_inner][vc_column_inner width=&#8220;3\/4&#8243;][vc_column_text] Forum Fairer Handel Inhalt: Dankschreiben Forum Fairen Handel an Weltl\u00e4den&#8230; Bedeutung Faire Handel&#8230; Kriterien des Fairen Handels&#8230; Link zu&hellip;\" \/>\n<meta property=\"og:url\" content=\"https:\/\/weltlaeden.de\/bramsche\/\" \/>\n<meta property=\"og:site_name\" content=\"Weltladen Bramsche\" \/>\n<meta property=\"article:modified_time\" content=\"2025-01-20T20:57:08+00:00\" \/>\n<meta property=\"og:image\" content=\"https:\/\/weltlaeden.de\/bramsche\/wp-content\/uploads\/sites\/100\/2019\/10\/Au\u00dfenansicht3.jpg\" \/>\n\t<meta property=\"og:image:width\" content=\"533\" \/>\n\t<meta property=\"og:image:height\" content=\"400\" \/>\n\t<meta property=\"og:image:type\" content=\"image\/jpeg\" \/>\n<meta name=\"twitter:card\" content=\"summary_large_image\" \/>\n<meta name=\"twitter:label1\" content=\"Gesch\u00e4tzte Lesezeit\" \/>\n\t<meta name=\"twitter:data1\" content=\"3\u00a0Minuten\" \/>\n<script type=\"application\/ld+json\" class=\"yoast-schema-graph\">{\"@context\":\"https:\/\/schema.org\",\"@graph\":[{\"@type\":\"WebPage\",\"@id\":\"https:\/\/weltlaeden.de\/bramsche\/\",\"url\":\"https:\/\/weltlaeden.de\/bramsche\/\",\"name\":\"WELTLADEN BRAMSCHE - Weltladen Bramsche\",\"isPartOf\":{\"@id\":\"https:\/\/weltlaeden.de\/bramsche\/#website\"},\"primaryImageOfPage\":{\"@id\":\"https:\/\/weltlaeden.de\/bramsche\/#primaryimage\"},\"image\":{\"@id\":\"https:\/\/weltlaeden.de\/bramsche\/#primaryimage\"},\"thumbnailUrl\":\"https:\/\/weltlaeden.de\/bramsche\/wp-content\/uploads\/sites\/100\/2019\/10\/Au\u00dfenansicht3.jpg\",\"datePublished\":\"2020-04-15T07:05:06+00:00\",\"dateModified\":\"2025-01-20T20:57:08+00:00\",\"breadcrumb\":{\"@id\":\"https:\/\/weltlaeden.de\/bramsche\/#breadcrumb\"},\"inLanguage\":\"de\",\"potentialAction\":[{\"@type\":\"ReadAction\",\"target\":[\"https:\/\/weltlaeden.de\/bramsche\/\"]}]},{\"@type\":\"ImageObject\",\"inLanguage\":\"de\",\"@id\":\"https:\/\/weltlaeden.de\/bramsche\/#primaryimage\",\"url\":\"https:\/\/weltlaeden.de\/bramsche\/wp-content\/uploads\/sites\/100\/2019\/10\/Au\u00dfenansicht3.jpg\",\"contentUrl\":\"https:\/\/weltlaeden.de\/bramsche\/wp-content\/uploads\/sites\/100\/2019\/10\/Au\u00dfenansicht3.jpg\",\"width\":533,\"height\":400},{\"@type\":\"BreadcrumbList\",\"@id\":\"https:\/\/weltlaeden.de\/bramsche\/#breadcrumb\",\"itemListElement\":[{\"@type\":\"ListItem\",\"position\":1,\"name\":\"Startseite\",\"item\":\"https:\/\/weltlaeden.de\/bramsche\/\"},{\"@type\":\"ListItem\",\"position\":2,\"name\":\"WELTLADEN BRAMSCHE\"}]},{\"@type\":\"WebSite\",\"@id\":\"https:\/\/weltlaeden.de\/bramsche\/#website\",\"url\":\"https:\/\/weltlaeden.de\/bramsche\/\",\"name\":\"Weltladen Bramsche\",\"description\":\"Faire Produkte seit 1990. der Weltladenbetrieb wird ausschlie\u00dflich durch Ehrenamtliche Mittglieder Aufrechterhalten.\",\"publisher\":{\"@id\":\"https:\/\/weltlaeden.de\/bramsche\/#organization\"},\"potentialAction\":[{\"@type\":\"SearchAction\",\"target\":{\"@type\":\"EntryPoint\",\"urlTemplate\":\"https:\/\/weltlaeden.de\/bramsche\/?s={search_term_string}\"},\"query-input\":{\"@type\":\"PropertyValueSpecification\",\"valueRequired\":true,\"valueName\":\"search_term_string\"}}],\"inLanguage\":\"de\"},{\"@type\":\"Organization\",\"@id\":\"https:\/\/weltlaeden.de\/bramsche\/#organization\",\"name\":\"Weltladen Bramsche\",\"url\":\"https:\/\/weltlaeden.de\/bramsche\/\",\"logo\":{\"@type\":\"ImageObject\",\"inLanguage\":\"de\",\"@id\":\"https:\/\/weltlaeden.de\/bramsche\/#\/schema\/logo\/image\/\",\"url\":\"https:\/\/weltlaeden.de\/bramsche\/wp-content\/uploads\/sites\/100\/2016\/10\/logo-1-e1476811775797.png\",\"contentUrl\":\"https:\/\/weltlaeden.de\/bramsche\/wp-content\/uploads\/sites\/100\/2016\/10\/logo-1-e1476811775797.png\",\"width\":150,\"height\":85,\"caption\":\"Weltladen Bramsche\"},\"image\":{\"@id\":\"https:\/\/weltlaeden.de\/bramsche\/#\/schema\/logo\/image\/\"}}]}<\/script>\n<!-- \/ Yoast SEO plugin. -->","yoast_head_json":{"title":"WELTLADEN BRAMSCHE - Weltladen Bramsche","robots":{"index":"index","follow":"follow","max-snippet":"max-snippet:-1","max-image-preview":"max-image-preview:large","max-video-preview":"max-video-preview:-1"},"canonical":"https:\/\/weltlaeden.de\/bramsche\/","og_locale":"de_DE","og_type":"article","og_title":"WELTLADEN BRAMSCHE - Weltladen Bramsche","og_description":"Willkommen im Weltladen Projekt &#8222;Neue Erde&#8220; e.V. in Bramsche &nbsp; ALLE INFORMATIONEN \u00dcBER DEN WELTLADEN UND DER VEREIN &#8222;NEUE ERDE&#8220; e.V.\u00a0 FINDEN SIE IN: &#8222;\u00dcBER UNS&#8230;&#8220; Was Sie auf dieser Website finden: [vc_empty_space height=&#8220;20px&#8220;][vc_row_inner][vc_column_inner width=&#8220;1\/4&#8243;][\/vc_column_inner][vc_column_inner width=&#8220;3\/4&#8243;][vc_column_text] Forum Fairer Handel Inhalt: Dankschreiben Forum Fairen Handel an Weltl\u00e4den&#8230; Bedeutung Faire Handel&#8230; Kriterien des Fairen Handels&#8230; Link zu&hellip;","og_url":"https:\/\/weltlaeden.de\/bramsche\/","og_site_name":"Weltladen Bramsche","article_modified_time":"2025-01-20T20:57:08+00:00","og_image":[{"width":533,"height":400,"url":"https:\/\/weltlaeden.de\/bramsche\/wp-content\/uploads\/sites\/100\/2019\/10\/Au\u00dfenansicht3.jpg","type":"image\/jpeg"}],"twitter_card":"summary_large_image","twitter_misc":{"Gesch\u00e4tzte Lesezeit":"3\u00a0Minuten"},"schema":{"@context":"https:\/\/schema.org","@graph":[{"@type":"WebPage","@id":"https:\/\/weltlaeden.de\/bramsche\/","url":"https:\/\/weltlaeden.de\/bramsche\/","name":"WELTLADEN BRAMSCHE - Weltladen Bramsche","isPartOf":{"@id":"https:\/\/weltlaeden.de\/bramsche\/#website"},"primaryImageOfPage":{"@id":"https:\/\/weltlaeden.de\/bramsche\/#primaryimage"},"image":{"@id":"https:\/\/weltlaeden.de\/bramsche\/#primaryimage"},"thumbnailUrl":"https:\/\/weltlaeden.de\/bramsche\/wp-content\/uploads\/sites\/100\/2019\/10\/Au\u00dfenansicht3.jpg","datePublished":"2020-04-15T07:05:06+00:00","dateModified":"2025-01-20T20:57:08+00:00","breadcrumb":{"@id":"https:\/\/weltlaeden.de\/bramsche\/#breadcrumb"},"inLanguage":"de","potentialAction":[{"@type":"ReadAction","target":["https:\/\/weltlaeden.de\/bramsche\/"]}]},{"@type":"ImageObject","inLanguage":"de","@id":"https:\/\/weltlaeden.de\/bramsche\/#primaryimage","url":"https:\/\/weltlaeden.de\/bramsche\/wp-content\/uploads\/sites\/100\/2019\/10\/Au\u00dfenansicht3.jpg","contentUrl":"https:\/\/weltlaeden.de\/bramsche\/wp-content\/uploads\/sites\/100\/2019\/10\/Au\u00dfenansicht3.jpg","width":533,"height":400},{"@type":"BreadcrumbList","@id":"https:\/\/weltlaeden.de\/bramsche\/#breadcrumb","itemListElement":[{"@type":"ListItem","position":1,"name":"Startseite","item":"https:\/\/weltlaeden.de\/bramsche\/"},{"@type":"ListItem","position":2,"name":"WELTLADEN BRAMSCHE"}]},{"@type":"WebSite","@id":"https:\/\/weltlaeden.de\/bramsche\/#website","url":"https:\/\/weltlaeden.de\/bramsche\/","name":"Weltladen Bramsche","description":"Faire Produkte seit 1990. der Weltladenbetrieb wird ausschlie\u00dflich durch Ehrenamtliche Mittglieder Aufrechterhalten.","publisher":{"@id":"https:\/\/weltlaeden.de\/bramsche\/#organization"},"potentialAction":[{"@type":"SearchAction","target":{"@type":"EntryPoint","urlTemplate":"https:\/\/weltlaeden.de\/bramsche\/?s={search_term_string}"},"query-input":{"@type":"PropertyValueSpecification","valueRequired":true,"valueName":"search_term_string"}}],"inLanguage":"de"},{"@type":"Organization","@id":"https:\/\/weltlaeden.de\/bramsche\/#organization","name":"Weltladen Bramsche","url":"https:\/\/weltlaeden.de\/bramsche\/","logo":{"@type":"ImageObject","inLanguage":"de","@id":"https:\/\/weltlaeden.de\/bramsche\/#\/schema\/logo\/image\/","url":"https:\/\/weltlaeden.de\/bramsche\/wp-content\/uploads\/sites\/100\/2016\/10\/logo-1-e1476811775797.png","contentUrl":"https:\/\/weltlaeden.de\/bramsche\/wp-content\/uploads\/sites\/100\/2016\/10\/logo-1-e1476811775797.png","width":150,"height":85,"caption":"Weltladen Bramsche"},"image":{"@id":"https:\/\/weltlaeden.de\/bramsche\/#\/schema\/logo\/image\/"}}]}},"_links":{"self":[{"href":"https:\/\/weltlaeden.de\/bramsche\/wp-json\/wp\/v2\/pages\/20","targetHints":{"allow":["GET"]}}],"collection":[{"href":"https:\/\/weltlaeden.de\/bramsche\/wp-json\/wp\/v2\/pages"}],"about":[{"href":"https:\/\/weltlaeden.de\/bramsche\/wp-json\/wp\/v2\/types\/page"}],"author":[{"embeddable":true,"href":"https:\/\/weltlaeden.de\/bramsche\/wp-json\/wp\/v2\/users\/1"}],"replies":[{"embeddable":true,"href":"https:\/\/weltlaeden.de\/bramsche\/wp-json\/wp\/v2\/comments?post=20"}],"version-history":[{"count":337,"href":"https:\/\/weltlaeden.de\/bramsche\/wp-json\/wp\/v2\/pages\/20\/revisions"}],"predecessor-version":[{"id":2146,"href":"https:\/\/weltlaeden.de\/bramsche\/wp-json\/wp\/v2\/pages\/20\/revisions\/2146"}],"wp:featuredmedia":[{"embeddable":true,"href":"https:\/\/weltlaeden.de\/bramsche\/wp-json\/wp\/v2\/media\/829"}],"wp:attachment":[{"href":"https:\/\/weltlaeden.de\/bramsche\/wp-json\/wp\/v2\/media?parent=20"}],"curies":[{"name":"wp","href":"https:\/\/api.w.org\/{rel}","templated":true}]}}