{"id":23,"date":"2016-10-14T09:05:21","date_gmt":"2016-10-14T07:05:21","guid":{"rendered":"https:\/\/wl.heimpixel.de\/vorlage\/termine\/"},"modified":"2018-08-10T10:34:16","modified_gmt":"2018-08-10T08:34:16","slug":"termine","status":"publish","type":"page","link":"https:\/\/weltlaeden.de\/bitz\/termine\/","title":{"rendered":"Termine"},"content":{"rendered":"<div class=\"wpb-content-wrapper\"><p>[vc_row][vc_column]<div class=\"wl_einzelbild\"><p><img loading=\"lazy\" decoding=\"async\" class=\"aligncenter size-full wp-image-nsm-3-33\" src=\"https:\/\/weltlaeden.de\/bitz\/wp-content\/uploads\/sites\/3\/2018\/07\/pocket-watch-1637396_1920_pixabay.png\" alt=\"\" width=\"787\" height=\"340\" \/><\/p><\/div>[vc_empty_space height=&#8220;30px&#8220;][vc_column_text]<\/p>\n<h1>Termine<\/h1>\n<h4><\/h4>\n<p>[\/vc_column_text][vc_empty_space height=&#8220;30px&#8220;][\/vc_column][\/vc_row][vc_row][vc_column width=&#8220;2\/3&#8243;][vc_column_text]<\/p>\n<h2>Kommende Termine<\/h2>\n<p>[\/vc_column_text]<ul class=\"termine-page current aktuell\">[vc_empty_space height=&#8220;30px&#8220;][vc_column_text]<\/p>\n<h2>Vergangene Termine<\/h2>\n<p>[\/vc_column_text]<ul class=\"termine-page past vergangen\"><li><h5 class=\"termine-titel\"><a href=\"https:\/\/weltlaeden.de\/bitz\/termin\/sommerpause\/\">Sommerpause<\/a><\/h5><p class=\"termine-date\">Mo., 29.07.2024 bis 19.08.2024<\/p><p class=\"termine-auszug\">Liebe Kundinnen und Kunden, &nbsp; der Weltladen Bitz ist vom 29.07. bis zum 19.08.2024 in der Sommerpause. Erster \u00d6ffnungstag nach den Ferien ist Dienstag, der 20.08.2024 zu den gewohnten \u00d6ffnungszeiten. &nbsp; Wir w\u00fcnschen allen einen sch\u00f6nen Sommer und freuen uns, Sie schon bald wieder begr\u00fc\u00dfen zu d\u00fcrfen. &nbsp; Ihr Team vom Weltladen Bitz<\/li><li><h5 class=\"termine-titel\"><a href=\"https:\/\/weltlaeden.de\/bitz\/termin\/oeffnungszeiten-ueber-die-feiertage\/\">\u00d6ffnungszeiten \u00fcber die Feiertage<\/a><\/h5><p class=\"termine-date\">So., 24.12.2023 bis 08.01.2024<\/p><p class=\"termine-auszug\">Vom 24.12.2023 bis 08.01.2024 bleibt der Weltladen Bitz geschlossen. Ab Dienstag 09.01.2024 sind wir wieder zu den normalen \u00d6ffnungszeiten f\u00fcr Sie da. Ihr Weltladenteam<\/li><li><h5 class=\"termine-titel\"><a href=\"https:\/\/weltlaeden.de\/bitz\/termin\/aktion-weihnachten-im-schuhkarton\/\">Aktion &#8211; Weihnachten im Schuhkarton<\/a><\/h5><p class=\"termine-date\">Mi., 25.10.2023 bis 11.11.2023<\/p><p class=\"termine-auszug\">Wollen Sie jemandem eine ganz besondere Weihnachtsfreude machen? Eine prima Gelegenheit dazu bietet die Aktion \"Weihnachten im Schuhkarton\". Beschenken Sie ein Kind, das sonst nie ein Geschenk bekommt und vielleicht auch wenig beachtet wird. Ihr Geschenk sagt dem Kind: \"Du bist wertvoll.\" Bei uns im Weltladen bekommen Sie Flyer mit den n\u00f6tigen Informationen oder Sie klicken auf folgenden Link: https:\/\/www.die-samariter.org\/projekte\/weihnachten-im-schuhkarton\/. Ihre Pakete k\u00f6nnen Sie zu den \u00fcblichen \u00d6ffnungszeiten bei uns abgeben. Abgabeschluss ist Samstag 11.11.2023 Auf viele liebevoll gepackte Schuhkartons hofft Ihr Weltladen-Team<\/li><li><h5 class=\"termine-titel\"><a href=\"https:\/\/weltlaeden.de\/bitz\/termin\/beispieltermin\/\">Faire Woche<\/a><\/h5><p class=\"termine-date\">Sa., 16.09.2023 bis 23.09.2023<\/p><p class=\"termine-auszug\">Viele faire Highlights f\u00fcr unsere kleinen und gro\u00dfen Kund*innen im Rahmen der <a href=\"https:\/\/www.faire-woche.de\/die-faire-woche\">gr\u00f6\u00dften Aktionswoche des Fairen Handels in Deutschland<\/a><p class=termine-ort\"><small>Ort: <i>Weltladen Bitz<\/i><\/small><\/p><\/li><\/ul>[\/vc_column][\/vc_row]<\/p>\n<\/div>","protected":false},"excerpt":{"rendered":"<p>[vc_row][vc_column][vc_empty_space height=&#8220;30px&#8220;][vc_column_text] Termine [\/vc_column_text][vc_empty_space height=&#8220;30px&#8220;][\/vc_column][\/vc_row][vc_row][vc_column width=&#8220;2\/3&#8243;][vc_column_text] Kommende Termine [\/vc_column_text][vc_empty_space height=&#8220;30px&#8220;][vc_column_text] Vergangene Termine [\/vc_column_text][\/vc_column][\/vc_row]<\/p>\n","protected":false},"author":1,"featured_media":0,"parent":0,"menu_order":7,"comment_status":"closed","ping_status":"closed","template":"","meta":{"footnotes":""},"class_list":["post-23","page","type-page","status-publish","hentry","description-off"],"yoast_head":"<!-- This site is optimized with the Yoast SEO plugin v26.8 - https:\/\/yoast.com\/product\/yoast-seo-wordpress\/ -->\n<title>Termine - Weltladen Bitz<\/title>\n<meta name=\"robots\" content=\"index, follow, max-snippet:-1, max-image-preview:large, max-video-preview:-1\" \/>\n<link rel=\"canonical\" href=\"https:\/\/weltlaeden.de\/bitz\/termine\/\" \/>\n<meta property=\"og:locale\" content=\"de_DE\" \/>\n<meta property=\"og:type\" content=\"article\" \/>\n<meta property=\"og:title\" content=\"Termine - Weltladen Bitz\" \/>\n<meta property=\"og:description\" content=\"[vc_row][vc_column][vc_empty_space height=&#8220;30px&#8220;][vc_column_text] Termine [\/vc_column_text][vc_empty_space height=&#8220;30px&#8220;][\/vc_column][\/vc_row][vc_row][vc_column width=&#8220;2\/3&#8243;][vc_column_text] Kommende Termine [\/vc_column_text][vc_empty_space height=&#8220;30px&#8220;][vc_column_text] Vergangene Termine [\/vc_column_text][\/vc_column][\/vc_row]\" \/>\n<meta property=\"og:url\" content=\"https:\/\/weltlaeden.de\/bitz\/termine\/\" \/>\n<meta property=\"og:site_name\" content=\"Weltladen Bitz\" \/>\n<meta property=\"article:modified_time\" content=\"2018-08-10T08:34:16+00:00\" \/>\n<meta property=\"og:image\" content=\"https:\/\/weltlaeden.de\/bitz\/wp-content\/uploads\/sites\/3\/2018\/07\/pocket-watch-1637396_1920_pixabay.png\" \/>\n<meta name=\"twitter:card\" content=\"summary_large_image\" \/>\n<script type=\"application\/ld+json\" class=\"yoast-schema-graph\">{\"@context\":\"https:\/\/schema.org\",\"@graph\":[{\"@type\":\"WebPage\",\"@id\":\"https:\/\/weltlaeden.de\/bitz\/termine\/\",\"url\":\"https:\/\/weltlaeden.de\/bitz\/termine\/\",\"name\":\"Termine - Weltladen Bitz\",\"isPartOf\":{\"@id\":\"https:\/\/weltlaeden.de\/bitz\/#website\"},\"primaryImageOfPage\":{\"@id\":\"https:\/\/weltlaeden.de\/bitz\/termine\/#primaryimage\"},\"image\":{\"@id\":\"https:\/\/weltlaeden.de\/bitz\/termine\/#primaryimage\"},\"thumbnailUrl\":\"https:\/\/weltlaeden.de\/bitz\/wp-content\/uploads\/sites\/3\/2018\/07\/pocket-watch-1637396_1920_pixabay.png\",\"datePublished\":\"2016-10-14T07:05:21+00:00\",\"dateModified\":\"2018-08-10T08:34:16+00:00\",\"breadcrumb\":{\"@id\":\"https:\/\/weltlaeden.de\/bitz\/termine\/#breadcrumb\"},\"inLanguage\":\"de\",\"potentialAction\":[{\"@type\":\"ReadAction\",\"target\":[\"https:\/\/weltlaeden.de\/bitz\/termine\/\"]}]},{\"@type\":\"ImageObject\",\"inLanguage\":\"de\",\"@id\":\"https:\/\/weltlaeden.de\/bitz\/termine\/#primaryimage\",\"url\":\"https:\/\/weltlaeden.de\/bitz\/wp-content\/uploads\/sites\/3\/2018\/07\/pocket-watch-1637396_1920_pixabay.png\",\"contentUrl\":\"https:\/\/weltlaeden.de\/bitz\/wp-content\/uploads\/sites\/3\/2018\/07\/pocket-watch-1637396_1920_pixabay.png\"},{\"@type\":\"BreadcrumbList\",\"@id\":\"https:\/\/weltlaeden.de\/bitz\/termine\/#breadcrumb\",\"itemListElement\":[{\"@type\":\"ListItem\",\"position\":1,\"name\":\"Startseite\",\"item\":\"https:\/\/weltlaeden.de\/bitz\/\"},{\"@type\":\"ListItem\",\"position\":2,\"name\":\"Termine\"}]},{\"@type\":\"WebSite\",\"@id\":\"https:\/\/weltlaeden.de\/bitz\/#website\",\"url\":\"https:\/\/weltlaeden.de\/bitz\/\",\"name\":\"Weltladen Bitz\",\"description\":\"Faire Produkte seit 1990\",\"potentialAction\":[{\"@type\":\"SearchAction\",\"target\":{\"@type\":\"EntryPoint\",\"urlTemplate\":\"https:\/\/weltlaeden.de\/bitz\/?s={search_term_string}\"},\"query-input\":{\"@type\":\"PropertyValueSpecification\",\"valueRequired\":true,\"valueName\":\"search_term_string\"}}],\"inLanguage\":\"de\"}]}<\/script>\n<!-- \/ Yoast SEO plugin. -->","yoast_head_json":{"title":"Termine - Weltladen Bitz","robots":{"index":"index","follow":"follow","max-snippet":"max-snippet:-1","max-image-preview":"max-image-preview:large","max-video-preview":"max-video-preview:-1"},"canonical":"https:\/\/weltlaeden.de\/bitz\/termine\/","og_locale":"de_DE","og_type":"article","og_title":"Termine - Weltladen Bitz","og_description":"[vc_row][vc_column][vc_empty_space height=&#8220;30px&#8220;][vc_column_text] Termine [\/vc_column_text][vc_empty_space height=&#8220;30px&#8220;][\/vc_column][\/vc_row][vc_row][vc_column width=&#8220;2\/3&#8243;][vc_column_text] Kommende Termine [\/vc_column_text][vc_empty_space height=&#8220;30px&#8220;][vc_column_text] Vergangene Termine [\/vc_column_text][\/vc_column][\/vc_row]","og_url":"https:\/\/weltlaeden.de\/bitz\/termine\/","og_site_name":"Weltladen Bitz","article_modified_time":"2018-08-10T08:34:16+00:00","og_image":[{"url":"https:\/\/weltlaeden.de\/bitz\/wp-content\/uploads\/sites\/3\/2018\/07\/pocket-watch-1637396_1920_pixabay.png","type":"","width":"","height":""}],"twitter_card":"summary_large_image","schema":{"@context":"https:\/\/schema.org","@graph":[{"@type":"WebPage","@id":"https:\/\/weltlaeden.de\/bitz\/termine\/","url":"https:\/\/weltlaeden.de\/bitz\/termine\/","name":"Termine - Weltladen Bitz","isPartOf":{"@id":"https:\/\/weltlaeden.de\/bitz\/#website"},"primaryImageOfPage":{"@id":"https:\/\/weltlaeden.de\/bitz\/termine\/#primaryimage"},"image":{"@id":"https:\/\/weltlaeden.de\/bitz\/termine\/#primaryimage"},"thumbnailUrl":"https:\/\/weltlaeden.de\/bitz\/wp-content\/uploads\/sites\/3\/2018\/07\/pocket-watch-1637396_1920_pixabay.png","datePublished":"2016-10-14T07:05:21+00:00","dateModified":"2018-08-10T08:34:16+00:00","breadcrumb":{"@id":"https:\/\/weltlaeden.de\/bitz\/termine\/#breadcrumb"},"inLanguage":"de","potentialAction":[{"@type":"ReadAction","target":["https:\/\/weltlaeden.de\/bitz\/termine\/"]}]},{"@type":"ImageObject","inLanguage":"de","@id":"https:\/\/weltlaeden.de\/bitz\/termine\/#primaryimage","url":"https:\/\/weltlaeden.de\/bitz\/wp-content\/uploads\/sites\/3\/2018\/07\/pocket-watch-1637396_1920_pixabay.png","contentUrl":"https:\/\/weltlaeden.de\/bitz\/wp-content\/uploads\/sites\/3\/2018\/07\/pocket-watch-1637396_1920_pixabay.png"},{"@type":"BreadcrumbList","@id":"https:\/\/weltlaeden.de\/bitz\/termine\/#breadcrumb","itemListElement":[{"@type":"ListItem","position":1,"name":"Startseite","item":"https:\/\/weltlaeden.de\/bitz\/"},{"@type":"ListItem","position":2,"name":"Termine"}]},{"@type":"WebSite","@id":"https:\/\/weltlaeden.de\/bitz\/#website","url":"https:\/\/weltlaeden.de\/bitz\/","name":"Weltladen Bitz","description":"Faire Produkte seit 1990","potentialAction":[{"@type":"SearchAction","target":{"@type":"EntryPoint","urlTemplate":"https:\/\/weltlaeden.de\/bitz\/?s={search_term_string}"},"query-input":{"@type":"PropertyValueSpecification","valueRequired":true,"valueName":"search_term_string"}}],"inLanguage":"de"}]}},"_links":{"self":[{"href":"https:\/\/weltlaeden.de\/bitz\/wp-json\/wp\/v2\/pages\/23","targetHints":{"allow":["GET"]}}],"collection":[{"href":"https:\/\/weltlaeden.de\/bitz\/wp-json\/wp\/v2\/pages"}],"about":[{"href":"https:\/\/weltlaeden.de\/bitz\/wp-json\/wp\/v2\/types\/page"}],"author":[{"embeddable":true,"href":"https:\/\/weltlaeden.de\/bitz\/wp-json\/wp\/v2\/users\/1"}],"replies":[{"embeddable":true,"href":"https:\/\/weltlaeden.de\/bitz\/wp-json\/wp\/v2\/comments?post=23"}],"version-history":[{"count":14,"href":"https:\/\/weltlaeden.de\/bitz\/wp-json\/wp\/v2\/pages\/23\/revisions"}],"predecessor-version":[{"id":414,"href":"https:\/\/weltlaeden.de\/bitz\/wp-json\/wp\/v2\/pages\/23\/revisions\/414"}],"wp:attachment":[{"href":"https:\/\/weltlaeden.de\/bitz\/wp-json\/wp\/v2\/media?parent=23"}],"curies":[{"name":"wp","href":"https:\/\/api.w.org\/{rel}","templated":true}]}}