{"id":219,"date":"2016-10-28T13:34:47","date_gmt":"2016-10-28T11:34:47","guid":{"rendered":"https:\/\/wl.heimpixel.de\/vorlage\/ueber-uns\/"},"modified":"2021-02-16T11:19:17","modified_gmt":"2021-02-16T10:19:17","slug":"ueber-uns","status":"publish","type":"page","link":"https:\/\/weltlaeden.de\/billerbeck\/ueber-uns\/","title":{"rendered":"\u00dcber uns"},"content":{"rendered":"<div class=\"wpb-content-wrapper\"><p>[vc_row][vc_column]<div class=\"wl_einzelbild\"><p><img loading=\"lazy\" decoding=\"async\" class=\"aligncenter size-large wp-image-452\" src=\"https:\/\/weltlaeden.de\/billerbeck\/wp-content\/uploads\/sites\/66\/2020\/03\/bbb4_106_weltladen_branse_MFA_0097w-1024x442.jpg\" alt=\"\" width=\"1024\" height=\"442\" srcset=\"https:\/\/weltlaeden.de\/billerbeck\/wp-content\/uploads\/sites\/66\/2020\/03\/bbb4_106_weltladen_branse_MFA_0097w-1024x442.jpg 1024w, https:\/\/weltlaeden.de\/billerbeck\/wp-content\/uploads\/sites\/66\/2020\/03\/bbb4_106_weltladen_branse_MFA_0097w-300x130.jpg 300w, https:\/\/weltlaeden.de\/billerbeck\/wp-content\/uploads\/sites\/66\/2020\/03\/bbb4_106_weltladen_branse_MFA_0097w-768x332.jpg 768w, https:\/\/weltlaeden.de\/billerbeck\/wp-content\/uploads\/sites\/66\/2020\/03\/bbb4_106_weltladen_branse_MFA_0097w.jpg 1920w\" sizes=\"auto, (max-width: 1024px) 100vw, 1024px\" \/><\/p><\/div>[vc_empty_space][vc_column_text]<\/p>\n<h1>\u00dcber den Weltladen Billerbeck<\/h1>\n<p>[\/vc_column_text][vc_column_text]Im November 2016 wurde der Weltladen Billerbeck feierlich er\u00f6ffnet. Dabei waren die B\u00fcrgermeisterin, Vertreter der katholischen und evangelischen Kirche (-&gt; Einsegnung des Hauses), eine Cellospielerin aus Brasilien sowie interessierte B\u00fcrgerinnen und B\u00fcrger.<\/p>\n<p>Der Weltladen liegt mitten in der Stadt, sozusagen am Puls der Zeit, direkt am Ludgerus-Dom. Und wenn die Glocken erklingen, die Orgel zu h\u00f6ren ist und dann noch der Wind einstimmt, ergibt diese Gesamtkomposition am Fu\u00dfe des Doms eine ganz besondere und wohltuende Atmosph\u00e4re.<\/p>\n<p>Im Weltladen steht die Giraffe als Symbolfigur f\u00fcr die gewaltfreie Kommunikation &#8211; denn sie ist das Landtier mit dem gr\u00f6\u00dften Herzen (Gro\u00dfherzigkeit) und dank ihres langen Halses \u00fcberblickt sie das Geschehen (Weitblick).<\/p>\n<p>Der Globus im Weltladen veranschaulicht, dass alle Menschen auf der Welt eine Schicksalsgemeinschaft bilden und deshalb fair miteinander umgehen sollten.<\/p>\n<p>Der Weltladen Billerbeck soll ein Ort der Begegnung sein, wo man von dem anger\u00fchrt wird, was vor Ort und in der Welt los ist und wie wir mit unseren Lebensgrundlagen umgehen.<\/p>\n<h2><\/h2>\n<p>&nbsp;<\/p>\n<h3><span style=\"color: #ff9900\"><strong>Konkret kennzeichnen drei S\u00e4ulen das Leben und Arbeiten im Weltladen:<\/strong><\/span><\/h3>\n<ol>\n<li><strong>Verkauf von fair gehandelten Waren aus aller Welt. <\/strong><\/li>\n<\/ol>\n<p>Dazu geh\u00f6ren: Kaffee, Tee, Kakao, Schokolade, S\u00fc\u00dfigkeiten, Wein, ausgew\u00e4hlte Lebensmittel (m\u00f6glichst fair gehandelte Bioprodukte), Musikinstrumente, Klangschalen, Kinderspielzeug. Kunst-Handwerk (Holz, Stein, Silber etc.), Kerzen, Sitzkissen aus Nepal, Taschen, K\u00f6rbe u.a.m..<\/p>\n<ol start=\"2\">\n<li><strong> Bildungsarbeit zur F\u00f6rderung des fairen Handels<\/strong>.<\/li>\n<\/ol>\n<p>Schulklassen und anderen Interessierten im Weltladen erkl\u00e4ren, was fairer Handel bedeutet.<\/p>\n<p>Dazu geh\u00f6ren: Chancen f\u00fcr benachteiligte Produzenten, Transparenz, faire Handelspraktiken, faire Bezahlung, keine Kinderarbeit, keine Diskriminierung, gute Arbeitsbedingungen, Aus- und Weiterbildung, Schutz der Umwelt.<\/p>\n<p>Der Umgang mit allen am Handelsprozess beteiligten Personen soll fair sein.<\/p>\n<ol start=\"3\">\n<li><strong> Politische Kampagnen des Dachverbandes mit gezielten Aktionen unterst\u00fctzen und f\u00f6rdern.<\/strong><\/li>\n<\/ol>\n<p>Dazu geh\u00f6ren: B\u00e4uerliche Landwirtschaft die alle Menschen ern\u00e4hrt, faire Arbeitsbedingungen weltweit, menschenw\u00fcrdiger Umgang mit Allen, Unternehmen haftbar machen, Klimaschutz, Initiative Lieferkettengesetz u.a.m..<\/p>\n<h2><\/h2>\n<p>&nbsp;<\/p>\n<h3><span style=\"color: #ff9900\"><strong>\u00c4nderungen und Erg\u00e4nzungen seit Er\u00f6ffnung des Weltladens:<\/strong><\/span><\/h3>\n<p>Die Vernetzung in der Region hat sich positiv entwickelt. Gemeinsam mit dem &#8222;Aktionskreis Eine Welt\u201c von der katholischen Kirche, der evangelischen Kirche und der &#8222;Fairtrade-Steuerungsgruppe&#8220; der Stadt Billerbeck setzen wir regelm\u00e4\u00dfig Projekte zum fairen Handel um.<\/p>\n<p>Seit Juli 2017 ist der Weltladen f\u00fcr Mitglieder der fairen und solidarischen Landwirtschaft (CSA) die Abholstelle der Demeter-Lebensmittel vom G\u00e4rtnerhof Entrup in Altenberge.<\/p>\n<p>Seit M\u00e4rz 2018 befindet sich in der zweiten Etage die &#8222;Skulptureninsel&#8220; afrikanischer K\u00fcnstler.[\/vc_column_text][\/vc_column][\/vc_row][vc_row][vc_column][vc_empty_space height=&#8220;50px&#8220;][\/vc_column][\/vc_row]<\/p>\n<\/div>","protected":false},"excerpt":{"rendered":"<p>[vc_row][vc_column][vc_empty_space][vc_column_text] \u00dcber den Weltladen Billerbeck [\/vc_column_text][vc_column_text]Im November 2016 wurde der Weltladen Billerbeck feierlich er\u00f6ffnet. Dabei waren die B\u00fcrgermeisterin, Vertreter der katholischen und evangelischen Kirche (-&gt; Einsegnung des Hauses), eine Cellospielerin aus Brasilien sowie interessierte B\u00fcrgerinnen und B\u00fcrger. Der Weltladen liegt mitten in der Stadt, sozusagen am Puls der Zeit, direkt am Ludgerus-Dom. Und wenn die&hellip;<\/p>\n","protected":false},"author":1,"featured_media":0,"parent":0,"menu_order":3,"comment_status":"closed","ping_status":"closed","template":"","meta":{"footnotes":""},"class_list":["post-219","page","type-page","status-publish","hentry","description-off"],"yoast_head":"<!-- This site is optimized with the Yoast SEO plugin v26.8 - https:\/\/yoast.com\/product\/yoast-seo-wordpress\/ -->\n<title>\u00dcber uns - Weltladen Billerbeck<\/title>\n<meta name=\"robots\" content=\"index, follow, max-snippet:-1, max-image-preview:large, max-video-preview:-1\" \/>\n<link rel=\"canonical\" href=\"https:\/\/weltlaeden.de\/billerbeck\/ueber-uns\/\" \/>\n<meta property=\"og:locale\" content=\"de_DE\" \/>\n<meta property=\"og:type\" content=\"article\" \/>\n<meta property=\"og:title\" content=\"\u00dcber uns - Weltladen Billerbeck\" \/>\n<meta property=\"og:description\" content=\"[vc_row][vc_column][vc_empty_space][vc_column_text] \u00dcber den Weltladen Billerbeck [\/vc_column_text][vc_column_text]Im November 2016 wurde der Weltladen Billerbeck feierlich er\u00f6ffnet. Dabei waren die B\u00fcrgermeisterin, Vertreter der katholischen und evangelischen Kirche (-&gt; Einsegnung des Hauses), eine Cellospielerin aus Brasilien sowie interessierte B\u00fcrgerinnen und B\u00fcrger. Der Weltladen liegt mitten in der Stadt, sozusagen am Puls der Zeit, direkt am Ludgerus-Dom. Und wenn die&hellip;\" \/>\n<meta property=\"og:url\" content=\"https:\/\/weltlaeden.de\/billerbeck\/ueber-uns\/\" \/>\n<meta property=\"og:site_name\" content=\"Weltladen Billerbeck\" \/>\n<meta property=\"article:modified_time\" content=\"2021-02-16T10:19:17+00:00\" \/>\n<meta property=\"og:image\" content=\"https:\/\/weltlaeden.de\/billerbeck\/wp-content\/uploads\/sites\/66\/2020\/03\/bbb4_106_weltladen_branse_MFA_0097w-1024x442.jpg\" \/>\n<meta name=\"twitter:card\" content=\"summary_large_image\" \/>\n<meta name=\"twitter:label1\" content=\"Gesch\u00e4tzte Lesezeit\" \/>\n\t<meta name=\"twitter:data1\" content=\"2\u00a0Minuten\" \/>\n<script type=\"application\/ld+json\" class=\"yoast-schema-graph\">{\"@context\":\"https:\/\/schema.org\",\"@graph\":[{\"@type\":\"WebPage\",\"@id\":\"https:\/\/weltlaeden.de\/billerbeck\/ueber-uns\/\",\"url\":\"https:\/\/weltlaeden.de\/billerbeck\/ueber-uns\/\",\"name\":\"\u00dcber uns - Weltladen Billerbeck\",\"isPartOf\":{\"@id\":\"https:\/\/weltlaeden.de\/billerbeck\/#website\"},\"primaryImageOfPage\":{\"@id\":\"https:\/\/weltlaeden.de\/billerbeck\/ueber-uns\/#primaryimage\"},\"image\":{\"@id\":\"https:\/\/weltlaeden.de\/billerbeck\/ueber-uns\/#primaryimage\"},\"thumbnailUrl\":\"https:\/\/weltlaeden.de\/billerbeck\/wp-content\/uploads\/sites\/66\/2020\/03\/bbb4_106_weltladen_branse_MFA_0097w-1024x442.jpg\",\"datePublished\":\"2016-10-28T11:34:47+00:00\",\"dateModified\":\"2021-02-16T10:19:17+00:00\",\"breadcrumb\":{\"@id\":\"https:\/\/weltlaeden.de\/billerbeck\/ueber-uns\/#breadcrumb\"},\"inLanguage\":\"de\",\"potentialAction\":[{\"@type\":\"ReadAction\",\"target\":[\"https:\/\/weltlaeden.de\/billerbeck\/ueber-uns\/\"]}]},{\"@type\":\"ImageObject\",\"inLanguage\":\"de\",\"@id\":\"https:\/\/weltlaeden.de\/billerbeck\/ueber-uns\/#primaryimage\",\"url\":\"https:\/\/weltlaeden.de\/billerbeck\/wp-content\/uploads\/sites\/66\/2020\/03\/bbb4_106_weltladen_branse_MFA_0097w.jpg\",\"contentUrl\":\"https:\/\/weltlaeden.de\/billerbeck\/wp-content\/uploads\/sites\/66\/2020\/03\/bbb4_106_weltladen_branse_MFA_0097w.jpg\",\"width\":1920,\"height\":829},{\"@type\":\"BreadcrumbList\",\"@id\":\"https:\/\/weltlaeden.de\/billerbeck\/ueber-uns\/#breadcrumb\",\"itemListElement\":[{\"@type\":\"ListItem\",\"position\":1,\"name\":\"Startseite\",\"item\":\"https:\/\/weltlaeden.de\/billerbeck\/\"},{\"@type\":\"ListItem\",\"position\":2,\"name\":\"\u00dcber uns\"}]},{\"@type\":\"WebSite\",\"@id\":\"https:\/\/weltlaeden.de\/billerbeck\/#website\",\"url\":\"https:\/\/weltlaeden.de\/billerbeck\/\",\"name\":\"Vorlage\",\"description\":\"Fachgesch\u00e4ft f\u00fcr Fairen Handel\",\"potentialAction\":[{\"@type\":\"SearchAction\",\"target\":{\"@type\":\"EntryPoint\",\"urlTemplate\":\"https:\/\/weltlaeden.de\/billerbeck\/?s={search_term_string}\"},\"query-input\":{\"@type\":\"PropertyValueSpecification\",\"valueRequired\":true,\"valueName\":\"search_term_string\"}}],\"inLanguage\":\"de\"}]}<\/script>\n<!-- \/ Yoast SEO plugin. -->","yoast_head_json":{"title":"\u00dcber uns - Weltladen Billerbeck","robots":{"index":"index","follow":"follow","max-snippet":"max-snippet:-1","max-image-preview":"max-image-preview:large","max-video-preview":"max-video-preview:-1"},"canonical":"https:\/\/weltlaeden.de\/billerbeck\/ueber-uns\/","og_locale":"de_DE","og_type":"article","og_title":"\u00dcber uns - Weltladen Billerbeck","og_description":"[vc_row][vc_column][vc_empty_space][vc_column_text] \u00dcber den Weltladen Billerbeck [\/vc_column_text][vc_column_text]Im November 2016 wurde der Weltladen Billerbeck feierlich er\u00f6ffnet. Dabei waren die B\u00fcrgermeisterin, Vertreter der katholischen und evangelischen Kirche (-&gt; Einsegnung des Hauses), eine Cellospielerin aus Brasilien sowie interessierte B\u00fcrgerinnen und B\u00fcrger. Der Weltladen liegt mitten in der Stadt, sozusagen am Puls der Zeit, direkt am Ludgerus-Dom. Und wenn die&hellip;","og_url":"https:\/\/weltlaeden.de\/billerbeck\/ueber-uns\/","og_site_name":"Weltladen Billerbeck","article_modified_time":"2021-02-16T10:19:17+00:00","og_image":[{"url":"https:\/\/weltlaeden.de\/billerbeck\/wp-content\/uploads\/sites\/66\/2020\/03\/bbb4_106_weltladen_branse_MFA_0097w-1024x442.jpg","type":"","width":"","height":""}],"twitter_card":"summary_large_image","twitter_misc":{"Gesch\u00e4tzte Lesezeit":"2\u00a0Minuten"},"schema":{"@context":"https:\/\/schema.org","@graph":[{"@type":"WebPage","@id":"https:\/\/weltlaeden.de\/billerbeck\/ueber-uns\/","url":"https:\/\/weltlaeden.de\/billerbeck\/ueber-uns\/","name":"\u00dcber uns - Weltladen Billerbeck","isPartOf":{"@id":"https:\/\/weltlaeden.de\/billerbeck\/#website"},"primaryImageOfPage":{"@id":"https:\/\/weltlaeden.de\/billerbeck\/ueber-uns\/#primaryimage"},"image":{"@id":"https:\/\/weltlaeden.de\/billerbeck\/ueber-uns\/#primaryimage"},"thumbnailUrl":"https:\/\/weltlaeden.de\/billerbeck\/wp-content\/uploads\/sites\/66\/2020\/03\/bbb4_106_weltladen_branse_MFA_0097w-1024x442.jpg","datePublished":"2016-10-28T11:34:47+00:00","dateModified":"2021-02-16T10:19:17+00:00","breadcrumb":{"@id":"https:\/\/weltlaeden.de\/billerbeck\/ueber-uns\/#breadcrumb"},"inLanguage":"de","potentialAction":[{"@type":"ReadAction","target":["https:\/\/weltlaeden.de\/billerbeck\/ueber-uns\/"]}]},{"@type":"ImageObject","inLanguage":"de","@id":"https:\/\/weltlaeden.de\/billerbeck\/ueber-uns\/#primaryimage","url":"https:\/\/weltlaeden.de\/billerbeck\/wp-content\/uploads\/sites\/66\/2020\/03\/bbb4_106_weltladen_branse_MFA_0097w.jpg","contentUrl":"https:\/\/weltlaeden.de\/billerbeck\/wp-content\/uploads\/sites\/66\/2020\/03\/bbb4_106_weltladen_branse_MFA_0097w.jpg","width":1920,"height":829},{"@type":"BreadcrumbList","@id":"https:\/\/weltlaeden.de\/billerbeck\/ueber-uns\/#breadcrumb","itemListElement":[{"@type":"ListItem","position":1,"name":"Startseite","item":"https:\/\/weltlaeden.de\/billerbeck\/"},{"@type":"ListItem","position":2,"name":"\u00dcber uns"}]},{"@type":"WebSite","@id":"https:\/\/weltlaeden.de\/billerbeck\/#website","url":"https:\/\/weltlaeden.de\/billerbeck\/","name":"Vorlage","description":"Fachgesch\u00e4ft f\u00fcr Fairen Handel","potentialAction":[{"@type":"SearchAction","target":{"@type":"EntryPoint","urlTemplate":"https:\/\/weltlaeden.de\/billerbeck\/?s={search_term_string}"},"query-input":{"@type":"PropertyValueSpecification","valueRequired":true,"valueName":"search_term_string"}}],"inLanguage":"de"}]}},"_links":{"self":[{"href":"https:\/\/weltlaeden.de\/billerbeck\/wp-json\/wp\/v2\/pages\/219","targetHints":{"allow":["GET"]}}],"collection":[{"href":"https:\/\/weltlaeden.de\/billerbeck\/wp-json\/wp\/v2\/pages"}],"about":[{"href":"https:\/\/weltlaeden.de\/billerbeck\/wp-json\/wp\/v2\/types\/page"}],"author":[{"embeddable":true,"href":"https:\/\/weltlaeden.de\/billerbeck\/wp-json\/wp\/v2\/users\/1"}],"replies":[{"embeddable":true,"href":"https:\/\/weltlaeden.de\/billerbeck\/wp-json\/wp\/v2\/comments?post=219"}],"version-history":[{"count":13,"href":"https:\/\/weltlaeden.de\/billerbeck\/wp-json\/wp\/v2\/pages\/219\/revisions"}],"predecessor-version":[{"id":489,"href":"https:\/\/weltlaeden.de\/billerbeck\/wp-json\/wp\/v2\/pages\/219\/revisions\/489"}],"wp:attachment":[{"href":"https:\/\/weltlaeden.de\/billerbeck\/wp-json\/wp\/v2\/media?parent=219"}],"curies":[{"name":"wp","href":"https:\/\/api.w.org\/{rel}","templated":true}]}}