{"id":217,"date":"2016-10-28T13:34:47","date_gmt":"2016-10-28T11:34:47","guid":{"rendered":"https:\/\/wl.heimpixel.de\/vorlage\/produkte\/"},"modified":"2020-03-10T12:02:34","modified_gmt":"2020-03-10T11:02:34","slug":"produkte","status":"publish","type":"page","link":"https:\/\/weltlaeden.de\/billerbeck\/produkte\/","title":{"rendered":"Produkte"},"content":{"rendered":"<div class=\"wpb-content-wrapper\"><p>[vc_row][vc_column]<div class=\"wl_einzelbild\"><p><\/p><\/div>[vc_empty_space][vc_column_text]<\/p>\n<h1>Unser Sortiment<\/h1>\n<p>[\/vc_column_text][vc_column_text]Wir laden Sie mit unseren Produkten ein zu einer Entdeckungsreise rund um den Globus! Bei uns finden Sie Lebensmittel und Kunsthandwerk aus vielen L\u00e4ndern Afrikas, S\u00fcdamerikas und Asiens.<\/p>\n<p>Alle Produkte, einschlie\u00dflich der Skulpturen, kommen von anerkannten Fair-Handels-Lieferanten, die vom Weltladen-Dachverband auf die Einhaltung der Konvention f\u00fcr Weltl\u00e4den \u00fcberpr\u00fcft wurden. Einige Produkte werden aus recycelten Materialien wie Reiss\u00e4cken oder Blechdosen hergestellt, was auch unserer Umwelt zugute kommt.[\/vc_column_text][vc_empty_space][vc_row_inner][vc_column_inner width=&#8220;1\/2&#8243;][vc_column_text]<\/p>\n<h2>Lebensmittel<\/h2>\n<p>[\/vc_column_text]<div class=\"wl_einzelbild\"><p><img loading=\"lazy\" decoding=\"async\" class=\"alignleft wp-image-456\" src=\"https:\/\/weltlaeden.de\/billerbeck\/wp-content\/uploads\/sites\/66\/2020\/03\/bbb4_106_weltladen_branse_MFA_0130w-1024x684.jpg\" alt=\"\" width=\"386\" height=\"258\" \/><\/p><\/div>[vc_column_text]Im Lebensmittelsortiment finden Sie Kaffee, Tee, Kakao, Schokolade, Mangoprodukte, N\u00fcsse und andere Spezialit\u00e4ten. Auch erlesene Weine gibt es im Weltladen Billerbeck.[\/vc_column_text][\/vc_column_inner][vc_column_inner width=&#8220;1\/2&#8243;][vc_column_text]<\/p>\n<h2>Kunsthandwerk &amp; Skulpturen<\/h2>\n<p>[\/vc_column_text]<div class=\"wl_einzelbild\"><p><img loading=\"lazy\" decoding=\"async\" class=\"aligncenter wp-image-454\" src=\"https:\/\/weltlaeden.de\/billerbeck\/wp-content\/uploads\/sites\/66\/2020\/03\/bbb4_106_weltladen_branse_MFA_0127w-1024x682.jpg\" alt=\"\" width=\"386\" height=\"257\" srcset=\"https:\/\/weltlaeden.de\/billerbeck\/wp-content\/uploads\/sites\/66\/2020\/03\/bbb4_106_weltladen_branse_MFA_0127w-1024x682.jpg 1024w, https:\/\/weltlaeden.de\/billerbeck\/wp-content\/uploads\/sites\/66\/2020\/03\/bbb4_106_weltladen_branse_MFA_0127w-300x200.jpg 300w, https:\/\/weltlaeden.de\/billerbeck\/wp-content\/uploads\/sites\/66\/2020\/03\/bbb4_106_weltladen_branse_MFA_0127w-768x512.jpg 768w, https:\/\/weltlaeden.de\/billerbeck\/wp-content\/uploads\/sites\/66\/2020\/03\/bbb4_106_weltladen_branse_MFA_0127w.jpg 1920w\" sizes=\"auto, (max-width: 386px) 100vw, 386px\" \/><\/p><\/div>[vc_column_text]Bei uns finden Sie unter anderem Taschen aus Nepal, kunstvolle Specksteinarbeiten aus Kenia, Silberschmuck aus Thailand, Kunsthandwerk aus Holz, Klangschalen, geflochtene K\u00f6rbe und Keramik.<\/p>\n<p>Seit M\u00e4rz 2018 befindet sich in der zweiten Etage eine &#8222;Insel&#8220; mit Skulpturen afrikanischer K\u00fcnstler\/innen.[\/vc_column_text][\/vc_column_inner][\/vc_row_inner][\/vc_column][\/vc_row]<\/p>\n<\/div>","protected":false},"excerpt":{"rendered":"<p>[vc_row][vc_column][vc_empty_space][vc_column_text] Unser Sortiment [\/vc_column_text][vc_column_text]Wir laden Sie mit unseren Produkten ein zu einer Entdeckungsreise rund um den Globus! Bei uns finden Sie Lebensmittel und Kunsthandwerk aus vielen L\u00e4ndern Afrikas, S\u00fcdamerikas und Asiens. Alle Produkte, einschlie\u00dflich der Skulpturen, kommen von anerkannten Fair-Handels-Lieferanten, die vom Weltladen-Dachverband auf die Einhaltung der Konvention f\u00fcr Weltl\u00e4den \u00fcberpr\u00fcft wurden. Einige Produkte werden&hellip;<\/p>\n","protected":false},"author":1,"featured_media":0,"parent":0,"menu_order":2,"comment_status":"closed","ping_status":"closed","template":"","meta":{"footnotes":""},"class_list":["post-217","page","type-page","status-publish","hentry","description-off"],"yoast_head":"<!-- This site is optimized with the Yoast SEO plugin v26.8 - https:\/\/yoast.com\/product\/yoast-seo-wordpress\/ -->\n<title>Produkte - Weltladen Billerbeck<\/title>\n<meta name=\"robots\" content=\"index, follow, max-snippet:-1, max-image-preview:large, max-video-preview:-1\" \/>\n<link rel=\"canonical\" href=\"https:\/\/weltlaeden.de\/billerbeck\/produkte\/\" \/>\n<meta property=\"og:locale\" content=\"de_DE\" \/>\n<meta property=\"og:type\" content=\"article\" \/>\n<meta property=\"og:title\" content=\"Produkte - Weltladen Billerbeck\" \/>\n<meta property=\"og:description\" content=\"[vc_row][vc_column][vc_empty_space][vc_column_text] Unser Sortiment [\/vc_column_text][vc_column_text]Wir laden Sie mit unseren Produkten ein zu einer Entdeckungsreise rund um den Globus! Bei uns finden Sie Lebensmittel und Kunsthandwerk aus vielen L\u00e4ndern Afrikas, S\u00fcdamerikas und Asiens. Alle Produkte, einschlie\u00dflich der Skulpturen, kommen von anerkannten Fair-Handels-Lieferanten, die vom Weltladen-Dachverband auf die Einhaltung der Konvention f\u00fcr Weltl\u00e4den \u00fcberpr\u00fcft wurden. Einige Produkte werden&hellip;\" \/>\n<meta property=\"og:url\" content=\"https:\/\/weltlaeden.de\/billerbeck\/produkte\/\" \/>\n<meta property=\"og:site_name\" content=\"Weltladen Billerbeck\" \/>\n<meta property=\"article:modified_time\" content=\"2020-03-10T11:02:34+00:00\" \/>\n<meta property=\"og:image\" content=\"https:\/\/weltlaeden.de\/billerbeck\/wp-content\/uploads\/sites\/66\/2020\/03\/bbb4_106_weltladen_branse_MFA_0130w-1024x684.jpg\" \/>\n<meta name=\"twitter:card\" content=\"summary_large_image\" \/>\n<meta name=\"twitter:label1\" content=\"Gesch\u00e4tzte Lesezeit\" \/>\n\t<meta name=\"twitter:data1\" content=\"1\u00a0Minute\" \/>\n<script type=\"application\/ld+json\" class=\"yoast-schema-graph\">{\"@context\":\"https:\/\/schema.org\",\"@graph\":[{\"@type\":\"WebPage\",\"@id\":\"https:\/\/weltlaeden.de\/billerbeck\/produkte\/\",\"url\":\"https:\/\/weltlaeden.de\/billerbeck\/produkte\/\",\"name\":\"Produkte - Weltladen Billerbeck\",\"isPartOf\":{\"@id\":\"https:\/\/weltlaeden.de\/billerbeck\/#website\"},\"primaryImageOfPage\":{\"@id\":\"https:\/\/weltlaeden.de\/billerbeck\/produkte\/#primaryimage\"},\"image\":{\"@id\":\"https:\/\/weltlaeden.de\/billerbeck\/produkte\/#primaryimage\"},\"thumbnailUrl\":\"https:\/\/weltlaeden.de\/billerbeck\/wp-content\/uploads\/sites\/66\/2020\/03\/bbb4_106_weltladen_branse_MFA_0130w-1024x684.jpg\",\"datePublished\":\"2016-10-28T11:34:47+00:00\",\"dateModified\":\"2020-03-10T11:02:34+00:00\",\"breadcrumb\":{\"@id\":\"https:\/\/weltlaeden.de\/billerbeck\/produkte\/#breadcrumb\"},\"inLanguage\":\"de\",\"potentialAction\":[{\"@type\":\"ReadAction\",\"target\":[\"https:\/\/weltlaeden.de\/billerbeck\/produkte\/\"]}]},{\"@type\":\"ImageObject\",\"inLanguage\":\"de\",\"@id\":\"https:\/\/weltlaeden.de\/billerbeck\/produkte\/#primaryimage\",\"url\":\"https:\/\/weltlaeden.de\/billerbeck\/wp-content\/uploads\/sites\/66\/2020\/03\/bbb4_106_weltladen_branse_MFA_0130w-1024x684.jpg\",\"contentUrl\":\"https:\/\/weltlaeden.de\/billerbeck\/wp-content\/uploads\/sites\/66\/2020\/03\/bbb4_106_weltladen_branse_MFA_0130w-1024x684.jpg\"},{\"@type\":\"BreadcrumbList\",\"@id\":\"https:\/\/weltlaeden.de\/billerbeck\/produkte\/#breadcrumb\",\"itemListElement\":[{\"@type\":\"ListItem\",\"position\":1,\"name\":\"Startseite\",\"item\":\"https:\/\/weltlaeden.de\/billerbeck\/\"},{\"@type\":\"ListItem\",\"position\":2,\"name\":\"Produkte\"}]},{\"@type\":\"WebSite\",\"@id\":\"https:\/\/weltlaeden.de\/billerbeck\/#website\",\"url\":\"https:\/\/weltlaeden.de\/billerbeck\/\",\"name\":\"Vorlage\",\"description\":\"Fachgesch\u00e4ft f\u00fcr Fairen Handel\",\"potentialAction\":[{\"@type\":\"SearchAction\",\"target\":{\"@type\":\"EntryPoint\",\"urlTemplate\":\"https:\/\/weltlaeden.de\/billerbeck\/?s={search_term_string}\"},\"query-input\":{\"@type\":\"PropertyValueSpecification\",\"valueRequired\":true,\"valueName\":\"search_term_string\"}}],\"inLanguage\":\"de\"}]}<\/script>\n<!-- \/ Yoast SEO plugin. -->","yoast_head_json":{"title":"Produkte - Weltladen Billerbeck","robots":{"index":"index","follow":"follow","max-snippet":"max-snippet:-1","max-image-preview":"max-image-preview:large","max-video-preview":"max-video-preview:-1"},"canonical":"https:\/\/weltlaeden.de\/billerbeck\/produkte\/","og_locale":"de_DE","og_type":"article","og_title":"Produkte - Weltladen Billerbeck","og_description":"[vc_row][vc_column][vc_empty_space][vc_column_text] Unser Sortiment [\/vc_column_text][vc_column_text]Wir laden Sie mit unseren Produkten ein zu einer Entdeckungsreise rund um den Globus! Bei uns finden Sie Lebensmittel und Kunsthandwerk aus vielen L\u00e4ndern Afrikas, S\u00fcdamerikas und Asiens. Alle Produkte, einschlie\u00dflich der Skulpturen, kommen von anerkannten Fair-Handels-Lieferanten, die vom Weltladen-Dachverband auf die Einhaltung der Konvention f\u00fcr Weltl\u00e4den \u00fcberpr\u00fcft wurden. Einige Produkte werden&hellip;","og_url":"https:\/\/weltlaeden.de\/billerbeck\/produkte\/","og_site_name":"Weltladen Billerbeck","article_modified_time":"2020-03-10T11:02:34+00:00","og_image":[{"url":"https:\/\/weltlaeden.de\/billerbeck\/wp-content\/uploads\/sites\/66\/2020\/03\/bbb4_106_weltladen_branse_MFA_0130w-1024x684.jpg","type":"","width":"","height":""}],"twitter_card":"summary_large_image","twitter_misc":{"Gesch\u00e4tzte Lesezeit":"1\u00a0Minute"},"schema":{"@context":"https:\/\/schema.org","@graph":[{"@type":"WebPage","@id":"https:\/\/weltlaeden.de\/billerbeck\/produkte\/","url":"https:\/\/weltlaeden.de\/billerbeck\/produkte\/","name":"Produkte - Weltladen Billerbeck","isPartOf":{"@id":"https:\/\/weltlaeden.de\/billerbeck\/#website"},"primaryImageOfPage":{"@id":"https:\/\/weltlaeden.de\/billerbeck\/produkte\/#primaryimage"},"image":{"@id":"https:\/\/weltlaeden.de\/billerbeck\/produkte\/#primaryimage"},"thumbnailUrl":"https:\/\/weltlaeden.de\/billerbeck\/wp-content\/uploads\/sites\/66\/2020\/03\/bbb4_106_weltladen_branse_MFA_0130w-1024x684.jpg","datePublished":"2016-10-28T11:34:47+00:00","dateModified":"2020-03-10T11:02:34+00:00","breadcrumb":{"@id":"https:\/\/weltlaeden.de\/billerbeck\/produkte\/#breadcrumb"},"inLanguage":"de","potentialAction":[{"@type":"ReadAction","target":["https:\/\/weltlaeden.de\/billerbeck\/produkte\/"]}]},{"@type":"ImageObject","inLanguage":"de","@id":"https:\/\/weltlaeden.de\/billerbeck\/produkte\/#primaryimage","url":"https:\/\/weltlaeden.de\/billerbeck\/wp-content\/uploads\/sites\/66\/2020\/03\/bbb4_106_weltladen_branse_MFA_0130w-1024x684.jpg","contentUrl":"https:\/\/weltlaeden.de\/billerbeck\/wp-content\/uploads\/sites\/66\/2020\/03\/bbb4_106_weltladen_branse_MFA_0130w-1024x684.jpg"},{"@type":"BreadcrumbList","@id":"https:\/\/weltlaeden.de\/billerbeck\/produkte\/#breadcrumb","itemListElement":[{"@type":"ListItem","position":1,"name":"Startseite","item":"https:\/\/weltlaeden.de\/billerbeck\/"},{"@type":"ListItem","position":2,"name":"Produkte"}]},{"@type":"WebSite","@id":"https:\/\/weltlaeden.de\/billerbeck\/#website","url":"https:\/\/weltlaeden.de\/billerbeck\/","name":"Vorlage","description":"Fachgesch\u00e4ft f\u00fcr Fairen Handel","potentialAction":[{"@type":"SearchAction","target":{"@type":"EntryPoint","urlTemplate":"https:\/\/weltlaeden.de\/billerbeck\/?s={search_term_string}"},"query-input":{"@type":"PropertyValueSpecification","valueRequired":true,"valueName":"search_term_string"}}],"inLanguage":"de"}]}},"_links":{"self":[{"href":"https:\/\/weltlaeden.de\/billerbeck\/wp-json\/wp\/v2\/pages\/217","targetHints":{"allow":["GET"]}}],"collection":[{"href":"https:\/\/weltlaeden.de\/billerbeck\/wp-json\/wp\/v2\/pages"}],"about":[{"href":"https:\/\/weltlaeden.de\/billerbeck\/wp-json\/wp\/v2\/types\/page"}],"author":[{"embeddable":true,"href":"https:\/\/weltlaeden.de\/billerbeck\/wp-json\/wp\/v2\/users\/1"}],"replies":[{"embeddable":true,"href":"https:\/\/weltlaeden.de\/billerbeck\/wp-json\/wp\/v2\/comments?post=217"}],"version-history":[{"count":12,"href":"https:\/\/weltlaeden.de\/billerbeck\/wp-json\/wp\/v2\/pages\/217\/revisions"}],"predecessor-version":[{"id":466,"href":"https:\/\/weltlaeden.de\/billerbeck\/wp-json\/wp\/v2\/pages\/217\/revisions\/466"}],"wp:attachment":[{"href":"https:\/\/weltlaeden.de\/billerbeck\/wp-json\/wp\/v2\/media?parent=217"}],"curies":[{"name":"wp","href":"https:\/\/api.w.org\/{rel}","templated":true}]}}

<div class="wpb-content-wrapper"><p>[vc_row][vc_column]<div class="wl_einzelbild"><p></p></div>[vc_empty_space][vc_column_text]</p>
<h1>Unser Sortiment</h1>
<p>[/vc_column_text][vc_column_text]Wir laden Sie mit unseren Produkten ein zu einer Entdeckungsreise rund um den Globus! Bei uns finden Sie Lebensmittel und Kunsthandwerk aus vielen Ländern Afrikas, Südamerikas und Asiens.</p>
<p>Alle Produkte, einschließlich der Skulpturen, kommen von anerkannten Fair-Handels-Lieferanten, die vom Weltladen-Dachverband auf die Einhaltung der Konvention für Weltläden überprüft wurden. Einige Produkte werden aus recycelten Materialien wie Reissäcken oder Blechdosen hergestellt, was auch unserer Umwelt zugute kommt.[/vc_column_text][vc_empty_space][vc_row_inner][vc_column_inner width=&#8220;1/2&#8243;][vc_column_text]</p>
<h2>Lebensmittel</h2>
<p>[/vc_column_text]<div class="wl_einzelbild"><p><img loading="lazy" decoding="async" class="alignleft wp-image-456" src="https://weltlaeden.de/billerbeck/wp-content/uploads/sites/66/2020/03/bbb4_106_weltladen_branse_MFA_0130w-1024x684.jpg" alt="" width="386" height="258" /></p></div>[vc_column_text]Im Lebensmittelsortiment finden Sie Kaffee, Tee, Kakao, Schokolade, Mangoprodukte, Nüsse und andere Spezialitäten. Auch erlesene Weine gibt es im Weltladen Billerbeck.[/vc_column_text][/vc_column_inner][vc_column_inner width=&#8220;1/2&#8243;][vc_column_text]</p>
<h2>Kunsthandwerk &amp; Skulpturen</h2>
<p>[/vc_column_text]<div class="wl_einzelbild"><p><img loading="lazy" decoding="async" class="aligncenter wp-image-454" src="https://weltlaeden.de/billerbeck/wp-content/uploads/sites/66/2020/03/bbb4_106_weltladen_branse_MFA_0127w-1024x682.jpg" alt="" width="386" height="257" srcset="https://weltlaeden.de/billerbeck/wp-content/uploads/sites/66/2020/03/bbb4_106_weltladen_branse_MFA_0127w-1024x682.jpg 1024w, https://weltlaeden.de/billerbeck/wp-content/uploads/sites/66/2020/03/bbb4_106_weltladen_branse_MFA_0127w-300x200.jpg 300w, https://weltlaeden.de/billerbeck/wp-content/uploads/sites/66/2020/03/bbb4_106_weltladen_branse_MFA_0127w-768x512.jpg 768w, https://weltlaeden.de/billerbeck/wp-content/uploads/sites/66/2020/03/bbb4_106_weltladen_branse_MFA_0127w.jpg 1920w" sizes="auto, (max-width: 386px) 100vw, 386px" /></p></div>[vc_column_text]Bei uns finden Sie unter anderem Taschen aus Nepal, kunstvolle Specksteinarbeiten aus Kenia, Silberschmuck aus Thailand, Kunsthandwerk aus Holz, Klangschalen, geflochtene Körbe und Keramik.</p>
<p>Seit März 2018 befindet sich in der zweiten Etage eine &#8222;Insel&#8220; mit Skulpturen afrikanischer Künstler/innen.[/vc_column_text][/vc_column_inner][/vc_row_inner][/vc_column][/vc_row]</p>
</div>

<p>[vc_row][vc_column][vc_empty_space][vc_column_text] Unser Sortiment [/vc_column_text][vc_column_text]Wir laden Sie mit unseren Produkten ein zu einer Entdeckungsreise rund um den Globus! Bei uns finden Sie Lebensmittel und Kunsthandwerk aus vielen Ländern Afrikas, Südamerikas und Asiens. Alle Produkte, einschließlich der Skulpturen, kommen von anerkannten Fair-Handels-Lieferanten, die vom Weltladen-Dachverband auf die Einhaltung der Konvention für Weltläden überprüft wurden. Einige Produkte werden&hellip;</p>

<!-- This site is optimized with the Yoast SEO plugin v26.8 - https://yoast.com/product/yoast-seo-wordpress/ -->
<title>Produkte - Weltladen Billerbeck</title>
<meta name="robots" content="index, follow, max-snippet:-1, max-image-preview:large, max-video-preview:-1" />
<link rel="canonical" href="https://weltlaeden.de/billerbeck/produkte/" />
<meta property="og:locale" content="de_DE" />
<meta property="og:type" content="article" />
<meta property="og:title" content="Produkte - Weltladen Billerbeck" />
<meta property="og:description" content="[vc_row][vc_column][vc_empty_space][vc_column_text] Unser Sortiment [/vc_column_text][vc_column_text]Wir laden Sie mit unseren Produkten ein zu einer Entdeckungsreise rund um den Globus! Bei uns finden Sie Lebensmittel und Kunsthandwerk aus vielen Ländern Afrikas, Südamerikas und Asiens. Alle Produkte, einschließlich der Skulpturen, kommen von anerkannten Fair-Handels-Lieferanten, die vom Weltladen-Dachverband auf die Einhaltung der Konvention für Weltläden überprüft wurden. Einige Produkte werden&hellip;" />
<meta property="og:url" content="https://weltlaeden.de/billerbeck/produkte/" />
<meta property="og:site_name" content="Weltladen Billerbeck" />
<meta property="article:modified_time" content="2020-03-10T11:02:34+00:00" />
<meta property="og:image" content="https://weltlaeden.de/billerbeck/wp-content/uploads/sites/66/2020/03/bbb4_106_weltladen_branse_MFA_0130w-1024x684.jpg" />
<meta name="twitter:card" content="summary_large_image" />
<meta name="twitter:label1" content="Geschätzte Lesezeit" />
	<meta name="twitter:data1" content="1 Minute" />
<script type="application/ld+json" class="yoast-schema-graph">{"@context":"https://schema.org","@graph":[{"@type":"WebPage","@id":"https://weltlaeden.de/billerbeck/produkte/","url":"https://weltlaeden.de/billerbeck/produkte/","name":"Produkte - Weltladen Billerbeck","isPartOf":{"@id":"https://weltlaeden.de/billerbeck/#website"},"primaryImageOfPage":{"@id":"https://weltlaeden.de/billerbeck/produkte/#primaryimage"},"image":{"@id":"https://weltlaeden.de/billerbeck/produkte/#primaryimage"},"thumbnailUrl":"https://weltlaeden.de/billerbeck/wp-content/uploads/sites/66/2020/03/bbb4_106_weltladen_branse_MFA_0130w-1024x684.jpg","datePublished":"2016-10-28T11:34:47+00:00","dateModified":"2020-03-10T11:02:34+00:00","breadcrumb":{"@id":"https://weltlaeden.de/billerbeck/produkte/#breadcrumb"},"inLanguage":"de","potentialAction":[{"@type":"ReadAction","target":["https://weltlaeden.de/billerbeck/produkte/"]}]},{"@type":"ImageObject","inLanguage":"de","@id":"https://weltlaeden.de/billerbeck/produkte/#primaryimage","url":"https://weltlaeden.de/billerbeck/wp-content/uploads/sites/66/2020/03/bbb4_106_weltladen_branse_MFA_0130w-1024x684.jpg","contentUrl":"https://weltlaeden.de/billerbeck/wp-content/uploads/sites/66/2020/03/bbb4_106_weltladen_branse_MFA_0130w-1024x684.jpg"},{"@type":"BreadcrumbList","@id":"https://weltlaeden.de/billerbeck/produkte/#breadcrumb","itemListElement":[{"@type":"ListItem","position":1,"name":"Startseite","item":"https://weltlaeden.de/billerbeck/"},{"@type":"ListItem","position":2,"name":"Produkte"}]},{"@type":"WebSite","@id":"https://weltlaeden.de/billerbeck/#website","url":"https://weltlaeden.de/billerbeck/","name":"Vorlage","description":"Fachgeschäft für Fairen Handel","potentialAction":[{"@type":"SearchAction","target":{"@type":"EntryPoint","urlTemplate":"https://weltlaeden.de/billerbeck/?s={search_term_string}"},"query-input":{"@type":"PropertyValueSpecification","valueRequired":true,"valueName":"search_term_string"}}],"inLanguage":"de"}]}</script>
<!-- / Yoast SEO plugin. -->

[vc_row][vc_column][vc_empty_space][vc_column_text] Unser Sortiment [/vc_column_text][vc_column_text]Wir laden Sie mit unseren Produkten ein zu einer Entdeckungsreise rund um den Globus! Bei uns finden Sie Lebensmittel und Kunsthandwerk aus vielen Ländern Afrikas, Südamerikas und Asiens. Alle Produkte, einschließlich der Skulpturen, kommen von anerkannten Fair-Handels-Lieferanten, die vom Weltladen-Dachverband auf die Einhaltung der Konvention für Weltläden überprüft wurden. Einige Produkte werden&hellip;

Fachgeschäft für Fairen Handel
