{"id":750,"date":"2024-07-10T12:18:52","date_gmt":"2024-07-10T10:18:52","guid":{"rendered":"https:\/\/weltlaeden.de\/biberach\/lebensmittel-2\/"},"modified":"2024-08-13T20:53:37","modified_gmt":"2024-08-13T18:53:37","slug":"food","status":"publish","type":"page","link":"https:\/\/weltlaeden.de\/biberach\/food\/","title":{"rendered":"Food"},"content":{"rendered":"<div class=\"wpb-content-wrapper\"><p>[vc_row][vc_column][vc_empty_space height=&#8220;20px&#8220;]<div class=\"wl_einzelbild\"><p><img loading=\"lazy\" decoding=\"async\" class=\"alignnone wp-image-769\" src=\"https:\/\/weltlaeden.de\/biberach\/wp-content\/uploads\/sites\/49\/2024\/07\/20240618_125933-300x248.jpg\" alt=\"\" width=\"322\" height=\"266\" srcset=\"https:\/\/weltlaeden.de\/biberach\/wp-content\/uploads\/sites\/49\/2024\/07\/20240618_125933-300x248.jpg 300w, https:\/\/weltlaeden.de\/biberach\/wp-content\/uploads\/sites\/49\/2024\/07\/20240618_125933-1024x847.jpg 1024w, https:\/\/weltlaeden.de\/biberach\/wp-content\/uploads\/sites\/49\/2024\/07\/20240618_125933-768x635.jpg 768w, https:\/\/weltlaeden.de\/biberach\/wp-content\/uploads\/sites\/49\/2024\/07\/20240618_125933-1536x1270.jpg 1536w, https:\/\/weltlaeden.de\/biberach\/wp-content\/uploads\/sites\/49\/2024\/07\/20240618_125933.jpg 2048w\" sizes=\"auto, (max-width: 322px) 100vw, 322px\" \/><img loading=\"lazy\" decoding=\"async\" class=\" wp-image-767 alignright\" src=\"https:\/\/weltlaeden.de\/biberach\/wp-content\/uploads\/sites\/49\/2024\/07\/20240618_125458-300x225.jpg\" alt=\"\" width=\"347\" height=\"261\" srcset=\"https:\/\/weltlaeden.de\/biberach\/wp-content\/uploads\/sites\/49\/2024\/07\/20240618_125458-300x225.jpg 300w, https:\/\/weltlaeden.de\/biberach\/wp-content\/uploads\/sites\/49\/2024\/07\/20240618_125458-1024x768.jpg 1024w, https:\/\/weltlaeden.de\/biberach\/wp-content\/uploads\/sites\/49\/2024\/07\/20240618_125458-768x576.jpg 768w, https:\/\/weltlaeden.de\/biberach\/wp-content\/uploads\/sites\/49\/2024\/07\/20240618_125458-1536x1152.jpg 1536w, https:\/\/weltlaeden.de\/biberach\/wp-content\/uploads\/sites\/49\/2024\/07\/20240618_125458.jpg 2048w\" sizes=\"auto, (max-width: 347px) 100vw, 347px\" \/><\/p><\/div>[vc_empty_space height=&#8220;20px&#8220;][vc_column_text css=&#8220;&#8220;]<\/p>\n<h1>Unser Sortiment im Bereich Food<\/h1>\n<p>[\/vc_column_text][vc_empty_space height=&#8220;20px&#8220;][vc_row_inner][vc_column_inner][vc_column_text css=&#8220;&#8220;]<\/p>\n<h2>Biberbohne<\/h2>\n<p>[\/vc_column_text]<div class=\"wl_einzelbild\"><p><img loading=\"lazy\" decoding=\"async\" class=\"alignnone wp-image-643\" src=\"https:\/\/weltlaeden.de\/biberach\/wp-content\/uploads\/sites\/49\/2024\/06\/20240626_104203-195x300.jpg\" alt=\"\" width=\"319\" height=\"491\" srcset=\"https:\/\/weltlaeden.de\/biberach\/wp-content\/uploads\/sites\/49\/2024\/06\/20240626_104203-195x300.jpg 195w, https:\/\/weltlaeden.de\/biberach\/wp-content\/uploads\/sites\/49\/2024\/06\/20240626_104203-664x1024.jpg 664w, https:\/\/weltlaeden.de\/biberach\/wp-content\/uploads\/sites\/49\/2024\/06\/20240626_104203-768x1184.jpg 768w, https:\/\/weltlaeden.de\/biberach\/wp-content\/uploads\/sites\/49\/2024\/06\/20240626_104203-996x1536.jpg 996w, https:\/\/weltlaeden.de\/biberach\/wp-content\/uploads\/sites\/49\/2024\/06\/20240626_104203.jpg 1328w\" sizes=\"auto, (max-width: 319px) 100vw, 319px\" \/><\/p><\/div>[vc_column_text css=&#8220;&#8220;]Die Biberbohne ist unser St\u00e4dte-und Agendakaffee. Das bedeutet, dass der Weltladen und die Agenda 21 der Stadt Biberach gemeinsam den Kleinbauernfamilien der Nicaraguanischen Kooperative Cosatin den regelm\u00e4\u00dfigen Absatz dieses Arabica Kaffees erm\u00f6glichen. Zudem findet im Rahmen der Lokalen Agenda 21 wichtige Bewusstseinsbildung zum Fairen Handel statt.[\/vc_column_text][vc_column_text css=&#8220;&#8220;]<\/p>\n<p style=\"text-align: left\">Kaffee ist das meistkonsumierte Getr\u00e4nk Deutschland und aus unserem Alltag nicht mehr wegzudenken. Mit knapp 800 Tassen pro Kopf und Jahr ist Kaffee der Deutschen liebstes Getr\u00e4nk. F\u00fcr viele Millionen Menschen in den Entwicklungsl\u00e4ndern ist Kaffee die Basis ihrer Existenz, f\u00fcr ihre L\u00e4nder die Haupteinnahmequelle. Der Kaffee-Weltmarkt ist hart und Handelsketten fechten ihre Konkurrenz h\u00e4ufig \u00fcber den Verkaufspreis f\u00fcr Kaffee aus. Das alles macht Kaffee zu einem guten Beispiel f\u00fcr die Anliegen der Agenda 21, denn die Produktions- und Handelsbedingungen der billigen Bohnen sind weder sozial- noch umweltvertr\u00e4glich,also nicht im Sinne eines nachhaltigen Wirtschaftens. In vielen Anbaul\u00e4ndern, wie Mexiko, Nicaragua, Kolumbien, \u00c4thiopien, Uguanda und Elfenbeink\u00fcste kommt es zu dramatischen Verelendungen in den Kaffeeregionen. Vorallem Kleinbauern werden h\u00e4ufig gezwungen ihre Ernte zu 20 bis 50% des Weltmarktpreises, der ohnehin sehr niedrig ist, zu verkaufen. Sie haben daher keine \u00dcberlebensperspektive und werden in die Elendsquartiere der gro\u00dfen St\u00e4dte verdr\u00e4ngt. So mussten beispielsweise in Honduras bereits rund 40 Prozent der Kaffee-Kleinbauern aufgeben.<\/p>\n<p>[\/vc_column_text][vc_empty_space height=&#8220;20px&#8220;][vc_column_text css=&#8220;&#8220;]<\/p>\n<h2>Biberacher Stadtschokolade<\/h2>\n<p>[\/vc_column_text]<div class=\"wl_einzelbild\"><p><img loading=\"lazy\" decoding=\"async\" class=\"alignnone wp-image-778\" src=\"https:\/\/weltlaeden.de\/biberach\/wp-content\/uploads\/sites\/49\/2024\/07\/20240701_195525-300x93.jpg\" alt=\"\" width=\"581\" height=\"180\" srcset=\"https:\/\/weltlaeden.de\/biberach\/wp-content\/uploads\/sites\/49\/2024\/07\/20240701_195525-300x93.jpg 300w, https:\/\/weltlaeden.de\/biberach\/wp-content\/uploads\/sites\/49\/2024\/07\/20240701_195525-1024x318.jpg 1024w, https:\/\/weltlaeden.de\/biberach\/wp-content\/uploads\/sites\/49\/2024\/07\/20240701_195525-768x239.jpg 768w, https:\/\/weltlaeden.de\/biberach\/wp-content\/uploads\/sites\/49\/2024\/07\/20240701_195525-1536x477.jpg 1536w, https:\/\/weltlaeden.de\/biberach\/wp-content\/uploads\/sites\/49\/2024\/07\/20240701_195525.jpg 2048w\" sizes=\"auto, (max-width: 581px) 100vw, 581px\" \/><\/p><\/div>[\/vc_column_inner][\/vc_row_inner][vc_column_text css=&#8220;&#8220;]Unsere Biberacher Stadtschokolade mit wundersch\u00f6nen Biberach Motiven.[\/vc_column_text][vc_empty_space height=&#8220;20px&#8220;][\/vc_column][\/vc_row]<\/p>\n<\/div>","protected":false},"excerpt":{"rendered":"<p>[vc_row][vc_column][vc_empty_space height=&#8220;20px&#8220;][vc_empty_space height=&#8220;20px&#8220;][vc_column_text css=&#8220;&#8220;] Unser Sortiment im Bereich Food [\/vc_column_text][vc_empty_space height=&#8220;20px&#8220;][vc_row_inner][vc_column_inner][vc_column_text css=&#8220;&#8220;] Biberbohne [\/vc_column_text][vc_column_text css=&#8220;&#8220;]Die Biberbohne ist unser St\u00e4dte-und Agendakaffee. Das bedeutet, dass der Weltladen und die Agenda 21 der Stadt Biberach gemeinsam den Kleinbauernfamilien der Nicaraguanischen Kooperative Cosatin den regelm\u00e4\u00dfigen Absatz dieses Arabica Kaffees erm\u00f6glichen. Zudem findet im Rahmen der Lokalen Agenda 21 wichtige&hellip;<\/p>\n","protected":false},"author":14,"featured_media":0,"parent":0,"menu_order":3,"comment_status":"closed","ping_status":"closed","template":"","meta":{"footnotes":""},"class_list":["post-750","page","type-page","status-publish","hentry","description-off"],"yoast_head":"<!-- This site is optimized with the Yoast SEO plugin v26.8 - https:\/\/yoast.com\/product\/yoast-seo-wordpress\/ -->\n<title>Food - Weltladen Biberach<\/title>\n<meta name=\"robots\" content=\"index, follow, max-snippet:-1, max-image-preview:large, max-video-preview:-1\" \/>\n<link rel=\"canonical\" href=\"https:\/\/weltlaeden.de\/biberach\/food\/\" \/>\n<meta property=\"og:locale\" content=\"de_DE\" \/>\n<meta property=\"og:type\" content=\"article\" \/>\n<meta property=\"og:title\" content=\"Food - Weltladen Biberach\" \/>\n<meta property=\"og:description\" content=\"[vc_row][vc_column][vc_empty_space height=&#8220;20px&#8220;][vc_empty_space height=&#8220;20px&#8220;][vc_column_text css=&#8220;&#8220;] Unser Sortiment im Bereich Food [\/vc_column_text][vc_empty_space height=&#8220;20px&#8220;][vc_row_inner][vc_column_inner][vc_column_text css=&#8220;&#8220;] Biberbohne [\/vc_column_text][vc_column_text css=&#8220;&#8220;]Die Biberbohne ist unser St\u00e4dte-und Agendakaffee. Das bedeutet, dass der Weltladen und die Agenda 21 der Stadt Biberach gemeinsam den Kleinbauernfamilien der Nicaraguanischen Kooperative Cosatin den regelm\u00e4\u00dfigen Absatz dieses Arabica Kaffees erm\u00f6glichen. Zudem findet im Rahmen der Lokalen Agenda 21 wichtige&hellip;\" \/>\n<meta property=\"og:url\" content=\"https:\/\/weltlaeden.de\/biberach\/food\/\" \/>\n<meta property=\"og:site_name\" content=\"Weltladen Biberach\" \/>\n<meta property=\"article:modified_time\" content=\"2024-08-13T18:53:37+00:00\" \/>\n<meta property=\"og:image\" content=\"https:\/\/weltlaeden.de\/biberach\/wp-content\/uploads\/sites\/49\/2024\/07\/20240618_125933-300x248.jpg\" \/>\n<meta name=\"twitter:card\" content=\"summary_large_image\" \/>\n<meta name=\"twitter:label1\" content=\"Gesch\u00e4tzte Lesezeit\" \/>\n\t<meta name=\"twitter:data1\" content=\"3\u00a0Minuten\" \/>\n<script type=\"application\/ld+json\" class=\"yoast-schema-graph\">{\"@context\":\"https:\/\/schema.org\",\"@graph\":[{\"@type\":\"WebPage\",\"@id\":\"https:\/\/weltlaeden.de\/biberach\/food\/\",\"url\":\"https:\/\/weltlaeden.de\/biberach\/food\/\",\"name\":\"Food - Weltladen Biberach\",\"isPartOf\":{\"@id\":\"https:\/\/weltlaeden.de\/biberach\/#website\"},\"primaryImageOfPage\":{\"@id\":\"https:\/\/weltlaeden.de\/biberach\/food\/#primaryimage\"},\"image\":{\"@id\":\"https:\/\/weltlaeden.de\/biberach\/food\/#primaryimage\"},\"thumbnailUrl\":\"https:\/\/weltlaeden.de\/biberach\/wp-content\/uploads\/sites\/49\/2024\/07\/20240618_125933-300x248.jpg\",\"datePublished\":\"2024-07-10T10:18:52+00:00\",\"dateModified\":\"2024-08-13T18:53:37+00:00\",\"breadcrumb\":{\"@id\":\"https:\/\/weltlaeden.de\/biberach\/food\/#breadcrumb\"},\"inLanguage\":\"de\",\"potentialAction\":[{\"@type\":\"ReadAction\",\"target\":[\"https:\/\/weltlaeden.de\/biberach\/food\/\"]}]},{\"@type\":\"ImageObject\",\"inLanguage\":\"de\",\"@id\":\"https:\/\/weltlaeden.de\/biberach\/food\/#primaryimage\",\"url\":\"https:\/\/weltlaeden.de\/biberach\/wp-content\/uploads\/sites\/49\/2024\/07\/20240618_125933.jpg\",\"contentUrl\":\"https:\/\/weltlaeden.de\/biberach\/wp-content\/uploads\/sites\/49\/2024\/07\/20240618_125933.jpg\",\"width\":2048,\"height\":1693},{\"@type\":\"BreadcrumbList\",\"@id\":\"https:\/\/weltlaeden.de\/biberach\/food\/#breadcrumb\",\"itemListElement\":[{\"@type\":\"ListItem\",\"position\":1,\"name\":\"Startseite\",\"item\":\"https:\/\/weltlaeden.de\/biberach\/\"},{\"@type\":\"ListItem\",\"position\":2,\"name\":\"Food\"}]},{\"@type\":\"WebSite\",\"@id\":\"https:\/\/weltlaeden.de\/biberach\/#website\",\"url\":\"https:\/\/weltlaeden.de\/biberach\/\",\"name\":\"Vorlage\",\"description\":\"Faire Produkte seit 1981\",\"potentialAction\":[{\"@type\":\"SearchAction\",\"target\":{\"@type\":\"EntryPoint\",\"urlTemplate\":\"https:\/\/weltlaeden.de\/biberach\/?s={search_term_string}\"},\"query-input\":{\"@type\":\"PropertyValueSpecification\",\"valueRequired\":true,\"valueName\":\"search_term_string\"}}],\"inLanguage\":\"de\"}]}<\/script>\n<!-- \/ Yoast SEO plugin. -->","yoast_head_json":{"title":"Food - Weltladen Biberach","robots":{"index":"index","follow":"follow","max-snippet":"max-snippet:-1","max-image-preview":"max-image-preview:large","max-video-preview":"max-video-preview:-1"},"canonical":"https:\/\/weltlaeden.de\/biberach\/food\/","og_locale":"de_DE","og_type":"article","og_title":"Food - Weltladen Biberach","og_description":"[vc_row][vc_column][vc_empty_space height=&#8220;20px&#8220;][vc_empty_space height=&#8220;20px&#8220;][vc_column_text css=&#8220;&#8220;] Unser Sortiment im Bereich Food [\/vc_column_text][vc_empty_space height=&#8220;20px&#8220;][vc_row_inner][vc_column_inner][vc_column_text css=&#8220;&#8220;] Biberbohne [\/vc_column_text][vc_column_text css=&#8220;&#8220;]Die Biberbohne ist unser St\u00e4dte-und Agendakaffee. Das bedeutet, dass der Weltladen und die Agenda 21 der Stadt Biberach gemeinsam den Kleinbauernfamilien der Nicaraguanischen Kooperative Cosatin den regelm\u00e4\u00dfigen Absatz dieses Arabica Kaffees erm\u00f6glichen. Zudem findet im Rahmen der Lokalen Agenda 21 wichtige&hellip;","og_url":"https:\/\/weltlaeden.de\/biberach\/food\/","og_site_name":"Weltladen Biberach","article_modified_time":"2024-08-13T18:53:37+00:00","og_image":[{"url":"https:\/\/weltlaeden.de\/biberach\/wp-content\/uploads\/sites\/49\/2024\/07\/20240618_125933-300x248.jpg","type":"","width":"","height":""}],"twitter_card":"summary_large_image","twitter_misc":{"Gesch\u00e4tzte Lesezeit":"3\u00a0Minuten"},"schema":{"@context":"https:\/\/schema.org","@graph":[{"@type":"WebPage","@id":"https:\/\/weltlaeden.de\/biberach\/food\/","url":"https:\/\/weltlaeden.de\/biberach\/food\/","name":"Food - Weltladen Biberach","isPartOf":{"@id":"https:\/\/weltlaeden.de\/biberach\/#website"},"primaryImageOfPage":{"@id":"https:\/\/weltlaeden.de\/biberach\/food\/#primaryimage"},"image":{"@id":"https:\/\/weltlaeden.de\/biberach\/food\/#primaryimage"},"thumbnailUrl":"https:\/\/weltlaeden.de\/biberach\/wp-content\/uploads\/sites\/49\/2024\/07\/20240618_125933-300x248.jpg","datePublished":"2024-07-10T10:18:52+00:00","dateModified":"2024-08-13T18:53:37+00:00","breadcrumb":{"@id":"https:\/\/weltlaeden.de\/biberach\/food\/#breadcrumb"},"inLanguage":"de","potentialAction":[{"@type":"ReadAction","target":["https:\/\/weltlaeden.de\/biberach\/food\/"]}]},{"@type":"ImageObject","inLanguage":"de","@id":"https:\/\/weltlaeden.de\/biberach\/food\/#primaryimage","url":"https:\/\/weltlaeden.de\/biberach\/wp-content\/uploads\/sites\/49\/2024\/07\/20240618_125933.jpg","contentUrl":"https:\/\/weltlaeden.de\/biberach\/wp-content\/uploads\/sites\/49\/2024\/07\/20240618_125933.jpg","width":2048,"height":1693},{"@type":"BreadcrumbList","@id":"https:\/\/weltlaeden.de\/biberach\/food\/#breadcrumb","itemListElement":[{"@type":"ListItem","position":1,"name":"Startseite","item":"https:\/\/weltlaeden.de\/biberach\/"},{"@type":"ListItem","position":2,"name":"Food"}]},{"@type":"WebSite","@id":"https:\/\/weltlaeden.de\/biberach\/#website","url":"https:\/\/weltlaeden.de\/biberach\/","name":"Vorlage","description":"Faire Produkte seit 1981","potentialAction":[{"@type":"SearchAction","target":{"@type":"EntryPoint","urlTemplate":"https:\/\/weltlaeden.de\/biberach\/?s={search_term_string}"},"query-input":{"@type":"PropertyValueSpecification","valueRequired":true,"valueName":"search_term_string"}}],"inLanguage":"de"}]}},"_links":{"self":[{"href":"https:\/\/weltlaeden.de\/biberach\/wp-json\/wp\/v2\/pages\/750","targetHints":{"allow":["GET"]}}],"collection":[{"href":"https:\/\/weltlaeden.de\/biberach\/wp-json\/wp\/v2\/pages"}],"about":[{"href":"https:\/\/weltlaeden.de\/biberach\/wp-json\/wp\/v2\/types\/page"}],"author":[{"embeddable":true,"href":"https:\/\/weltlaeden.de\/biberach\/wp-json\/wp\/v2\/users\/14"}],"replies":[{"embeddable":true,"href":"https:\/\/weltlaeden.de\/biberach\/wp-json\/wp\/v2\/comments?post=750"}],"version-history":[{"count":19,"href":"https:\/\/weltlaeden.de\/biberach\/wp-json\/wp\/v2\/pages\/750\/revisions"}],"predecessor-version":[{"id":844,"href":"https:\/\/weltlaeden.de\/biberach\/wp-json\/wp\/v2\/pages\/750\/revisions\/844"}],"wp:attachment":[{"href":"https:\/\/weltlaeden.de\/biberach\/wp-json\/wp\/v2\/media?parent=750"}],"curies":[{"name":"wp","href":"https:\/\/api.w.org\/{rel}","templated":true}]}}