{"id":787,"date":"2022-02-05T12:30:09","date_gmt":"2022-02-05T11:30:09","guid":{"rendered":"https:\/\/weltlaeden.de\/betzdorf\/?page_id=787"},"modified":"2022-02-23T22:51:16","modified_gmt":"2022-02-23T21:51:16","slug":"honig","status":"publish","type":"page","link":"https:\/\/weltlaeden.de\/betzdorf\/honig\/","title":{"rendered":"Honig"},"content":{"rendered":"<div class=\"wpb-content-wrapper\"><p>[vc_row][vc_column]<div class=\"wl_einzelbild\"><p><img loading=\"lazy\" decoding=\"async\" class=\"alignnone wp-image-697\" src=\"https:\/\/weltlaeden.de\/betzdorf\/wp-content\/uploads\/sites\/176\/2022\/02\/HonigschnittquerDSC06978-300x200.jpg\" alt=\"\" width=\"773\" height=\"515\" srcset=\"https:\/\/weltlaeden.de\/betzdorf\/wp-content\/uploads\/sites\/176\/2022\/02\/HonigschnittquerDSC06978-300x200.jpg 300w, https:\/\/weltlaeden.de\/betzdorf\/wp-content\/uploads\/sites\/176\/2022\/02\/HonigschnittquerDSC06978-768x511.jpg 768w, https:\/\/weltlaeden.de\/betzdorf\/wp-content\/uploads\/sites\/176\/2022\/02\/HonigschnittquerDSC06978.jpg 787w\" sizes=\"auto, (max-width: 773px) 100vw, 773px\" \/><\/p>\n<p>&nbsp;<\/p>\n<p><\/p><\/div>[\/vc_column][\/vc_row][vc_row][vc_column][vc_column_text]<\/p>\n<h1>Honig<\/h1>\n<h2>Faire Angebote aus aller Welt<\/h2>\n<p>&nbsp;<\/p>\n<p>Die fairen GEPA-Honige stammen aus aller Welt: Entdecken Sie ferne<br \/>\nGeschmacksrichtungen aus Argentinien, Chile, Mexiko oder \u00c4thiopien. Neben<br \/>\nKlassikern wie Wildbl\u00fctenhonig finden die Kunden im Honig-Sortiment auch echte<br \/>\nRarit\u00e4ten wie Kaffeebl\u00fcten- oder Orangenbl\u00fcten-Honig.<\/p>\n<p>Auch beim Honig gelten, wie beim Kaffee und Tee, wichtige Kriterien:<\/p>\n<p>&nbsp;<\/p>\n<h3><strong>Qualit\u00e4t<\/strong><\/h3>\n<p>Die Fair Trade Honige werden regelm\u00e4\u00dfig auf Reinheit und Frische untersucht.<\/p>\n<h3><strong>Gentechnikfrei<\/strong><\/h3>\n<p>Die GEPA hat sich generell gegen Gentechnik entschieden. Die Honigpartner in Mexiko werden bei ihrem Kampf gegen Gentechnik unterst\u00fctzt.<\/p>\n<h3><strong>Bio<\/strong><\/h3>\n<p>Viele der Honige tragen das EU-Bio-Siegel.<\/p>\n<h3><strong>fair+<\/strong><\/h3>\n<p>F\u00fcr die Honigpartner ist die GEPA h\u00e4ufig der T\u00fcr\u00f6ffner zum Weltmarkt. Die Imker in Lateinamerika unterst\u00fctzt die GEPA bei ihrem Kampf gegen Gentechnik.<\/p>\n<p>&nbsp;<\/p>\n<p>[\/vc_column_text][vc_empty_space][\/vc_column][\/vc_row][vc_row][vc_column][vc_column_text]<\/p>\n<h1>Umweltschutz durch \u201cFairen Handel\u201c weltweit<\/h1>\n<h2>Ein Besuch bei Macario Geronimo Martin, einem Imker in Guatemala<\/h2>\n<p>&nbsp;<\/p>\n<p><img loading=\"lazy\" decoding=\"async\" class=\"size-medium wp-image-974 alignleft\" src=\"https:\/\/weltlaeden.de\/betzdorf\/wp-content\/uploads\/sites\/176\/2022\/02\/Imker-Martin-Bild1-300x300.jpg\" alt=\"\" width=\"300\" height=\"300\" srcset=\"https:\/\/weltlaeden.de\/betzdorf\/wp-content\/uploads\/sites\/176\/2022\/02\/Imker-Martin-Bild1-300x300.jpg 300w, https:\/\/weltlaeden.de\/betzdorf\/wp-content\/uploads\/sites\/176\/2022\/02\/Imker-Martin-Bild1-150x150.jpg 150w, https:\/\/weltlaeden.de\/betzdorf\/wp-content\/uploads\/sites\/176\/2022\/02\/Imker-Martin-Bild1.jpg 450w\" sizes=\"auto, (max-width: 300px) 100vw, 300px\" \/>Der Klimawandel trifft die am h\u00e4rtesten, die am wenigsten dazu beigetragen haben, darunter auch der Kleinbauer Macario Geronimo Martin. Er ist seit 20 Jahren Mitglied der Genossenschaft Guaya\u2019b. Mit seiner Familie wohnt er hoch in den Bergen im Westen Guatemalas. Das Wachstum der Nektar- und Pollen produzierenden Pflanzen ist gest\u00f6rt. Es ist kalt und regnet viel. Damit hat sich auch das Verhalten der Bienen ge\u00e4ndert. Fr\u00fcher konnte Macario Geronimo bereits im Dezember Honig ernten, heute beginnt die Ernte erst im Februar. Dadurch ist die Menge Honig, die ein Bienenstock liefert, von 50 kg auf 15 kg gesunken.<\/p>\n<p>&nbsp;<\/p>\n<p>Aber durch den \u201cFairen Handel\u201c hat Macario Geronimo durch den Honig ein existenzsicherndes Einkommen das es ihm erlaubt, weiter die Artenvielfalt zu sichern. Er stellt einen Teil seiner Bienenst\u00f6cke auch an H\u00e4ngen auf, die er nicht landwirtschaftlich nutzt. Mit Unterst\u00fctzung der GEPA hat er seine Honigproduktion auf Bioqualit\u00e4t umgestellt und Ma\u00dfnahmen getroffen, um dem Produktionsr\u00fcckgang durch den Klimawandel entgegen zu wirken. Unter anderem hat der Imker mit vielen anderen seiner Kooperative den Mehrpreis f\u00fcr den Honig im \u201eFairen Handel\u201c zur Wiederaufforstung Obstb\u00e4umen gepflanzt. \u201eIm Jahr 2020 haben wir etwa 5000 Orangen-, Mandarinen-, Zitronen-, Mango-, Avocado-, und Pfirsichb\u00e4umchen verteilt. Das kann uns helfen, den Klimawandel ein wenig zu mildern. Wir hoffen, dass wir etwas tun k\u00f6nnen, damit wir auf globaler Ebene etwas bewirken\u201c.<\/p>\n<p>&nbsp;<\/p>\n<p>Wie viele andere Mitglieder seiner Kooperative tr\u00e4gt Macario Geronimo einen wichtigen Teil zu Umweltschutz und Klimaverbesserung weltweit bei. Durch den Kauf von Honig im Weltladen kann jeder einen Beitrag zur Bewahrung der Sch\u00f6pfung leisten.<\/p>\n<p>&nbsp;<\/p>\n<p>PS: GEPA ist ein Fairhandelsunternehmen, bei dem Misereor ein Gesellschafter ist. Seit 25 Jahren gibt die GEPA den Imkern in Guatemala eine Abnahmegarantie f\u00fcr Honig zu einem Preis, der ein existenzsicherndes Einkommen garantiert. \u00dcber den Handelspartnerfonds f\u00f6rdert die GEPA die Anpassung an den Klimawandel, klimafreundliche Produktionsweisen und Bio-Anbau . Weitere Infos <a href=\"https:\/\/www.gepa.de\/gepa\/themenspecials\/honeybefair\/partner\/guayab-macario-jeronimo-martin.html\">hier<\/a>, dazu ein <a href=\"https:\/\/www.youtube.com\/watch?v=1uR5JeqLxIw\">Video<\/a>.[\/vc_column_text][\/vc_column][\/vc_row]<\/p>\n<\/div>","protected":false},"excerpt":{"rendered":"<p>[vc_row][vc_column][\/vc_column][\/vc_row][vc_row][vc_column][vc_column_text] Honig Faire Angebote aus aller Welt &nbsp; Die fairen GEPA-Honige stammen aus aller Welt: Entdecken Sie ferne Geschmacksrichtungen aus Argentinien, Chile, Mexiko oder \u00c4thiopien. Neben Klassikern wie Wildbl\u00fctenhonig finden die Kunden im Honig-Sortiment auch echte Rarit\u00e4ten wie Kaffeebl\u00fcten- oder Orangenbl\u00fcten-Honig. Auch beim Honig gelten, wie beim Kaffee und Tee, wichtige Kriterien: &nbsp; Qualit\u00e4t Die&hellip;<\/p>\n","protected":false},"author":262,"featured_media":0,"parent":0,"menu_order":0,"comment_status":"closed","ping_status":"closed","template":"","meta":{"footnotes":""},"class_list":["post-787","page","type-page","status-publish","hentry","description-off"],"yoast_head":"<!-- This site is optimized with the Yoast SEO plugin v26.8 - https:\/\/yoast.com\/product\/yoast-seo-wordpress\/ -->\n<title>Honig - Weltladen Betzdorf<\/title>\n<meta name=\"robots\" content=\"index, follow, max-snippet:-1, max-image-preview:large, max-video-preview:-1\" \/>\n<link rel=\"canonical\" href=\"https:\/\/weltlaeden.de\/betzdorf\/honig\/\" \/>\n<meta property=\"og:locale\" content=\"de_DE\" \/>\n<meta property=\"og:type\" content=\"article\" \/>\n<meta property=\"og:title\" content=\"Honig - Weltladen Betzdorf\" \/>\n<meta property=\"og:description\" content=\"[vc_row][vc_column][\/vc_column][\/vc_row][vc_row][vc_column][vc_column_text] Honig Faire Angebote aus aller Welt &nbsp; Die fairen GEPA-Honige stammen aus aller Welt: Entdecken Sie ferne Geschmacksrichtungen aus Argentinien, Chile, Mexiko oder \u00c4thiopien. Neben Klassikern wie Wildbl\u00fctenhonig finden die Kunden im Honig-Sortiment auch echte Rarit\u00e4ten wie Kaffeebl\u00fcten- oder Orangenbl\u00fcten-Honig. Auch beim Honig gelten, wie beim Kaffee und Tee, wichtige Kriterien: &nbsp; Qualit\u00e4t Die&hellip;\" \/>\n<meta property=\"og:url\" content=\"https:\/\/weltlaeden.de\/betzdorf\/honig\/\" \/>\n<meta property=\"og:site_name\" content=\"Weltladen Betzdorf\" \/>\n<meta property=\"article:modified_time\" content=\"2022-02-23T21:51:16+00:00\" \/>\n<meta property=\"og:image\" content=\"https:\/\/weltlaeden.de\/betzdorf\/wp-content\/uploads\/sites\/176\/2022\/02\/HonigschnittquerDSC06978-300x200.jpg\" \/>\n<meta name=\"twitter:card\" content=\"summary_large_image\" \/>\n<meta name=\"twitter:label1\" content=\"Gesch\u00e4tzte Lesezeit\" \/>\n\t<meta name=\"twitter:data1\" content=\"3\u00a0Minuten\" \/>\n<script type=\"application\/ld+json\" class=\"yoast-schema-graph\">{\"@context\":\"https:\/\/schema.org\",\"@graph\":[{\"@type\":\"WebPage\",\"@id\":\"https:\/\/weltlaeden.de\/betzdorf\/honig\/\",\"url\":\"https:\/\/weltlaeden.de\/betzdorf\/honig\/\",\"name\":\"Honig - Weltladen Betzdorf\",\"isPartOf\":{\"@id\":\"https:\/\/weltlaeden.de\/betzdorf\/#website\"},\"primaryImageOfPage\":{\"@id\":\"https:\/\/weltlaeden.de\/betzdorf\/honig\/#primaryimage\"},\"image\":{\"@id\":\"https:\/\/weltlaeden.de\/betzdorf\/honig\/#primaryimage\"},\"thumbnailUrl\":\"https:\/\/weltlaeden.de\/betzdorf\/wp-content\/uploads\/sites\/176\/2022\/02\/HonigschnittquerDSC06978-300x200.jpg\",\"datePublished\":\"2022-02-05T11:30:09+00:00\",\"dateModified\":\"2022-02-23T21:51:16+00:00\",\"breadcrumb\":{\"@id\":\"https:\/\/weltlaeden.de\/betzdorf\/honig\/#breadcrumb\"},\"inLanguage\":\"de\",\"potentialAction\":[{\"@type\":\"ReadAction\",\"target\":[\"https:\/\/weltlaeden.de\/betzdorf\/honig\/\"]}]},{\"@type\":\"ImageObject\",\"inLanguage\":\"de\",\"@id\":\"https:\/\/weltlaeden.de\/betzdorf\/honig\/#primaryimage\",\"url\":\"https:\/\/weltlaeden.de\/betzdorf\/wp-content\/uploads\/sites\/176\/2022\/02\/HonigschnittquerDSC06978.jpg\",\"contentUrl\":\"https:\/\/weltlaeden.de\/betzdorf\/wp-content\/uploads\/sites\/176\/2022\/02\/HonigschnittquerDSC06978.jpg\",\"width\":787,\"height\":524},{\"@type\":\"BreadcrumbList\",\"@id\":\"https:\/\/weltlaeden.de\/betzdorf\/honig\/#breadcrumb\",\"itemListElement\":[{\"@type\":\"ListItem\",\"position\":1,\"name\":\"Startseite\",\"item\":\"https:\/\/weltlaeden.de\/betzdorf\/\"},{\"@type\":\"ListItem\",\"position\":2,\"name\":\"Honig\"}]},{\"@type\":\"WebSite\",\"@id\":\"https:\/\/weltlaeden.de\/betzdorf\/#website\",\"url\":\"https:\/\/weltlaeden.de\/betzdorf\/\",\"name\":\"Weltladen Betzdorf\",\"description\":\"Ein St\u00fcck Welt von morgen\",\"potentialAction\":[{\"@type\":\"SearchAction\",\"target\":{\"@type\":\"EntryPoint\",\"urlTemplate\":\"https:\/\/weltlaeden.de\/betzdorf\/?s={search_term_string}\"},\"query-input\":{\"@type\":\"PropertyValueSpecification\",\"valueRequired\":true,\"valueName\":\"search_term_string\"}}],\"inLanguage\":\"de\"}]}<\/script>\n<!-- \/ Yoast SEO plugin. -->","yoast_head_json":{"title":"Honig - Weltladen Betzdorf","robots":{"index":"index","follow":"follow","max-snippet":"max-snippet:-1","max-image-preview":"max-image-preview:large","max-video-preview":"max-video-preview:-1"},"canonical":"https:\/\/weltlaeden.de\/betzdorf\/honig\/","og_locale":"de_DE","og_type":"article","og_title":"Honig - Weltladen Betzdorf","og_description":"[vc_row][vc_column][\/vc_column][\/vc_row][vc_row][vc_column][vc_column_text] Honig Faire Angebote aus aller Welt &nbsp; Die fairen GEPA-Honige stammen aus aller Welt: Entdecken Sie ferne Geschmacksrichtungen aus Argentinien, Chile, Mexiko oder \u00c4thiopien. Neben Klassikern wie Wildbl\u00fctenhonig finden die Kunden im Honig-Sortiment auch echte Rarit\u00e4ten wie Kaffeebl\u00fcten- oder Orangenbl\u00fcten-Honig. Auch beim Honig gelten, wie beim Kaffee und Tee, wichtige Kriterien: &nbsp; Qualit\u00e4t Die&hellip;","og_url":"https:\/\/weltlaeden.de\/betzdorf\/honig\/","og_site_name":"Weltladen Betzdorf","article_modified_time":"2022-02-23T21:51:16+00:00","og_image":[{"url":"https:\/\/weltlaeden.de\/betzdorf\/wp-content\/uploads\/sites\/176\/2022\/02\/HonigschnittquerDSC06978-300x200.jpg","type":"","width":"","height":""}],"twitter_card":"summary_large_image","twitter_misc":{"Gesch\u00e4tzte Lesezeit":"3\u00a0Minuten"},"schema":{"@context":"https:\/\/schema.org","@graph":[{"@type":"WebPage","@id":"https:\/\/weltlaeden.de\/betzdorf\/honig\/","url":"https:\/\/weltlaeden.de\/betzdorf\/honig\/","name":"Honig - Weltladen Betzdorf","isPartOf":{"@id":"https:\/\/weltlaeden.de\/betzdorf\/#website"},"primaryImageOfPage":{"@id":"https:\/\/weltlaeden.de\/betzdorf\/honig\/#primaryimage"},"image":{"@id":"https:\/\/weltlaeden.de\/betzdorf\/honig\/#primaryimage"},"thumbnailUrl":"https:\/\/weltlaeden.de\/betzdorf\/wp-content\/uploads\/sites\/176\/2022\/02\/HonigschnittquerDSC06978-300x200.jpg","datePublished":"2022-02-05T11:30:09+00:00","dateModified":"2022-02-23T21:51:16+00:00","breadcrumb":{"@id":"https:\/\/weltlaeden.de\/betzdorf\/honig\/#breadcrumb"},"inLanguage":"de","potentialAction":[{"@type":"ReadAction","target":["https:\/\/weltlaeden.de\/betzdorf\/honig\/"]}]},{"@type":"ImageObject","inLanguage":"de","@id":"https:\/\/weltlaeden.de\/betzdorf\/honig\/#primaryimage","url":"https:\/\/weltlaeden.de\/betzdorf\/wp-content\/uploads\/sites\/176\/2022\/02\/HonigschnittquerDSC06978.jpg","contentUrl":"https:\/\/weltlaeden.de\/betzdorf\/wp-content\/uploads\/sites\/176\/2022\/02\/HonigschnittquerDSC06978.jpg","width":787,"height":524},{"@type":"BreadcrumbList","@id":"https:\/\/weltlaeden.de\/betzdorf\/honig\/#breadcrumb","itemListElement":[{"@type":"ListItem","position":1,"name":"Startseite","item":"https:\/\/weltlaeden.de\/betzdorf\/"},{"@type":"ListItem","position":2,"name":"Honig"}]},{"@type":"WebSite","@id":"https:\/\/weltlaeden.de\/betzdorf\/#website","url":"https:\/\/weltlaeden.de\/betzdorf\/","name":"Weltladen Betzdorf","description":"Ein St\u00fcck Welt von morgen","potentialAction":[{"@type":"SearchAction","target":{"@type":"EntryPoint","urlTemplate":"https:\/\/weltlaeden.de\/betzdorf\/?s={search_term_string}"},"query-input":{"@type":"PropertyValueSpecification","valueRequired":true,"valueName":"search_term_string"}}],"inLanguage":"de"}]}},"_links":{"self":[{"href":"https:\/\/weltlaeden.de\/betzdorf\/wp-json\/wp\/v2\/pages\/787","targetHints":{"allow":["GET"]}}],"collection":[{"href":"https:\/\/weltlaeden.de\/betzdorf\/wp-json\/wp\/v2\/pages"}],"about":[{"href":"https:\/\/weltlaeden.de\/betzdorf\/wp-json\/wp\/v2\/types\/page"}],"author":[{"embeddable":true,"href":"https:\/\/weltlaeden.de\/betzdorf\/wp-json\/wp\/v2\/users\/262"}],"replies":[{"embeddable":true,"href":"https:\/\/weltlaeden.de\/betzdorf\/wp-json\/wp\/v2\/comments?post=787"}],"version-history":[{"count":13,"href":"https:\/\/weltlaeden.de\/betzdorf\/wp-json\/wp\/v2\/pages\/787\/revisions"}],"predecessor-version":[{"id":1202,"href":"https:\/\/weltlaeden.de\/betzdorf\/wp-json\/wp\/v2\/pages\/787\/revisions\/1202"}],"wp:attachment":[{"href":"https:\/\/weltlaeden.de\/betzdorf\/wp-json\/wp\/v2\/media?parent=787"}],"curies":[{"name":"wp","href":"https:\/\/api.w.org\/{rel}","templated":true}]}}