{"id":672,"date":"2022-01-29T22:03:16","date_gmt":"2022-01-29T21:03:16","guid":{"rendered":"https:\/\/weltlaeden.de\/betzdorf\/?page_id=672"},"modified":"2022-02-23T22:05:31","modified_gmt":"2022-02-23T21:05:31","slug":"wie-alles-begann","status":"publish","type":"page","link":"https:\/\/weltlaeden.de\/betzdorf\/wie-alles-begann\/","title":{"rendered":"Wie alles begann"},"content":{"rendered":"<div class=\"wpb-content-wrapper\"><p>[vc_row][vc_column]<div class=\"wl_einzelbild\"><p><img loading=\"lazy\" decoding=\"async\" class=\"alignnone wp-image-836\" src=\"https:\/\/weltlaeden.de\/betzdorf\/wp-content\/uploads\/sites\/176\/2022\/02\/Archiv-WLDSC06995-Kopie-300x276.jpg\" alt=\"\" width=\"773\" height=\"711\" srcset=\"https:\/\/weltlaeden.de\/betzdorf\/wp-content\/uploads\/sites\/176\/2022\/02\/Archiv-WLDSC06995-Kopie-300x276.jpg 300w, https:\/\/weltlaeden.de\/betzdorf\/wp-content\/uploads\/sites\/176\/2022\/02\/Archiv-WLDSC06995-Kopie.jpg 543w\" sizes=\"auto, (max-width: 773px) 100vw, 773px\" \/><\/p>\n<p>&nbsp;<\/p>\n<p><\/p><\/div>[vc_column_text]<\/p>\n<h1>Am Beginn steht zum Beispiel die Aktion Jute statt Plastik<\/h1>\n<h2>Einsatz in der Region f\u00fcr Frieden, Gerechtigkeit und eine faire Weltordnung<\/h2>\n<p>&nbsp;<\/p>\n<p>Der Weltladen Betzdorf ist durch den Einsatz von Menschen aus der Region f\u00fcr Frieden, Gerechtigkeit und eine faire Weltordnung entstanden. Der Weltladen Betzdorf hat eine lange Vorgeschichte. Es begann zum Beispiel mit dem Verkauf von Jutetaschen und sp\u00e4ter Verkaufsst\u00e4nden bei Wind und Wetter in der Betzdorfer Innenstadt. \u00dcber die Geschichte, die schlie\u00dflich zum Weltladen Betzdorf f\u00fchrte, wird hier einiges erz\u00e4hlt.<\/p>\n<p>&nbsp;<\/p>\n<p>[\/vc_column_text][vc_column_text]<\/p>\n<h1>Brosch\u00fcre: 15 Jahre Fairer Handel<\/h1>\n<h2>Im Juni 1982 wurde die Initiativgruppe &#8222;Dritte Welt Laden&#8220; gegr\u00fcndet<\/h2>\n<p>&nbsp;<\/p>\n<p><img loading=\"lazy\" decoding=\"async\" class=\"size-medium wp-image-1065 alignleft\" src=\"https:\/\/weltlaeden.de\/betzdorf\/wp-content\/uploads\/sites\/176\/2022\/02\/Titel-15-Jahre-WL-211x300.jpg\" alt=\"\" width=\"211\" height=\"300\" srcset=\"https:\/\/weltlaeden.de\/betzdorf\/wp-content\/uploads\/sites\/176\/2022\/02\/Titel-15-Jahre-WL-211x300.jpg 211w, https:\/\/weltlaeden.de\/betzdorf\/wp-content\/uploads\/sites\/176\/2022\/02\/Titel-15-Jahre-WL.jpg 400w\" sizes=\"auto, (max-width: 211px) 100vw, 211px\" \/>1998 erschien die Brosch\u00fcre 15 Jahre Fairer Handel. Darin ist umfassend die Geschichte des Aktionskreises Eine-Welt-Handel geschildert. Den geschichtlichen Teil der Brosch\u00fcre (der weitere Teil befasst sich mit den Produkten des Ladens zu damaligen Zeit) haben wir hier in einem pdf-Dokument noch einmal ausf\u00fchrlich dargestellt:<\/p>\n<p><a href=\"https:\/\/weltlaeden.de\/betzdorf\/wp-content\/uploads\/sites\/176\/2022\/02\/Weltladen-Betzdorf-15-Jahre-1.pdf\">Weltladen Betzdorf 15 Jahre<\/a>[\/vc_column_text][\/vc_column][\/vc_row]<\/p>\n<\/div>","protected":false},"excerpt":{"rendered":"<p>[vc_row][vc_column][vc_column_text] Am Beginn steht zum Beispiel die Aktion Jute statt Plastik Einsatz in der Region f\u00fcr Frieden, Gerechtigkeit und eine faire Weltordnung &nbsp; Der Weltladen Betzdorf ist durch den Einsatz von Menschen aus der Region f\u00fcr Frieden, Gerechtigkeit und eine faire Weltordnung entstanden. Der Weltladen Betzdorf hat eine lange Vorgeschichte. Es begann zum Beispiel mit&hellip;<\/p>\n","protected":false},"author":262,"featured_media":0,"parent":0,"menu_order":0,"comment_status":"closed","ping_status":"closed","template":"","meta":{"footnotes":""},"class_list":["post-672","page","type-page","status-publish","hentry","description-off"],"yoast_head":"<!-- This site is optimized with the Yoast SEO plugin v26.8 - https:\/\/yoast.com\/product\/yoast-seo-wordpress\/ -->\n<title>Wie alles begann - Weltladen Betzdorf<\/title>\n<meta name=\"robots\" content=\"index, follow, max-snippet:-1, max-image-preview:large, max-video-preview:-1\" \/>\n<link rel=\"canonical\" href=\"https:\/\/weltlaeden.de\/betzdorf\/wie-alles-begann\/\" \/>\n<meta property=\"og:locale\" content=\"de_DE\" \/>\n<meta property=\"og:type\" content=\"article\" \/>\n<meta property=\"og:title\" content=\"Wie alles begann - Weltladen Betzdorf\" \/>\n<meta property=\"og:description\" content=\"[vc_row][vc_column][vc_column_text] Am Beginn steht zum Beispiel die Aktion Jute statt Plastik Einsatz in der Region f\u00fcr Frieden, Gerechtigkeit und eine faire Weltordnung &nbsp; Der Weltladen Betzdorf ist durch den Einsatz von Menschen aus der Region f\u00fcr Frieden, Gerechtigkeit und eine faire Weltordnung entstanden. Der Weltladen Betzdorf hat eine lange Vorgeschichte. Es begann zum Beispiel mit&hellip;\" \/>\n<meta property=\"og:url\" content=\"https:\/\/weltlaeden.de\/betzdorf\/wie-alles-begann\/\" \/>\n<meta property=\"og:site_name\" content=\"Weltladen Betzdorf\" \/>\n<meta property=\"article:modified_time\" content=\"2022-02-23T21:05:31+00:00\" \/>\n<meta property=\"og:image\" content=\"https:\/\/weltlaeden.de\/betzdorf\/wp-content\/uploads\/sites\/176\/2022\/02\/Archiv-WLDSC06995-Kopie-300x276.jpg\" \/>\n<meta name=\"twitter:card\" content=\"summary_large_image\" \/>\n<meta name=\"twitter:label1\" content=\"Gesch\u00e4tzte Lesezeit\" \/>\n\t<meta name=\"twitter:data1\" content=\"2\u00a0Minuten\" \/>\n<script type=\"application\/ld+json\" class=\"yoast-schema-graph\">{\"@context\":\"https:\/\/schema.org\",\"@graph\":[{\"@type\":\"WebPage\",\"@id\":\"https:\/\/weltlaeden.de\/betzdorf\/wie-alles-begann\/\",\"url\":\"https:\/\/weltlaeden.de\/betzdorf\/wie-alles-begann\/\",\"name\":\"Wie alles begann - Weltladen Betzdorf\",\"isPartOf\":{\"@id\":\"https:\/\/weltlaeden.de\/betzdorf\/#website\"},\"primaryImageOfPage\":{\"@id\":\"https:\/\/weltlaeden.de\/betzdorf\/wie-alles-begann\/#primaryimage\"},\"image\":{\"@id\":\"https:\/\/weltlaeden.de\/betzdorf\/wie-alles-begann\/#primaryimage\"},\"thumbnailUrl\":\"https:\/\/weltlaeden.de\/betzdorf\/wp-content\/uploads\/sites\/176\/2022\/02\/Archiv-WLDSC06995-Kopie-300x276.jpg\",\"datePublished\":\"2022-01-29T21:03:16+00:00\",\"dateModified\":\"2022-02-23T21:05:31+00:00\",\"breadcrumb\":{\"@id\":\"https:\/\/weltlaeden.de\/betzdorf\/wie-alles-begann\/#breadcrumb\"},\"inLanguage\":\"de\",\"potentialAction\":[{\"@type\":\"ReadAction\",\"target\":[\"https:\/\/weltlaeden.de\/betzdorf\/wie-alles-begann\/\"]}]},{\"@type\":\"ImageObject\",\"inLanguage\":\"de\",\"@id\":\"https:\/\/weltlaeden.de\/betzdorf\/wie-alles-begann\/#primaryimage\",\"url\":\"https:\/\/weltlaeden.de\/betzdorf\/wp-content\/uploads\/sites\/176\/2022\/02\/Archiv-WLDSC06995-Kopie.jpg\",\"contentUrl\":\"https:\/\/weltlaeden.de\/betzdorf\/wp-content\/uploads\/sites\/176\/2022\/02\/Archiv-WLDSC06995-Kopie.jpg\",\"width\":543,\"height\":499},{\"@type\":\"BreadcrumbList\",\"@id\":\"https:\/\/weltlaeden.de\/betzdorf\/wie-alles-begann\/#breadcrumb\",\"itemListElement\":[{\"@type\":\"ListItem\",\"position\":1,\"name\":\"Startseite\",\"item\":\"https:\/\/weltlaeden.de\/betzdorf\/\"},{\"@type\":\"ListItem\",\"position\":2,\"name\":\"Wie alles begann\"}]},{\"@type\":\"WebSite\",\"@id\":\"https:\/\/weltlaeden.de\/betzdorf\/#website\",\"url\":\"https:\/\/weltlaeden.de\/betzdorf\/\",\"name\":\"Weltladen Betzdorf\",\"description\":\"Ein St\u00fcck Welt von morgen\",\"potentialAction\":[{\"@type\":\"SearchAction\",\"target\":{\"@type\":\"EntryPoint\",\"urlTemplate\":\"https:\/\/weltlaeden.de\/betzdorf\/?s={search_term_string}\"},\"query-input\":{\"@type\":\"PropertyValueSpecification\",\"valueRequired\":true,\"valueName\":\"search_term_string\"}}],\"inLanguage\":\"de\"}]}<\/script>\n<!-- \/ Yoast SEO plugin. -->","yoast_head_json":{"title":"Wie alles begann - Weltladen Betzdorf","robots":{"index":"index","follow":"follow","max-snippet":"max-snippet:-1","max-image-preview":"max-image-preview:large","max-video-preview":"max-video-preview:-1"},"canonical":"https:\/\/weltlaeden.de\/betzdorf\/wie-alles-begann\/","og_locale":"de_DE","og_type":"article","og_title":"Wie alles begann - Weltladen Betzdorf","og_description":"[vc_row][vc_column][vc_column_text] Am Beginn steht zum Beispiel die Aktion Jute statt Plastik Einsatz in der Region f\u00fcr Frieden, Gerechtigkeit und eine faire Weltordnung &nbsp; Der Weltladen Betzdorf ist durch den Einsatz von Menschen aus der Region f\u00fcr Frieden, Gerechtigkeit und eine faire Weltordnung entstanden. Der Weltladen Betzdorf hat eine lange Vorgeschichte. Es begann zum Beispiel mit&hellip;","og_url":"https:\/\/weltlaeden.de\/betzdorf\/wie-alles-begann\/","og_site_name":"Weltladen Betzdorf","article_modified_time":"2022-02-23T21:05:31+00:00","og_image":[{"url":"https:\/\/weltlaeden.de\/betzdorf\/wp-content\/uploads\/sites\/176\/2022\/02\/Archiv-WLDSC06995-Kopie-300x276.jpg","type":"","width":"","height":""}],"twitter_card":"summary_large_image","twitter_misc":{"Gesch\u00e4tzte Lesezeit":"2\u00a0Minuten"},"schema":{"@context":"https:\/\/schema.org","@graph":[{"@type":"WebPage","@id":"https:\/\/weltlaeden.de\/betzdorf\/wie-alles-begann\/","url":"https:\/\/weltlaeden.de\/betzdorf\/wie-alles-begann\/","name":"Wie alles begann - Weltladen Betzdorf","isPartOf":{"@id":"https:\/\/weltlaeden.de\/betzdorf\/#website"},"primaryImageOfPage":{"@id":"https:\/\/weltlaeden.de\/betzdorf\/wie-alles-begann\/#primaryimage"},"image":{"@id":"https:\/\/weltlaeden.de\/betzdorf\/wie-alles-begann\/#primaryimage"},"thumbnailUrl":"https:\/\/weltlaeden.de\/betzdorf\/wp-content\/uploads\/sites\/176\/2022\/02\/Archiv-WLDSC06995-Kopie-300x276.jpg","datePublished":"2022-01-29T21:03:16+00:00","dateModified":"2022-02-23T21:05:31+00:00","breadcrumb":{"@id":"https:\/\/weltlaeden.de\/betzdorf\/wie-alles-begann\/#breadcrumb"},"inLanguage":"de","potentialAction":[{"@type":"ReadAction","target":["https:\/\/weltlaeden.de\/betzdorf\/wie-alles-begann\/"]}]},{"@type":"ImageObject","inLanguage":"de","@id":"https:\/\/weltlaeden.de\/betzdorf\/wie-alles-begann\/#primaryimage","url":"https:\/\/weltlaeden.de\/betzdorf\/wp-content\/uploads\/sites\/176\/2022\/02\/Archiv-WLDSC06995-Kopie.jpg","contentUrl":"https:\/\/weltlaeden.de\/betzdorf\/wp-content\/uploads\/sites\/176\/2022\/02\/Archiv-WLDSC06995-Kopie.jpg","width":543,"height":499},{"@type":"BreadcrumbList","@id":"https:\/\/weltlaeden.de\/betzdorf\/wie-alles-begann\/#breadcrumb","itemListElement":[{"@type":"ListItem","position":1,"name":"Startseite","item":"https:\/\/weltlaeden.de\/betzdorf\/"},{"@type":"ListItem","position":2,"name":"Wie alles begann"}]},{"@type":"WebSite","@id":"https:\/\/weltlaeden.de\/betzdorf\/#website","url":"https:\/\/weltlaeden.de\/betzdorf\/","name":"Weltladen Betzdorf","description":"Ein St\u00fcck Welt von morgen","potentialAction":[{"@type":"SearchAction","target":{"@type":"EntryPoint","urlTemplate":"https:\/\/weltlaeden.de\/betzdorf\/?s={search_term_string}"},"query-input":{"@type":"PropertyValueSpecification","valueRequired":true,"valueName":"search_term_string"}}],"inLanguage":"de"}]}},"_links":{"self":[{"href":"https:\/\/weltlaeden.de\/betzdorf\/wp-json\/wp\/v2\/pages\/672","targetHints":{"allow":["GET"]}}],"collection":[{"href":"https:\/\/weltlaeden.de\/betzdorf\/wp-json\/wp\/v2\/pages"}],"about":[{"href":"https:\/\/weltlaeden.de\/betzdorf\/wp-json\/wp\/v2\/types\/page"}],"author":[{"embeddable":true,"href":"https:\/\/weltlaeden.de\/betzdorf\/wp-json\/wp\/v2\/users\/262"}],"replies":[{"embeddable":true,"href":"https:\/\/weltlaeden.de\/betzdorf\/wp-json\/wp\/v2\/comments?post=672"}],"version-history":[{"count":20,"href":"https:\/\/weltlaeden.de\/betzdorf\/wp-json\/wp\/v2\/pages\/672\/revisions"}],"predecessor-version":[{"id":1177,"href":"https:\/\/weltlaeden.de\/betzdorf\/wp-json\/wp\/v2\/pages\/672\/revisions\/1177"}],"wp:attachment":[{"href":"https:\/\/weltlaeden.de\/betzdorf\/wp-json\/wp\/v2\/media?parent=672"}],"curies":[{"name":"wp","href":"https:\/\/api.w.org\/{rel}","templated":true}]}}

<div class="wpb-content-wrapper"><p>[vc_row][vc_column]<div class="wl_einzelbild"><p><img loading="lazy" decoding="async" class="alignnone wp-image-836" src="https://weltlaeden.de/betzdorf/wp-content/uploads/sites/176/2022/02/Archiv-WLDSC06995-Kopie-300x276.jpg" alt="" width="773" height="711" srcset="https://weltlaeden.de/betzdorf/wp-content/uploads/sites/176/2022/02/Archiv-WLDSC06995-Kopie-300x276.jpg 300w, https://weltlaeden.de/betzdorf/wp-content/uploads/sites/176/2022/02/Archiv-WLDSC06995-Kopie.jpg 543w" sizes="auto, (max-width: 773px) 100vw, 773px" /></p>
<p>&nbsp;</p>
<p></p></div>[vc_column_text]</p>
<h1>Am Beginn steht zum Beispiel die Aktion Jute statt Plastik</h1>
<h2>Einsatz in der Region für Frieden, Gerechtigkeit und eine faire Weltordnung</h2>
<p>&nbsp;</p>
<p>Der Weltladen Betzdorf ist durch den Einsatz von Menschen aus der Region für Frieden, Gerechtigkeit und eine faire Weltordnung entstanden. Der Weltladen Betzdorf hat eine lange Vorgeschichte. Es begann zum Beispiel mit dem Verkauf von Jutetaschen und später Verkaufsständen bei Wind und Wetter in der Betzdorfer Innenstadt. Über die Geschichte, die schließlich zum Weltladen Betzdorf führte, wird hier einiges erzählt.</p>
<p>&nbsp;</p>
<p>[/vc_column_text][vc_column_text]</p>
<h1>Broschüre: 15 Jahre Fairer Handel</h1>
<h2>Im Juni 1982 wurde die Initiativgruppe &#8222;Dritte Welt Laden&#8220; gegründet</h2>
<p>&nbsp;</p>
<p><img loading="lazy" decoding="async" class="size-medium wp-image-1065 alignleft" src="https://weltlaeden.de/betzdorf/wp-content/uploads/sites/176/2022/02/Titel-15-Jahre-WL-211x300.jpg" alt="" width="211" height="300" srcset="https://weltlaeden.de/betzdorf/wp-content/uploads/sites/176/2022/02/Titel-15-Jahre-WL-211x300.jpg 211w, https://weltlaeden.de/betzdorf/wp-content/uploads/sites/176/2022/02/Titel-15-Jahre-WL.jpg 400w" sizes="auto, (max-width: 211px) 100vw, 211px" />1998 erschien die Broschüre 15 Jahre Fairer Handel. Darin ist umfassend die Geschichte des Aktionskreises Eine-Welt-Handel geschildert. Den geschichtlichen Teil der Broschüre (der weitere Teil befasst sich mit den Produkten des Ladens zu damaligen Zeit) haben wir hier in einem pdf-Dokument noch einmal ausführlich dargestellt:</p>
<p><a href="https://weltlaeden.de/betzdorf/wp-content/uploads/sites/176/2022/02/Weltladen-Betzdorf-15-Jahre-1.pdf">Weltladen Betzdorf 15 Jahre</a>[/vc_column_text][/vc_column][/vc_row]</p>
</div>

<p>[vc_row][vc_column][vc_column_text] Am Beginn steht zum Beispiel die Aktion Jute statt Plastik Einsatz in der Region für Frieden, Gerechtigkeit und eine faire Weltordnung &nbsp; Der Weltladen Betzdorf ist durch den Einsatz von Menschen aus der Region für Frieden, Gerechtigkeit und eine faire Weltordnung entstanden. Der Weltladen Betzdorf hat eine lange Vorgeschichte. Es begann zum Beispiel mit&hellip;</p>

<!-- This site is optimized with the Yoast SEO plugin v26.8 - https://yoast.com/product/yoast-seo-wordpress/ -->
<title>Wie alles begann - Weltladen Betzdorf</title>
<meta name="robots" content="index, follow, max-snippet:-1, max-image-preview:large, max-video-preview:-1" />
<link rel="canonical" href="https://weltlaeden.de/betzdorf/wie-alles-begann/" />
<meta property="og:locale" content="de_DE" />
<meta property="og:type" content="article" />
<meta property="og:title" content="Wie alles begann - Weltladen Betzdorf" />
<meta property="og:description" content="[vc_row][vc_column][vc_column_text] Am Beginn steht zum Beispiel die Aktion Jute statt Plastik Einsatz in der Region für Frieden, Gerechtigkeit und eine faire Weltordnung &nbsp; Der Weltladen Betzdorf ist durch den Einsatz von Menschen aus der Region für Frieden, Gerechtigkeit und eine faire Weltordnung entstanden. Der Weltladen Betzdorf hat eine lange Vorgeschichte. Es begann zum Beispiel mit&hellip;" />
<meta property="og:url" content="https://weltlaeden.de/betzdorf/wie-alles-begann/" />
<meta property="og:site_name" content="Weltladen Betzdorf" />
<meta property="article:modified_time" content="2022-02-23T21:05:31+00:00" />
<meta property="og:image" content="https://weltlaeden.de/betzdorf/wp-content/uploads/sites/176/2022/02/Archiv-WLDSC06995-Kopie-300x276.jpg" />
<meta name="twitter:card" content="summary_large_image" />
<meta name="twitter:label1" content="Geschätzte Lesezeit" />
	<meta name="twitter:data1" content="2 Minuten" />
<script type="application/ld+json" class="yoast-schema-graph">{"@context":"https://schema.org","@graph":[{"@type":"WebPage","@id":"https://weltlaeden.de/betzdorf/wie-alles-begann/","url":"https://weltlaeden.de/betzdorf/wie-alles-begann/","name":"Wie alles begann - Weltladen Betzdorf","isPartOf":{"@id":"https://weltlaeden.de/betzdorf/#website"},"primaryImageOfPage":{"@id":"https://weltlaeden.de/betzdorf/wie-alles-begann/#primaryimage"},"image":{"@id":"https://weltlaeden.de/betzdorf/wie-alles-begann/#primaryimage"},"thumbnailUrl":"https://weltlaeden.de/betzdorf/wp-content/uploads/sites/176/2022/02/Archiv-WLDSC06995-Kopie-300x276.jpg","datePublished":"2022-01-29T21:03:16+00:00","dateModified":"2022-02-23T21:05:31+00:00","breadcrumb":{"@id":"https://weltlaeden.de/betzdorf/wie-alles-begann/#breadcrumb"},"inLanguage":"de","potentialAction":[{"@type":"ReadAction","target":["https://weltlaeden.de/betzdorf/wie-alles-begann/"]}]},{"@type":"ImageObject","inLanguage":"de","@id":"https://weltlaeden.de/betzdorf/wie-alles-begann/#primaryimage","url":"https://weltlaeden.de/betzdorf/wp-content/uploads/sites/176/2022/02/Archiv-WLDSC06995-Kopie.jpg","contentUrl":"https://weltlaeden.de/betzdorf/wp-content/uploads/sites/176/2022/02/Archiv-WLDSC06995-Kopie.jpg","width":543,"height":499},{"@type":"BreadcrumbList","@id":"https://weltlaeden.de/betzdorf/wie-alles-begann/#breadcrumb","itemListElement":[{"@type":"ListItem","position":1,"name":"Startseite","item":"https://weltlaeden.de/betzdorf/"},{"@type":"ListItem","position":2,"name":"Wie alles begann"}]},{"@type":"WebSite","@id":"https://weltlaeden.de/betzdorf/#website","url":"https://weltlaeden.de/betzdorf/","name":"Weltladen Betzdorf","description":"Ein Stück Welt von morgen","potentialAction":[{"@type":"SearchAction","target":{"@type":"EntryPoint","urlTemplate":"https://weltlaeden.de/betzdorf/?s={search_term_string}"},"query-input":{"@type":"PropertyValueSpecification","valueRequired":true,"valueName":"search_term_string"}}],"inLanguage":"de"}]}</script>
<!-- / Yoast SEO plugin. -->

[vc_row][vc_column][vc_column_text] Am Beginn steht zum Beispiel die Aktion Jute statt Plastik Einsatz in der Region für Frieden, Gerechtigkeit und eine faire Weltordnung &nbsp; Der Weltladen Betzdorf ist durch den Einsatz von Menschen aus der Region für Frieden, Gerechtigkeit und eine faire Weltordnung entstanden. Der Weltladen Betzdorf hat eine lange Vorgeschichte. Es begann zum Beispiel mit&hellip;

Ein Stück Welt von morgen
