{"id":614,"date":"2022-01-29T14:06:31","date_gmt":"2022-01-29T13:06:31","guid":{"rendered":"https:\/\/weltlaeden.de\/betzdorf\/?page_id=614"},"modified":"2022-02-24T10:25:49","modified_gmt":"2022-02-24T09:25:49","slug":"das-kaffeesortiment","status":"publish","type":"page","link":"https:\/\/weltlaeden.de\/betzdorf\/das-kaffeesortiment\/","title":{"rendered":"Kaffee"},"content":{"rendered":"<div class=\"wpb-content-wrapper\"><p>[vc_row][vc_column]<div class=\"wl_einzelbild\"><p><img loading=\"lazy\" decoding=\"async\" class=\"aligncenter wp-image-701 \" src=\"https:\/\/weltlaeden.de\/betzdorf\/wp-content\/uploads\/sites\/176\/2022\/02\/LadenKaffeekorbDSC06974.jpg\" alt=\"\" width=\"773\" height=\"515\" srcset=\"https:\/\/weltlaeden.de\/betzdorf\/wp-content\/uploads\/sites\/176\/2022\/02\/LadenKaffeekorbDSC06974.jpg 787w, https:\/\/weltlaeden.de\/betzdorf\/wp-content\/uploads\/sites\/176\/2022\/02\/LadenKaffeekorbDSC06974-300x200.jpg 300w, https:\/\/weltlaeden.de\/betzdorf\/wp-content\/uploads\/sites\/176\/2022\/02\/LadenKaffeekorbDSC06974-768x511.jpg 768w\" sizes=\"auto, (max-width: 773px) 100vw, 773px\" \/><\/p><\/div>[\/vc_column][\/vc_row][vc_row][vc_column][vc_empty_space][vc_column_text]<\/p>\n<h1>Vielf\u00e4ltiges Angebot an Kaffee<\/h1>\n<p>Einen gro\u00dfen Teil der Kaffeesorten beziehen wir \u00fcber die <a href=\"https:\/\/www.gepa.de\/home.html\">GEPA<\/a>. Das b\u00fcrgt f\u00fcr Qualit\u00e4t, sie stammen meist aus Bioanbau, es gibt faire Preise und Mindeststandards sowie umweltfreundliche Verpackungen:<\/p>\n<p>&nbsp;<\/p>\n<p><strong>Qualit\u00e4t: <\/strong>Die Kaffees der GEPA sind mit Sorgfalt von Kleinbauern angebaut, im GEPA-Kaffeelabor sowie extern gepr\u00fcft und schonend langzeitger\u00f6stet. Sie \u00fcberzeugen u. a. Stiftung Warentest und auch \u00d6kotest \u2013 rundum guter Kaffeegenuss!<\/p>\n<p><strong>Bio:<\/strong> Bio hei\u00dft auch ohne Gentechnik. Die GEPA lehnt Gentechnik grunds\u00e4tzlich ab. 66 Prozent des GEPA Kaffeesortiments sind Bio-Kaffees mit EU-Bio-Siegel oder zus\u00e4tzlich dem Naturland Zeichen.<\/p>\n<p><strong>fair+:<\/strong> Ausschlie\u00dflich Kleinbauernorganisationen sind die Lieferanten f\u00fcr GEPA-Kaffee. Die GEPA bezahlt fair und liegt damit deutlich \u00fcber dem Weltmarktpreis und auch \u00fcber den allgemeinen verbindlichen Mindeststandards des Fairen Handels. Die Kaffeepartner erhalten beispielsweise zus\u00e4tzlich Qualit\u00e4tszuschl\u00e4ge.<\/p>\n<p><strong>Verpackung:<\/strong> Statt Aluminium wird \u00fcberwiegend eine recyclebare Folie mit einer Sperrschicht aus aufgedampftem Alkohol verwendet.<\/p>\n<p>&nbsp;<\/p>\n<hr \/>\n<p>&nbsp;<\/p>\n<h2><strong>Unsere Kaffeesorten<\/strong><\/h2>\n<p>L\u00e4nderkaffees, Mischungen, Espresso, Instant-Kaffee und einen Getreidekaffee haben wir im Angebot. Fast alles stammt aus dem Bioanbau. Bei den jeweiligen Kaffeesorten ist auch die St\u00e4rke angegegen. Sie reicht von 1 f\u00fcr mild bis hin zu 5 f\u00fcr kr\u00e4ftig.<\/p>\n<h3><\/h3>\n<p>&nbsp;<\/p>\n<h3>L\u00e4nderkaffee:<\/h3>\n<p>&nbsp;<\/p>\n<p><strong>Nicaragua PUR:<\/strong> kr\u00e4ftige F\u00fclle und zarte S\u00e4ure, ausgewogen veredelt; St\u00e4rke 4, Bioanbau<\/p>\n<p><strong>Kolumbien PUR:<\/strong> ausdrucksstark, nussige Note, elegant veredelt; St\u00e4rke 3, Bioanbau<\/p>\n<p><strong>Peru PUR:<\/strong> erlesene S\u00e4ure, samtige W\u00fcrze, aromatisch veredelt; St\u00e4rke 4, Bioanbau<\/p>\n<p><strong>Guatemala PUR:<\/strong> vollmundig mit feiner Kakaonote, harmonisch veredelt; St\u00e4rke 3, Bioanbau<\/p>\n<p><strong><a href=\"#Wildkaffee\">Wildkaffee<\/a>:<\/strong> w\u00fcrziger Arabica, Wildsammlung aus dem Regenwald in \u00c4thiopien; St\u00e4rke 3, Bioanbau<\/p>\n<p><strong><a href=\"#Sidamo\">Sidamo<\/a>:<\/strong> aus \u00c4thiopien, vollmundig, nussig, wenig S\u00e4ure; St\u00e4rke 3, Bioanbau<\/p>\n<p><strong><a href=\"#Elisabeth\">Elisabeth Kaffee<\/a>:<\/strong> aus Honduras, harmonisch weich; Bioanbau<\/p>\n<p>&nbsp;<\/p>\n<h3>Espresso:<\/h3>\n<p>&nbsp;<\/p>\n<p><strong>Bio Espresso:<\/strong> aromatisch mild, leicht w\u00fcrzig mit guter Schaumbildung; St\u00e4rke 4, Bioanbau<\/p>\n<p><strong>Bio Caf\u00e9 Crema &#8211; Bohne:<\/strong> mild und aromatisch; St\u00e4rke 3, Bioanbau<\/p>\n<p><strong>Espresso Cargado:<\/strong> aromatisch, kr\u00e4ftig, herzhaft, gute Schaumbildung; St\u00e4rke 5<\/p>\n<p><strong>Esperanza:<\/strong> kr\u00e4ftig aromatisch, w\u00fcrziger Geschmack mit wenig S\u00e4ure; Bioanbau<\/p>\n<p>&nbsp;<\/p>\n<h3>Mischungen:<\/h3>\n<p>&nbsp;<\/p>\n<p><strong>Caf\u00e9 Aha:<\/strong> w\u00fcrziger, kr\u00e4ftiger und ergiebiger Kaffee; St\u00e4rke 5<\/p>\n<p><strong>Caf\u00e9 Milde Mischung:<\/strong> ausgepr\u00e4gtes volles und spritziges Aroma, feine und zarte S\u00e4ure; St\u00e4rke 3<\/p>\n<p><strong><a href=\"#Organico\">Caf\u00e9 Org\u00e1nico<\/a>:<\/strong> mild, leicht aromatisch, samtig weich; St\u00e4rke 2, Bioanbau<\/p>\n<p><strong>Bio Org\u00e1nico, entkoffeiniert:<\/strong> sehr bek\u00f6mmlich und mild; St\u00e4rke 1, Bioanbau<\/p>\n<p><strong>Bio Sereno, entkoffeiniert:<\/strong> der mildeste, ein naturmilder aromatischer R\u00f6stkaffee; St\u00e4rke 1, Bioanbau<\/p>\n<p><strong>Bio Schonkaffee:<\/strong> aromatisch mild, leicht w\u00fcrzig mit guter Schaumbildung; St\u00e4rke 1, Bioanbau<\/p>\n<p><strong>Bio Caf\u00e9:<\/strong> vollaromatisch mild, schonend reizarm, besonders magenfreundlich; St\u00e4rke 2, Bioanbau<\/p>\n<p><strong>Faires Pfund:<\/strong> 50 Prozent Arabica, 50 Prozent Robusta; Bioanbau<\/p>\n<p><strong>Bio Esperanza, Pads:<\/strong> kr\u00e4ftig w\u00fcrzig mit einer leichten schokoladigen Note; St\u00e4rke 2, Bioanbau<\/p>\n<p><strong>Bio Crema, Pads:<\/strong> vollaromatisch mild, schonend reizarm, besonders magenfreundlich; St\u00e4rke 4, Bioanbau<\/p>\n<p>&nbsp;<\/p>\n<h3>Instantkaffee:<\/h3>\n<p>&nbsp;<\/p>\n<p><strong>Bio Kagera, Instant:<\/strong> kr\u00e4ftig aromatisch, spr\u00fchgetrocknet; Bioanbau<\/p>\n<p><strong>Bio Caf\u00e9 Benita, Instant:<\/strong> kr\u00e4ftig aromatisch, spr\u00fchgetrocknet; Bioanbau<\/p>\n<p><strong>Bio Caf\u00e9 Benita, Instant, entkoffeiniert:<\/strong> mit nat\u00fcrlicher Quellenkohlens\u00e4ure und aromaschonend gefriergetrocknet vollaromatisch; Bioanbau<\/p>\n<p>&nbsp;<\/p>\n<h3>Getreidekaffee:<\/h3>\n<p>&nbsp;<\/p>\n<p>Ebenso gibt es im Laden auch einen Getreidekaffee. Es ist ein l\u00f6slicher Kaffee, der von Natur aus koffeinfrei ist.\u00a0 Die Gerste wird von Kleinbauern aus Ecuador geliefert.<\/p>\n<p>&nbsp;<\/p>\n<hr \/>\n<p>&nbsp;<\/p>\n<h2 id=\"Wildkaffee\"><strong>Geschmackserlebnis Wildkaffee<\/strong><\/h2>\n<p><img loading=\"lazy\" decoding=\"async\" class=\"size-medium wp-image-711 alignleft\" src=\"https:\/\/weltlaeden.de\/betzdorf\/wp-content\/uploads\/sites\/176\/2022\/02\/LadenWildkaffeeschnittDSC06975-e1644051987941-300x214.jpg\" alt=\"\" width=\"300\" height=\"214\" srcset=\"https:\/\/weltlaeden.de\/betzdorf\/wp-content\/uploads\/sites\/176\/2022\/02\/LadenWildkaffeeschnittDSC06975-e1644051987941-300x214.jpg 300w, https:\/\/weltlaeden.de\/betzdorf\/wp-content\/uploads\/sites\/176\/2022\/02\/LadenWildkaffeeschnittDSC06975-e1644051987941.jpg 704w\" sizes=\"auto, (max-width: 300px) 100vw, 300px\" \/>Im Angebot haben wir aber auch noch einen besonderen Kaffee. Es ist der Kaffa Wildkaffee aus \u00c4thiopien, den wir \u00fcber <a href=\"https:\/\/www.originalfood.coffee\/\">Original Food<\/a> beziehen. Original Food unterst\u00fctzt seit 2003 durch ein integriertes und nachhaltig wirkendes Entwicklungsprojekt die Regionen Kaffa und seit 2016 auch Sheka im S\u00fcdwesten \u00c4thiopiens. Lokalen Kleinbauern und ihren Familien die Nutzung der nat\u00fcrlichen Ressourcen langfristig zu erm\u00f6glichen bei gleichzeitiger Bewahrung der lebenswichtigen Regenw\u00e4lder, das steht im Zentrum aller Aktivit\u00e4ten von Original Food. Kaffa Wildkaffee ist Fairtrade-zertifiziert und erf\u00fcllt die strengen Anforderungen an ein Bio-Produkt aus reiner Wildsammlung sowie auch die Naturland-Richtlinien.<\/p>\n<h2><\/h2>\n<p>Die Spezialit\u00e4t aus dem Regenwald ist inzwischen f\u00fcr Viele der beste Kaffee der Welt. Den Kleinbauern zahlt Original Food von Beginn an hohe Preise. Denn nur so ergibt es f\u00fcr sie wirtschaftlich Sinn Wildkaffee zu ernten und gleichzeitig die Regenw\u00e4lder zu bewahren.<\/p>\n<p>Das Projekt f\u00fchrte zur Einrichtung des ersten Kaffee-UNESCO-Biosph\u00e4renreservat der Welt und gilt mittlerweile als herausragendes Beispiel f\u00fcr Naturschutz und gleichzeitige wirtschaftliche Entwicklung.<\/p>\n<p>Rund 130.000 Menschen in Kaffa profitieren heute von dieser Erfolgsgeschichte. Seit 2016 erhalten in der benachbarten Region Sheka weitere 20.000 Menschen eine Perspektive.<\/p>\n<p>&nbsp;<\/p>\n<hr \/>\n<p>&nbsp;<\/p>\n<h2 id=\"Organico\"><strong>Bio Caf\u00e9 Org\u00e1nico <\/strong><strong> 1986 erster faire Bio-Kaffee<\/strong><\/h2>\n<p><img loading=\"lazy\" decoding=\"async\" class=\"size-medium wp-image-873 alignleft\" src=\"https:\/\/weltlaeden.de\/betzdorf\/wp-content\/uploads\/sites\/176\/2022\/02\/IMG_2610-300x225.jpg\" alt=\"\" width=\"300\" height=\"225\" srcset=\"https:\/\/weltlaeden.de\/betzdorf\/wp-content\/uploads\/sites\/176\/2022\/02\/IMG_2610-300x225.jpg 300w, https:\/\/weltlaeden.de\/betzdorf\/wp-content\/uploads\/sites\/176\/2022\/02\/IMG_2610.jpg 755w\" sizes=\"auto, (max-width: 300px) 100vw, 300px\" \/>Seit 50 Jahren ver\u00e4ndert Fairer Handel die Welt \u2013 ein wichtiger Meilenstein und bis heute ein Original ist unser fairer \u201eBio Caf\u00e9 Org\u00e1nico\u201c. Er ist seit 1986 der Inbegriff f\u00fcr einen transparenten und direkten Handel und war damals der erste faire Bio-Kaffee.<\/p>\n<p>Von FridaysForFuture bis zum Lieferkettengesetz \u2013 immer mehr Menschen denken \u00fcber ihren Lebens- und Konsumstil neu nach. Es wird immer bewusster, dass unser Planet Grenzen hat und wir auch durch das, was wir einkaufen mit Menschen auf der ganzen Welt verbunden sind. Es gibt eine neue Dringlichkeit zu handeln \u2013 wenn nicht jetzt, wann dann? Mehr Infos zum <a href=\"https:\/\/www.gepa.de\/gepa\/themenspecials\/faircoffeenow\/faircoffeenow-wenn-nicht-jetzt-wann-dann.html\">Bio Caf\u00e9 Org\u00e1nico<\/a>.<\/p>\n<p>&nbsp;<\/p>\n<hr \/>\n<p>[\/vc_column_text][vc_empty_space][\/vc_column][\/vc_row][vc_row][vc_column][vc_column_text]<\/p>\n<h2 id=\"Elisabeth\"><strong>Elisabeth Kaffee<\/strong><\/h2>\n<p><img loading=\"lazy\" decoding=\"async\" class=\"size-medium wp-image-872 alignleft\" src=\"https:\/\/weltlaeden.de\/betzdorf\/wp-content\/uploads\/sites\/176\/2022\/02\/IMG_2606-300x224.jpg\" alt=\"\" width=\"300\" height=\"224\" srcset=\"https:\/\/weltlaeden.de\/betzdorf\/wp-content\/uploads\/sites\/176\/2022\/02\/IMG_2606-300x224.jpg 300w, https:\/\/weltlaeden.de\/betzdorf\/wp-content\/uploads\/sites\/176\/2022\/02\/IMG_2606.jpg 679w\" sizes=\"auto, (max-width: 300px) 100vw, 300px\" \/>In Hessen und Th\u00fcringen wurde 2007 der 800ste Geburtstag der Elisabeth von Th\u00fcringen gefeiert. Elisabeth steht f\u00fcr einen besonderen Einsatz f\u00fcr soziale Gerechtigkeit.<\/p>\n<p>Um den Ideen Elisabeths in der heutigen Zeit Gestalt zu verleihen, wurde unter Federf\u00fchrung des Marburger Weltladens ein fair gehandelter Partnerschaftskaffee unter dem Namen Elisabeth Kaffee eingef\u00fchrt.<\/p>\n<p>Den Kaffee bezieht der Marburger Weltladen \u00fcber die Importorganisation GEPA von der B\u00e4uerinnen-Organisation APROLMA aus Honduras.<\/p>\n<p>Das Sortieren der Bohnen vor der R\u00f6stung entf\u00e4llt bei diesem Kaffee \u2013 jede einzelne Bohne wird bereits von den Frauen von APROLMA in Honduras handverlesen. In der Langzeitr\u00f6stung im gasbetriebenen Trommelr\u00f6ster werden die Bohnen qualit\u00e4tsschonend weiterverarbeitet. Ein gro\u00dfer Vorteil bei der Zusammenarbeit mit der lokalen R\u00f6sterei \u201eHeinz &amp; Heinz\u201c in Rauschenberg ist, dass nach aktuellem Bedarf ger\u00f6stet wird, d.h. die jeweiligen Chargen sind immer frisch.<\/p>\n<p>Mehr zum <a href=\"http:\/\/www.elisabethkaffee.de\/uber-den-kaffee\/\">Elisabethkaffee<\/a><\/p>\n<p>Mehr zur Kooperative <a href=\"http:\/\/www.elisabethkaffee.de\/aprolma\/\">Aprolma<\/a><\/p>\n<p>&nbsp;<\/p>\n<hr \/>\n<p>[\/vc_column_text][vc_empty_space][\/vc_column][\/vc_row][vc_row][vc_column][vc_column_text]<\/p>\n<h2 id=\"Sidamo\"><strong>Sidamo &#8211; einer der besten seiner Art<\/strong><\/h2>\n<p><img loading=\"lazy\" decoding=\"async\" class=\"size-medium wp-image-913 alignleft\" src=\"https:\/\/weltlaeden.de\/betzdorf\/wp-content\/uploads\/sites\/176\/2022\/02\/IMG_2609-225x300.jpg\" alt=\"\" width=\"225\" height=\"300\" srcset=\"https:\/\/weltlaeden.de\/betzdorf\/wp-content\/uploads\/sites\/176\/2022\/02\/IMG_2609-225x300.jpg 225w, https:\/\/weltlaeden.de\/betzdorf\/wp-content\/uploads\/sites\/176\/2022\/02\/IMG_2609-768x1024.jpg 768w, https:\/\/weltlaeden.de\/betzdorf\/wp-content\/uploads\/sites\/176\/2022\/02\/IMG_2609-1152x1536.jpg 1152w, https:\/\/weltlaeden.de\/betzdorf\/wp-content\/uploads\/sites\/176\/2022\/02\/IMG_2609-scaled.jpg 1440w\" sizes=\"auto, (max-width: 225px) 100vw, 225px\" \/>Dieser feine Kaffee stammt aus der Region Oromia in \u00c4thiopien. Wer sich Zeit nimmt, um ihn wirklich zu \u201eschmecken\u201c, wird \u00fcberrascht sein: Aromen von roten Beeren und Zitrusnoten kommen zum Vorschein. Der edle Kaffee wird von Kleinbauernfamilien in winzigen Kaffeeg\u00e4rten angepflanzt. Geerntet werden edelste Arabica Bohnen. Elegant &amp; vielschichtig, w\u00fcrzig, angenehme S\u00e4ure. F\u00fcr alle Zubereitungsarten geeignet \u2013 ideal als Filterkaffee \u2013 und nat\u00fcrlich aus kontrolliert \u00f6kologischem Anbau.<\/p>\n<p>Die Geschichte des Kaffees begann in der \u00e4thiopischen Region Oromia. Dort entdeckte die indigene Bev\u00f6lkerungsgruppe Oromo bereits im 5. Jahrhundert das R\u00f6sten der Kaffeekirschen f\u00fcr den anschlie\u00dfenden Aufguss zu einem genussvollen Getr\u00e4nk.<\/p>\n<p>Viele Kleinbauernfamilien lebten in der \u00e4rmlichen Region haupts\u00e4chlich vom Verkauf der Fr\u00fcchte des Kaffeestrauchs. Im Jahr 1999 b\u00fcndelten die Kleinbauern Ihre Kr\u00e4fte und gr\u00fcndeten die Oromia Coffee Farmers Cooperative Union (OCFCU). Dadurch konnten sie ihren Kaffee gemeinsam zertifizieren und besser vermarkten. Durch Investitionen in Verarbeitungsanlagen konnte die Wertsch\u00f6pfung in der Region betr\u00e4chtlich gesteigert werden. Die Fair Trade-Pr\u00e4mie investiert die OCFCU in zahlreiche soziale Projekte. So konnte z.B. der Aufbau von 30 Schulen finanziert werden.<\/p>\n<p>Besonders gew\u00fcrdigt wird das Bestreben von OCFCU Frauen in F\u00fchrungspositionen zu etablieren.[\/vc_column_text][\/vc_column][\/vc_row]<\/p>\n<\/div>","protected":false},"excerpt":{"rendered":"<p>[vc_row][vc_column][\/vc_column][\/vc_row][vc_row][vc_column][vc_empty_space][vc_column_text] Vielf\u00e4ltiges Angebot an Kaffee Einen gro\u00dfen Teil der Kaffeesorten beziehen wir \u00fcber die GEPA. Das b\u00fcrgt f\u00fcr Qualit\u00e4t, sie stammen meist aus Bioanbau, es gibt faire Preise und Mindeststandards sowie umweltfreundliche Verpackungen: &nbsp; Qualit\u00e4t: Die Kaffees der GEPA sind mit Sorgfalt von Kleinbauern angebaut, im GEPA-Kaffeelabor sowie extern gepr\u00fcft und schonend langzeitger\u00f6stet. Sie \u00fcberzeugen&hellip;<\/p>\n","protected":false},"author":262,"featured_media":711,"parent":0,"menu_order":2,"comment_status":"closed","ping_status":"closed","template":"","meta":{"footnotes":""},"class_list":["post-614","page","type-page","status-publish","has-post-thumbnail","hentry","description-off"],"yoast_head":"<!-- This site is optimized with the Yoast SEO plugin v26.8 - https:\/\/yoast.com\/product\/yoast-seo-wordpress\/ -->\n<title>Kaffee - Weltladen Betzdorf<\/title>\n<meta name=\"robots\" content=\"index, follow, max-snippet:-1, max-image-preview:large, max-video-preview:-1\" \/>\n<link rel=\"canonical\" href=\"https:\/\/weltlaeden.de\/betzdorf\/das-kaffeesortiment\/\" \/>\n<meta property=\"og:locale\" content=\"de_DE\" \/>\n<meta property=\"og:type\" content=\"article\" \/>\n<meta property=\"og:title\" content=\"Kaffee - Weltladen Betzdorf\" \/>\n<meta property=\"og:description\" content=\"[vc_row][vc_column][\/vc_column][\/vc_row][vc_row][vc_column][vc_empty_space][vc_column_text] Vielf\u00e4ltiges Angebot an Kaffee Einen gro\u00dfen Teil der Kaffeesorten beziehen wir \u00fcber die GEPA. Das b\u00fcrgt f\u00fcr Qualit\u00e4t, sie stammen meist aus Bioanbau, es gibt faire Preise und Mindeststandards sowie umweltfreundliche Verpackungen: &nbsp; Qualit\u00e4t: Die Kaffees der GEPA sind mit Sorgfalt von Kleinbauern angebaut, im GEPA-Kaffeelabor sowie extern gepr\u00fcft und schonend langzeitger\u00f6stet. Sie \u00fcberzeugen&hellip;\" \/>\n<meta property=\"og:url\" content=\"https:\/\/weltlaeden.de\/betzdorf\/das-kaffeesortiment\/\" \/>\n<meta property=\"og:site_name\" content=\"Weltladen Betzdorf\" \/>\n<meta property=\"article:modified_time\" content=\"2022-02-24T09:25:49+00:00\" \/>\n<meta property=\"og:image\" content=\"https:\/\/weltlaeden.de\/betzdorf\/wp-content\/uploads\/sites\/176\/2022\/02\/LadenWildkaffeeschnittDSC06975-e1644051987941.jpg\" \/>\n\t<meta property=\"og:image:width\" content=\"704\" \/>\n\t<meta property=\"og:image:height\" content=\"503\" \/>\n\t<meta property=\"og:image:type\" content=\"image\/jpeg\" \/>\n<meta name=\"twitter:card\" content=\"summary_large_image\" \/>\n<meta name=\"twitter:label1\" content=\"Gesch\u00e4tzte Lesezeit\" \/>\n\t<meta name=\"twitter:data1\" content=\"8\u00a0Minuten\" \/>\n<script type=\"application\/ld+json\" class=\"yoast-schema-graph\">{\"@context\":\"https:\/\/schema.org\",\"@graph\":[{\"@type\":\"WebPage\",\"@id\":\"https:\/\/weltlaeden.de\/betzdorf\/das-kaffeesortiment\/\",\"url\":\"https:\/\/weltlaeden.de\/betzdorf\/das-kaffeesortiment\/\",\"name\":\"Kaffee - Weltladen Betzdorf\",\"isPartOf\":{\"@id\":\"https:\/\/weltlaeden.de\/betzdorf\/#website\"},\"primaryImageOfPage\":{\"@id\":\"https:\/\/weltlaeden.de\/betzdorf\/das-kaffeesortiment\/#primaryimage\"},\"image\":{\"@id\":\"https:\/\/weltlaeden.de\/betzdorf\/das-kaffeesortiment\/#primaryimage\"},\"thumbnailUrl\":\"https:\/\/weltlaeden.de\/betzdorf\/wp-content\/uploads\/sites\/176\/2022\/02\/LadenWildkaffeeschnittDSC06975-e1644051987941.jpg\",\"datePublished\":\"2022-01-29T13:06:31+00:00\",\"dateModified\":\"2022-02-24T09:25:49+00:00\",\"breadcrumb\":{\"@id\":\"https:\/\/weltlaeden.de\/betzdorf\/das-kaffeesortiment\/#breadcrumb\"},\"inLanguage\":\"de\",\"potentialAction\":[{\"@type\":\"ReadAction\",\"target\":[\"https:\/\/weltlaeden.de\/betzdorf\/das-kaffeesortiment\/\"]}]},{\"@type\":\"ImageObject\",\"inLanguage\":\"de\",\"@id\":\"https:\/\/weltlaeden.de\/betzdorf\/das-kaffeesortiment\/#primaryimage\",\"url\":\"https:\/\/weltlaeden.de\/betzdorf\/wp-content\/uploads\/sites\/176\/2022\/02\/LadenWildkaffeeschnittDSC06975-e1644051987941.jpg\",\"contentUrl\":\"https:\/\/weltlaeden.de\/betzdorf\/wp-content\/uploads\/sites\/176\/2022\/02\/LadenWildkaffeeschnittDSC06975-e1644051987941.jpg\",\"width\":704,\"height\":503},{\"@type\":\"BreadcrumbList\",\"@id\":\"https:\/\/weltlaeden.de\/betzdorf\/das-kaffeesortiment\/#breadcrumb\",\"itemListElement\":[{\"@type\":\"ListItem\",\"position\":1,\"name\":\"Startseite\",\"item\":\"https:\/\/weltlaeden.de\/betzdorf\/\"},{\"@type\":\"ListItem\",\"position\":2,\"name\":\"Kaffee\"}]},{\"@type\":\"WebSite\",\"@id\":\"https:\/\/weltlaeden.de\/betzdorf\/#website\",\"url\":\"https:\/\/weltlaeden.de\/betzdorf\/\",\"name\":\"Weltladen Betzdorf\",\"description\":\"Ein St\u00fcck Welt von morgen\",\"potentialAction\":[{\"@type\":\"SearchAction\",\"target\":{\"@type\":\"EntryPoint\",\"urlTemplate\":\"https:\/\/weltlaeden.de\/betzdorf\/?s={search_term_string}\"},\"query-input\":{\"@type\":\"PropertyValueSpecification\",\"valueRequired\":true,\"valueName\":\"search_term_string\"}}],\"inLanguage\":\"de\"}]}<\/script>\n<!-- \/ Yoast SEO plugin. -->","yoast_head_json":{"title":"Kaffee - Weltladen Betzdorf","robots":{"index":"index","follow":"follow","max-snippet":"max-snippet:-1","max-image-preview":"max-image-preview:large","max-video-preview":"max-video-preview:-1"},"canonical":"https:\/\/weltlaeden.de\/betzdorf\/das-kaffeesortiment\/","og_locale":"de_DE","og_type":"article","og_title":"Kaffee - Weltladen Betzdorf","og_description":"[vc_row][vc_column][\/vc_column][\/vc_row][vc_row][vc_column][vc_empty_space][vc_column_text] Vielf\u00e4ltiges Angebot an Kaffee Einen gro\u00dfen Teil der Kaffeesorten beziehen wir \u00fcber die GEPA. Das b\u00fcrgt f\u00fcr Qualit\u00e4t, sie stammen meist aus Bioanbau, es gibt faire Preise und Mindeststandards sowie umweltfreundliche Verpackungen: &nbsp; Qualit\u00e4t: Die Kaffees der GEPA sind mit Sorgfalt von Kleinbauern angebaut, im GEPA-Kaffeelabor sowie extern gepr\u00fcft und schonend langzeitger\u00f6stet. Sie \u00fcberzeugen&hellip;","og_url":"https:\/\/weltlaeden.de\/betzdorf\/das-kaffeesortiment\/","og_site_name":"Weltladen Betzdorf","article_modified_time":"2022-02-24T09:25:49+00:00","og_image":[{"width":704,"height":503,"url":"https:\/\/weltlaeden.de\/betzdorf\/wp-content\/uploads\/sites\/176\/2022\/02\/LadenWildkaffeeschnittDSC06975-e1644051987941.jpg","type":"image\/jpeg"}],"twitter_card":"summary_large_image","twitter_misc":{"Gesch\u00e4tzte Lesezeit":"8\u00a0Minuten"},"schema":{"@context":"https:\/\/schema.org","@graph":[{"@type":"WebPage","@id":"https:\/\/weltlaeden.de\/betzdorf\/das-kaffeesortiment\/","url":"https:\/\/weltlaeden.de\/betzdorf\/das-kaffeesortiment\/","name":"Kaffee - Weltladen Betzdorf","isPartOf":{"@id":"https:\/\/weltlaeden.de\/betzdorf\/#website"},"primaryImageOfPage":{"@id":"https:\/\/weltlaeden.de\/betzdorf\/das-kaffeesortiment\/#primaryimage"},"image":{"@id":"https:\/\/weltlaeden.de\/betzdorf\/das-kaffeesortiment\/#primaryimage"},"thumbnailUrl":"https:\/\/weltlaeden.de\/betzdorf\/wp-content\/uploads\/sites\/176\/2022\/02\/LadenWildkaffeeschnittDSC06975-e1644051987941.jpg","datePublished":"2022-01-29T13:06:31+00:00","dateModified":"2022-02-24T09:25:49+00:00","breadcrumb":{"@id":"https:\/\/weltlaeden.de\/betzdorf\/das-kaffeesortiment\/#breadcrumb"},"inLanguage":"de","potentialAction":[{"@type":"ReadAction","target":["https:\/\/weltlaeden.de\/betzdorf\/das-kaffeesortiment\/"]}]},{"@type":"ImageObject","inLanguage":"de","@id":"https:\/\/weltlaeden.de\/betzdorf\/das-kaffeesortiment\/#primaryimage","url":"https:\/\/weltlaeden.de\/betzdorf\/wp-content\/uploads\/sites\/176\/2022\/02\/LadenWildkaffeeschnittDSC06975-e1644051987941.jpg","contentUrl":"https:\/\/weltlaeden.de\/betzdorf\/wp-content\/uploads\/sites\/176\/2022\/02\/LadenWildkaffeeschnittDSC06975-e1644051987941.jpg","width":704,"height":503},{"@type":"BreadcrumbList","@id":"https:\/\/weltlaeden.de\/betzdorf\/das-kaffeesortiment\/#breadcrumb","itemListElement":[{"@type":"ListItem","position":1,"name":"Startseite","item":"https:\/\/weltlaeden.de\/betzdorf\/"},{"@type":"ListItem","position":2,"name":"Kaffee"}]},{"@type":"WebSite","@id":"https:\/\/weltlaeden.de\/betzdorf\/#website","url":"https:\/\/weltlaeden.de\/betzdorf\/","name":"Weltladen Betzdorf","description":"Ein St\u00fcck Welt von morgen","potentialAction":[{"@type":"SearchAction","target":{"@type":"EntryPoint","urlTemplate":"https:\/\/weltlaeden.de\/betzdorf\/?s={search_term_string}"},"query-input":{"@type":"PropertyValueSpecification","valueRequired":true,"valueName":"search_term_string"}}],"inLanguage":"de"}]}},"_links":{"self":[{"href":"https:\/\/weltlaeden.de\/betzdorf\/wp-json\/wp\/v2\/pages\/614","targetHints":{"allow":["GET"]}}],"collection":[{"href":"https:\/\/weltlaeden.de\/betzdorf\/wp-json\/wp\/v2\/pages"}],"about":[{"href":"https:\/\/weltlaeden.de\/betzdorf\/wp-json\/wp\/v2\/types\/page"}],"author":[{"embeddable":true,"href":"https:\/\/weltlaeden.de\/betzdorf\/wp-json\/wp\/v2\/users\/262"}],"replies":[{"embeddable":true,"href":"https:\/\/weltlaeden.de\/betzdorf\/wp-json\/wp\/v2\/comments?post=614"}],"version-history":[{"count":79,"href":"https:\/\/weltlaeden.de\/betzdorf\/wp-json\/wp\/v2\/pages\/614\/revisions"}],"predecessor-version":[{"id":1216,"href":"https:\/\/weltlaeden.de\/betzdorf\/wp-json\/wp\/v2\/pages\/614\/revisions\/1216"}],"wp:featuredmedia":[{"embeddable":true,"href":"https:\/\/weltlaeden.de\/betzdorf\/wp-json\/wp\/v2\/media\/711"}],"wp:attachment":[{"href":"https:\/\/weltlaeden.de\/betzdorf\/wp-json\/wp\/v2\/media?parent=614"}],"curies":[{"name":"wp","href":"https:\/\/api.w.org\/{rel}","templated":true}]}}