{"id":217,"date":"2016-10-28T13:34:47","date_gmt":"2016-10-28T11:34:47","guid":{"rendered":"https:\/\/wl.heimpixel.de\/vorlage\/produkte\/"},"modified":"2022-02-23T19:47:56","modified_gmt":"2022-02-23T18:47:56","slug":"produkte","status":"publish","type":"page","link":"https:\/\/weltlaeden.de\/betzdorf\/produkte\/","title":{"rendered":"Produkte"},"content":{"rendered":"<div class=\"wpb-content-wrapper\"><p>[vc_row][vc_column]<div class=\"wl_einzelbild\"><p><\/p><\/div>[vc_empty_space][vc_column_text]<\/p>\n<h1>Unser vielf\u00e4ltiges Sortiment &#8211; oft auch in Bioqualit\u00e4t<\/h1>\n<h2>Gro\u00dfe Auswahl an hochwertigen Lebensmitteln und Kunsthandwerk<\/h2>\n<p>&nbsp;<\/p>\n<p>[\/vc_column_text][vc_column_text]<\/p>\n<div id=\"imCel0_01\">\n<div id=\"imCel0_01_Cont\">\n<div id=\"imObj0_01\">\n<p class=\"imAlign_left\"><span class=\"ff2 fc2 fs12 \">Der Weltladen Betzdorf bietet Ihnen eine gro\u00dfe Auswahl an hochwertigen Lebensmitteln und wundersch\u00f6nem Kunsthandwerk. Die Produkte sind alle zu fairen Preisen gehandelt, die ihren ErzeugerInnen eine menschenw\u00fcrdiges Leben erm\u00f6glichen.<\/span><\/p>\n<p><span class=\"ff3 fc2 fs12 \">Lassen Sie sich \u00fcberraschen, wie vielf\u00e4ltig unser Angebot an fair gehandelten Produkten ist &#8211; viele stammen \u00fcbrigens aus kontrolliert biologischem Anbau. <\/span><\/p>\n<p>&nbsp;<\/p>\n<\/div>\n<\/div>\n<\/div>\n<div id=\"imCel6_00\">\n<div id=\"imCel6_00_Cont\">\n<div id=\"imObj6_00\">\n<div id=\"imSSCont_0\">\n<div id=\"imSSBackg_0\">\n<div id=\"imSSImages_0\"><\/div>\n<\/div>\n<\/div>\n<\/div>\n<\/div>\n<\/div>\n<p>[\/vc_column_text][vc_empty_space][vc_row_inner][vc_column_inner width=&#8220;1\/2&#8243;][vc_column_text]<\/p>\n<h2>Lebensmittel<\/h2>\n<p>[\/vc_column_text]<div class=\"wl_einzelbild\"><p><img loading=\"lazy\" decoding=\"async\" class=\"aligncenter size-full wp-image-nsm-3-26\" src=\"https:\/\/weltlaeden.de\/betzdorf\/wp-content\/uploads\/sites\/3\/2018\/05\/Lebensmittel_WL-Bornheim-Christian-Schilling.jpg\" alt=\"\" width=\"600\" height=\"402\" \/><\/p><\/div>[vc_column_text]<\/p>\n<p class=\"imAlign_left\"><span class=\"ff3 fc2 fs12 \">In unserer gro\u00dfen Auswahl finden Sie unter anderem folgende <\/span><strong><span class=\"ff3 fc3 fs12 fb \">Lebensmittel<\/span><\/strong><span class=\"ff3 fc2 fs12 \">:<\/span><\/p>\n<p>&nbsp;<\/p>\n<ul class=\"imBullet\">\n<li class=\"imAlign_left\"><span class=\"ff3 fc2 fs12 \">Brotaufstriche<\/span><\/li>\n<li class=\"imAlign_left\"><span class=\"ff3 fc2 fs12 \">Gew\u00fcrze<\/span><\/li>\n<li class=\"imAlign_left\"><a href=\"https:\/\/weltlaeden.de\/betzdorf\/honig\/\"><span class=\"ff3 fc2 fs12 \">Honig<\/span><\/a><\/li>\n<li class=\"imAlign_left\"><a href=\"https:\/\/weltlaeden.de\/betzdorf\/das-kaffeesortiment\/\"><span class=\"ff3 fc2 fs12 \">Kaffee<\/span><\/a><\/li>\n<li class=\"imAlign_left\"><span class=\"ff3 fc2 fs12 \">Kakao<\/span><\/li>\n<li><a href=\"https:\/\/weltlaeden.de\/betzdorf\/bananen\/\">Bananen<\/a><\/li>\n<li><a href=\"https:\/\/weltlaeden.de\/betzdorf\/mangos\/\">Mangos<\/a><\/li>\n<li class=\"imAlign_left\"><span class=\"ff3 fc2 fs12 \">N\u00fcsse<\/span><\/li>\n<li class=\"imAlign_left\"><span class=\"ff3 fc2 fs12 \">Quinua<\/span><\/li>\n<li class=\"imAlign_left\"><span class=\"ff3 fc2 fs12 \">Reis<\/span><\/li>\n<li class=\"imAlign_left\"><span class=\"ff3 fc2 fs12 \">Saft<\/span><\/li>\n<li class=\"imAlign_left\"><span class=\"ff3 fc2 fs12 \">Spirituosen<\/span><\/li>\n<li class=\"imAlign_left\"><a href=\"https:\/\/weltlaeden.de\/betzdorf\/schokolade\/\"><span class=\"ff3 fc2 fs12 \">Schokolade<\/span><\/a><\/li>\n<li class=\"imAlign_left\"><a href=\"https:\/\/weltlaeden.de\/betzdorf\/suessigkeiten\/\"><span class=\"ff3 fc2 fs12 \">S\u00fc\u00dfigkeiten<\/span><\/a><\/li>\n<li class=\"imAlign_left\"><a href=\"https:\/\/weltlaeden.de\/betzdorf\/tee\/\"><span class=\"ff3 fc2 fs12 \">Tee<\/span><\/a><\/li>\n<li class=\"imAlign_left\"><span class=\"ff3 fc2 fs12 \">Vollrohrzucker<\/span><\/li>\n<li class=\"imAlign_left\"><span class=\"ff3 fc2 fs12 \">Wein<\/span><\/li>\n<\/ul>\n<p>[\/vc_column_text][\/vc_column_inner][vc_column_inner width=&#8220;1\/2&#8243;][vc_column_text]<\/p>\n<h2>Kunsthandwerk &amp; Textilien<\/h2>\n<p>[\/vc_column_text]<div class=\"wl_einzelbild\"><p><img loading=\"lazy\" decoding=\"async\" class=\"aligncenter size-full wp-image-nsm-3-18\" src=\"https:\/\/weltlaeden.de\/betzdorf\/wp-content\/uploads\/sites\/3\/2016\/11\/NonFoodweltladen31.jpg\" alt=\"\" width=\"600\" height=\"402\" \/><\/p><\/div>[vc_column_text]<\/p>\n<p class=\"imAlign_left\"><span class=\"ff3 fc2 fs12 \">Unsere <\/span><strong><span class=\"ff3 fc3 fs12 fb \">Handwerksartikel<\/span><\/strong> <span class=\"ff3 fc2 fs12 \">verbinden kulturelle Identit\u00e4t mit modernem Design und Qualit\u00e4t:<\/span><\/p>\n<p>&nbsp;<\/p>\n<ul class=\"imBullet\">\n<li class=\"imAlign_left\"><span class=\"ff3 fc2 fs12 \">Keramik<\/span><\/li>\n<li class=\"imAlign_left\"><span class=\"ff3 fc2 fs12 \">K\u00f6rbe<\/span><\/li>\n<li class=\"imAlign_left\"><span class=\"ff3 fc2 fs12 \">Kunsthandwerk<\/span><\/li>\n<li class=\"imAlign_left\"><span class=\"ff3 fc2 fs12 \">Lederwaren<\/span><\/li>\n<li class=\"imAlign_left\"><a href=\"https:\/\/weltlaeden.de\/betzdorf\/schals-aus-indien\/\"><span class=\"ff3 fc2 fs12 \">Schals aus Indien<\/span><\/a><\/li>\n<li class=\"imAlign_left\"><span class=\"ff3 fc2 fs12 \">Sport- und Spielb\u00e4lle<\/span><\/li>\n<li class=\"imAlign_left\"><span class=\"ff3 fc2 fs12 \">Schreibwaren<\/span><\/li>\n<li><a href=\"https:\/\/weltlaeden.de\/betzdorf\/seifen-und-oele\/\">Seifen und \u00d6le<\/a><\/li>\n<\/ul>\n<p>[\/vc_column_text][\/vc_column_inner][\/vc_row_inner][\/vc_column][\/vc_row]<\/p>\n<\/div>","protected":false},"excerpt":{"rendered":"<p>[vc_row][vc_column][vc_empty_space][vc_column_text] Unser vielf\u00e4ltiges Sortiment &#8211; oft auch in Bioqualit\u00e4t Gro\u00dfe Auswahl an hochwertigen Lebensmitteln und Kunsthandwerk &nbsp; [\/vc_column_text][vc_column_text] Der Weltladen Betzdorf bietet Ihnen eine gro\u00dfe Auswahl an hochwertigen Lebensmitteln und wundersch\u00f6nem Kunsthandwerk. Die Produkte sind alle zu fairen Preisen gehandelt, die ihren ErzeugerInnen eine menschenw\u00fcrdiges Leben erm\u00f6glichen. Lassen Sie sich \u00fcberraschen, wie vielf\u00e4ltig unser Angebot&hellip;<\/p>\n","protected":false},"author":1,"featured_media":0,"parent":0,"menu_order":3,"comment_status":"closed","ping_status":"closed","template":"","meta":{"footnotes":""},"class_list":["post-217","page","type-page","status-publish","hentry","description-off"],"yoast_head":"<!-- This site is optimized with the Yoast SEO plugin v26.8 - https:\/\/yoast.com\/product\/yoast-seo-wordpress\/ -->\n<title>Produkte - Weltladen Betzdorf<\/title>\n<meta name=\"robots\" content=\"index, follow, max-snippet:-1, max-image-preview:large, max-video-preview:-1\" \/>\n<link rel=\"canonical\" href=\"https:\/\/weltlaeden.de\/betzdorf\/produkte\/\" \/>\n<meta property=\"og:locale\" content=\"de_DE\" \/>\n<meta property=\"og:type\" content=\"article\" \/>\n<meta property=\"og:title\" content=\"Produkte - Weltladen Betzdorf\" \/>\n<meta property=\"og:description\" content=\"[vc_row][vc_column][vc_empty_space][vc_column_text] Unser vielf\u00e4ltiges Sortiment &#8211; oft auch in Bioqualit\u00e4t Gro\u00dfe Auswahl an hochwertigen Lebensmitteln und Kunsthandwerk &nbsp; [\/vc_column_text][vc_column_text] Der Weltladen Betzdorf bietet Ihnen eine gro\u00dfe Auswahl an hochwertigen Lebensmitteln und wundersch\u00f6nem Kunsthandwerk. Die Produkte sind alle zu fairen Preisen gehandelt, die ihren ErzeugerInnen eine menschenw\u00fcrdiges Leben erm\u00f6glichen. Lassen Sie sich \u00fcberraschen, wie vielf\u00e4ltig unser Angebot&hellip;\" \/>\n<meta property=\"og:url\" content=\"https:\/\/weltlaeden.de\/betzdorf\/produkte\/\" \/>\n<meta property=\"og:site_name\" content=\"Weltladen Betzdorf\" \/>\n<meta property=\"article:modified_time\" content=\"2022-02-23T18:47:56+00:00\" \/>\n<meta property=\"og:image\" content=\"https:\/\/weltlaeden.de\/betzdorf\/wp-content\/uploads\/sites\/3\/2018\/05\/Lebensmittel_WL-Bornheim-Christian-Schilling.jpg\" \/>\n<meta name=\"twitter:card\" content=\"summary_large_image\" \/>\n<meta name=\"twitter:label1\" content=\"Gesch\u00e4tzte Lesezeit\" \/>\n\t<meta name=\"twitter:data1\" content=\"2\u00a0Minuten\" \/>\n<script type=\"application\/ld+json\" class=\"yoast-schema-graph\">{\"@context\":\"https:\/\/schema.org\",\"@graph\":[{\"@type\":\"WebPage\",\"@id\":\"https:\/\/weltlaeden.de\/betzdorf\/produkte\/\",\"url\":\"https:\/\/weltlaeden.de\/betzdorf\/produkte\/\",\"name\":\"Produkte - Weltladen Betzdorf\",\"isPartOf\":{\"@id\":\"https:\/\/weltlaeden.de\/betzdorf\/#website\"},\"primaryImageOfPage\":{\"@id\":\"https:\/\/weltlaeden.de\/betzdorf\/produkte\/#primaryimage\"},\"image\":{\"@id\":\"https:\/\/weltlaeden.de\/betzdorf\/produkte\/#primaryimage\"},\"thumbnailUrl\":\"https:\/\/weltlaeden.de\/betzdorf\/wp-content\/uploads\/sites\/3\/2018\/05\/Lebensmittel_WL-Bornheim-Christian-Schilling.jpg\",\"datePublished\":\"2016-10-28T11:34:47+00:00\",\"dateModified\":\"2022-02-23T18:47:56+00:00\",\"breadcrumb\":{\"@id\":\"https:\/\/weltlaeden.de\/betzdorf\/produkte\/#breadcrumb\"},\"inLanguage\":\"de\",\"potentialAction\":[{\"@type\":\"ReadAction\",\"target\":[\"https:\/\/weltlaeden.de\/betzdorf\/produkte\/\"]}]},{\"@type\":\"ImageObject\",\"inLanguage\":\"de\",\"@id\":\"https:\/\/weltlaeden.de\/betzdorf\/produkte\/#primaryimage\",\"url\":\"https:\/\/weltlaeden.de\/betzdorf\/wp-content\/uploads\/sites\/3\/2018\/05\/Lebensmittel_WL-Bornheim-Christian-Schilling.jpg\",\"contentUrl\":\"https:\/\/weltlaeden.de\/betzdorf\/wp-content\/uploads\/sites\/3\/2018\/05\/Lebensmittel_WL-Bornheim-Christian-Schilling.jpg\"},{\"@type\":\"BreadcrumbList\",\"@id\":\"https:\/\/weltlaeden.de\/betzdorf\/produkte\/#breadcrumb\",\"itemListElement\":[{\"@type\":\"ListItem\",\"position\":1,\"name\":\"Startseite\",\"item\":\"https:\/\/weltlaeden.de\/betzdorf\/\"},{\"@type\":\"ListItem\",\"position\":2,\"name\":\"Produkte\"}]},{\"@type\":\"WebSite\",\"@id\":\"https:\/\/weltlaeden.de\/betzdorf\/#website\",\"url\":\"https:\/\/weltlaeden.de\/betzdorf\/\",\"name\":\"Weltladen Betzdorf\",\"description\":\"Ein St\u00fcck Welt von morgen\",\"potentialAction\":[{\"@type\":\"SearchAction\",\"target\":{\"@type\":\"EntryPoint\",\"urlTemplate\":\"https:\/\/weltlaeden.de\/betzdorf\/?s={search_term_string}\"},\"query-input\":{\"@type\":\"PropertyValueSpecification\",\"valueRequired\":true,\"valueName\":\"search_term_string\"}}],\"inLanguage\":\"de\"}]}<\/script>\n<!-- \/ Yoast SEO plugin. -->","yoast_head_json":{"title":"Produkte - Weltladen Betzdorf","robots":{"index":"index","follow":"follow","max-snippet":"max-snippet:-1","max-image-preview":"max-image-preview:large","max-video-preview":"max-video-preview:-1"},"canonical":"https:\/\/weltlaeden.de\/betzdorf\/produkte\/","og_locale":"de_DE","og_type":"article","og_title":"Produkte - Weltladen Betzdorf","og_description":"[vc_row][vc_column][vc_empty_space][vc_column_text] Unser vielf\u00e4ltiges Sortiment &#8211; oft auch in Bioqualit\u00e4t Gro\u00dfe Auswahl an hochwertigen Lebensmitteln und Kunsthandwerk &nbsp; [\/vc_column_text][vc_column_text] Der Weltladen Betzdorf bietet Ihnen eine gro\u00dfe Auswahl an hochwertigen Lebensmitteln und wundersch\u00f6nem Kunsthandwerk. Die Produkte sind alle zu fairen Preisen gehandelt, die ihren ErzeugerInnen eine menschenw\u00fcrdiges Leben erm\u00f6glichen. Lassen Sie sich \u00fcberraschen, wie vielf\u00e4ltig unser Angebot&hellip;","og_url":"https:\/\/weltlaeden.de\/betzdorf\/produkte\/","og_site_name":"Weltladen Betzdorf","article_modified_time":"2022-02-23T18:47:56+00:00","og_image":[{"url":"https:\/\/weltlaeden.de\/betzdorf\/wp-content\/uploads\/sites\/3\/2018\/05\/Lebensmittel_WL-Bornheim-Christian-Schilling.jpg","type":"","width":"","height":""}],"twitter_card":"summary_large_image","twitter_misc":{"Gesch\u00e4tzte Lesezeit":"2\u00a0Minuten"},"schema":{"@context":"https:\/\/schema.org","@graph":[{"@type":"WebPage","@id":"https:\/\/weltlaeden.de\/betzdorf\/produkte\/","url":"https:\/\/weltlaeden.de\/betzdorf\/produkte\/","name":"Produkte - Weltladen Betzdorf","isPartOf":{"@id":"https:\/\/weltlaeden.de\/betzdorf\/#website"},"primaryImageOfPage":{"@id":"https:\/\/weltlaeden.de\/betzdorf\/produkte\/#primaryimage"},"image":{"@id":"https:\/\/weltlaeden.de\/betzdorf\/produkte\/#primaryimage"},"thumbnailUrl":"https:\/\/weltlaeden.de\/betzdorf\/wp-content\/uploads\/sites\/3\/2018\/05\/Lebensmittel_WL-Bornheim-Christian-Schilling.jpg","datePublished":"2016-10-28T11:34:47+00:00","dateModified":"2022-02-23T18:47:56+00:00","breadcrumb":{"@id":"https:\/\/weltlaeden.de\/betzdorf\/produkte\/#breadcrumb"},"inLanguage":"de","potentialAction":[{"@type":"ReadAction","target":["https:\/\/weltlaeden.de\/betzdorf\/produkte\/"]}]},{"@type":"ImageObject","inLanguage":"de","@id":"https:\/\/weltlaeden.de\/betzdorf\/produkte\/#primaryimage","url":"https:\/\/weltlaeden.de\/betzdorf\/wp-content\/uploads\/sites\/3\/2018\/05\/Lebensmittel_WL-Bornheim-Christian-Schilling.jpg","contentUrl":"https:\/\/weltlaeden.de\/betzdorf\/wp-content\/uploads\/sites\/3\/2018\/05\/Lebensmittel_WL-Bornheim-Christian-Schilling.jpg"},{"@type":"BreadcrumbList","@id":"https:\/\/weltlaeden.de\/betzdorf\/produkte\/#breadcrumb","itemListElement":[{"@type":"ListItem","position":1,"name":"Startseite","item":"https:\/\/weltlaeden.de\/betzdorf\/"},{"@type":"ListItem","position":2,"name":"Produkte"}]},{"@type":"WebSite","@id":"https:\/\/weltlaeden.de\/betzdorf\/#website","url":"https:\/\/weltlaeden.de\/betzdorf\/","name":"Weltladen Betzdorf","description":"Ein St\u00fcck Welt von morgen","potentialAction":[{"@type":"SearchAction","target":{"@type":"EntryPoint","urlTemplate":"https:\/\/weltlaeden.de\/betzdorf\/?s={search_term_string}"},"query-input":{"@type":"PropertyValueSpecification","valueRequired":true,"valueName":"search_term_string"}}],"inLanguage":"de"}]}},"_links":{"self":[{"href":"https:\/\/weltlaeden.de\/betzdorf\/wp-json\/wp\/v2\/pages\/217","targetHints":{"allow":["GET"]}}],"collection":[{"href":"https:\/\/weltlaeden.de\/betzdorf\/wp-json\/wp\/v2\/pages"}],"about":[{"href":"https:\/\/weltlaeden.de\/betzdorf\/wp-json\/wp\/v2\/types\/page"}],"author":[{"embeddable":true,"href":"https:\/\/weltlaeden.de\/betzdorf\/wp-json\/wp\/v2\/users\/1"}],"replies":[{"embeddable":true,"href":"https:\/\/weltlaeden.de\/betzdorf\/wp-json\/wp\/v2\/comments?post=217"}],"version-history":[{"count":31,"href":"https:\/\/weltlaeden.de\/betzdorf\/wp-json\/wp\/v2\/pages\/217\/revisions"}],"predecessor-version":[{"id":1154,"href":"https:\/\/weltlaeden.de\/betzdorf\/wp-json\/wp\/v2\/pages\/217\/revisions\/1154"}],"wp:attachment":[{"href":"https:\/\/weltlaeden.de\/betzdorf\/wp-json\/wp\/v2\/media?parent=217"}],"curies":[{"name":"wp","href":"https:\/\/api.w.org\/{rel}","templated":true}]}}