{"id":966,"date":"2021-08-24T13:42:26","date_gmt":"2021-08-24T11:42:26","guid":{"rendered":"https:\/\/weltlaeden.de\/bergedorf\/?page_id=966"},"modified":"2023-06-23T11:10:45","modified_gmt":"2023-06-23T09:10:45","slug":"faire-mode","status":"publish","type":"page","link":"https:\/\/weltlaeden.de\/bergedorf\/produkte\/faire-mode\/","title":{"rendered":"Faire Mode"},"content":{"rendered":"<div class=\"wpb-content-wrapper\"><p>[vc_row][vc_column]<div class=\"wl_einzelbild\"><p><\/p>\n<div id=\"attachment_2060\" style=\"width: 1034px\" class=\"wp-caption alignleft\"><img loading=\"lazy\" decoding=\"async\" aria-describedby=\"caption-attachment-2060\" class=\"wp-image-2060 size-large\" src=\"https:\/\/weltlaeden.de\/osterstrasse\/wp-content\/uploads\/sites\/17\/2021\/04\/FAIRE-MODE-hei\u00dft-VERANTWORTUNG_3-1024x512.jpg\" alt=\"\" width=\"1024\" height=\"512\" \/><p id=\"caption-attachment-2060\" class=\"wp-caption-text\">Schneiderinnen von \u201eThousand Dreams\u201c (Azadi) in Delhi, Indien (Foto: Florian Lang)<\/p><\/div>\n<p><\/p><\/div>[\/vc_column][\/vc_row][vc_row][vc_column][vc_empty_space][\/vc_column][\/vc_row][vc_row][vc_column][vc_column_text]<\/p>\n<h1><strong>Faire Mode hei\u00dft Verantwortung<\/strong><\/h1>\n<p>Ausbeutung von Mensch und Umwelt, davon ist die Herstellung von Kleidung in der konventionellen Modeindustrie gepr\u00e4gt: sei es ausbeuterische Kinderarbeit auf Baumwollfeldern, Zwangsarbeit in Spinnereien oder physische Misshandlungen und sexualisierte Gewalt in N\u00e4hereien. W\u00e4hrend der COVID-19-Pandemie haben zus\u00e4tzlich Millionen von Arbeiter*innen in der globalen Bekleidungsindustrie ihren Arbeitsplatz verloren oder nicht ihren vollen Lohn erhalten. Als Fachgesch\u00e4ft f\u00fcr Fairen Handel zeigen wir, dass eine andere Mode m\u00f6glich ist.<\/p>\n<p><strong>\u00a0<\/strong><\/p>\n<h2><span style=\"color: #ff9900\"><strong>Der konventionelle Weg der Kleidung<\/strong><\/span><\/h2>\n<p>Weltweit ist jeder sechste werkt\u00e4tige Mensch in der Textil- und Bekleidungsbranche besch\u00e4ftigt. Die Lieferkette erstreckt sich \u00fcber viele Regionen der Welt. Im Schnitt legt ein Kleidungsst\u00fcck 30.000 Kilometer zur\u00fcck: vom Anbau der Rohstoffe \u00fcber die Herstellung des Garns bis zur Veredelung und Konfektionierung. Bei konventionell hergestellter Kleidung werden an jeder dieser Stationen Menschenrechte verletzt und die Umwelt verschmutzt. Am Beispiel einer Jeans zeigt diese interaktive Karte der <a href=\"https:\/\/www.fairtradestadt-hamburg.de\/\">Fair Trade Stadt Hamburg<\/a>, welche Stationen ein Kleidungsst\u00fcck auf seiner Reise zu uns durchl\u00e4uft.[\/vc_column_text][\/vc_column][\/vc_row][vc_row][vc_column][vc_empty_space]<div class=\"wl_einzelbild\"><p><a href=\"https:\/\/www.fairtradestadt-hamburg.de\/fairer-handel\/\"><img loading=\"lazy\" decoding=\"async\" class=\"alignleft wp-image-2061 size-full\" src=\"https:\/\/weltlaeden.de\/osterstrasse\/wp-content\/uploads\/sites\/17\/2021\/04\/Die-Reise-einer-Jeans.png\" alt=\"\" width=\"949\" height=\"583\" \/><\/a><\/p><\/div>[\/vc_column][\/vc_row][vc_row][vc_column][vc_empty_space][\/vc_column][\/vc_row][vc_row][vc_column][vc_column_text]<\/p>\n<h2><strong><span style=\"color: #ff9900\">Perspektiven aus Indien<\/span><br \/>\n<\/strong><\/h2>\n<p>Weltl\u00e4den wertsch\u00e4tzen ihre Handelspartner*innen und arbeiten mit ihnen auf Augenh\u00f6he zusammen. Fair gehandelte Kleidung und Textilien aus Weltl\u00e4den erm\u00f6glichen Produzent*innen aus L\u00e4ndern des Globalen S\u00fcdens ein Leben in W\u00fcrde. So wie die fair und \u00f6kologisch produzierten R\u00fccks\u00e4cke und T-Shirts aus Indien von <a href=\"https:\/\/weltlaeden.de\/bergedorf\/produkte\/faire-mode\/mela\/\">MELA<\/a>. Mela ist Hindi und steht f\u00fcr \u201eGemeinsam Handeln\u201c. \u201eWir haben uns daf\u00fcr entschieden, die maximale Wertsch\u00f6pfung im Land des Rohstoffursprungs zu belassen\u201c, so unsere Partner*innen von MELA. Daf\u00fcr stehen sie mit ihren Produzent*innen in engem Kontakt. Um dem Ursprung ihrer Produkte gerecht zu werden, lehnen <a href=\"https:\/\/weltlaeden.de\/bergedorf\/produkte\/faire-mode\/madness\/\">MADNESS<\/a> die Nutzung von Pestiziden im Anbau der verwendeten nachhaltigen Rohstoffe ab.\u00a0Nachhaltigkeit bedeutet f\u00fcr sie auch, die eigene Wertsch\u00f6pfung verantwortungsbewusst zu gestalten. Genauso innovativ ist die Modelinie <a href=\"https:\/\/weltlaeden.de\/bergedorf\/produkte\/faire-mode\/azadi\/\">AZADI<\/a>: Sie verbindet junge Menschen aus verschiedenen Kulturen und zeigt, wie Mode befreien kann. Die erste Kollektion wurde von jungen Frauen produziert, die nach Gewalterfahrung in der Zwangsprostitution eine Ausbildung zur Schneiderin machten. \u201eAzadi\u201c ist Hindi und bedeutet \u201eFreiheit\u201c. Auch <a href=\"https:\/\/weltlaeden.de\/bergedorf\/produkte\/faire-mode\/nomads\/\">NOMADS<\/a> setzt von Beginn an proaktiv auf ethischen Handel. Daf\u00fcr setzen sie durch vollst\u00e4ndige Transparenz, Audits und einen gemeinsamen Verhaltenskodex die streng \u00fcberwachten Standards des Fairen Handels um. So ist auch\u00a0<a href=\"https:\/\/weltlaeden.de\/bergedorf\/produkte\/faire-mode\/people-tree\/\">People Tree<\/a> Pionierin in Sachen Fairer Mode. \u201ePeople Tree hilft uns dabei uns selbst zu fordern und weiterzuentwickeln, um gr\u00f6\u00dfere Ziele zu erreichen\u201c, betont Rosy Solanski, die als Schneiderin bei Creative Handicrafts in Indien begann und nun die Produktion der Kleidung \u00fcberwacht.[\/vc_column_text][\/vc_column][\/vc_row][vc_row][vc_column][vc_empty_space][vc_column_text]<\/p>\n<h3 style=\"text-align: center\"><span style=\"color: #ff9900\"><strong>Diese und weitere Geschichten \u00fcber FAIRantwortung lesen Sie hier!<\/strong><\/span><\/h3>\n<p>[\/vc_column_text][vc_empty_space][\/vc_column][\/vc_row][vc_row][vc_column width=&#8220;1\/3&#8243;]<div class=\"wl_einzelbild\"><p><a href=\"https:\/\/weltlaeden.de\/bergedorf\/produkte\/faire-mode\/azadi\/\"><img loading=\"lazy\" decoding=\"async\" class=\"alignleft wp-image-2065 size-medium\" src=\"https:\/\/weltlaeden.de\/osterstrasse\/wp-content\/uploads\/sites\/17\/2021\/04\/Button_azadi-300x300.png\" alt=\"\" width=\"300\" height=\"300\" \/><\/a><\/p><\/div>[\/vc_column][vc_column width=&#8220;1\/3&#8243;]<div class=\"wl_einzelbild\"><p><a href=\"https:\/\/weltlaeden.de\/bergedorf\/produkte\/faire-mode\/madness\/\"><img loading=\"lazy\" decoding=\"async\" class=\"alignleft wp-image-1120 size-medium\" src=\"https:\/\/weltlaeden.de\/bergedorf\/wp-content\/uploads\/sites\/18\/2021\/11\/Button_Madness-300x300.jpg\" alt=\"\" width=\"300\" height=\"300\" srcset=\"https:\/\/weltlaeden.de\/bergedorf\/wp-content\/uploads\/sites\/18\/2021\/11\/Button_Madness-300x300.jpg 300w, https:\/\/weltlaeden.de\/bergedorf\/wp-content\/uploads\/sites\/18\/2021\/11\/Button_Madness-150x150.jpg 150w, https:\/\/weltlaeden.de\/bergedorf\/wp-content\/uploads\/sites\/18\/2021\/11\/Button_Madness.jpg 378w\" sizes=\"auto, (max-width: 300px) 100vw, 300px\" \/><\/a><\/p><\/div>[\/vc_column][vc_column width=&#8220;1\/3&#8243;]<div class=\"wl_einzelbild\"><p><a href=\"https:\/\/weltlaeden.de\/bergedorf\/produkte\/faire-mode\/mela\/\"><img loading=\"lazy\" decoding=\"async\" class=\"alignleft size-medium wp-image-1277\" src=\"https:\/\/weltlaeden.de\/bergedorf\/wp-content\/uploads\/sites\/18\/2022\/05\/Button_Melawear-300x300_v2-1-300x300.png\" alt=\"MELA\" width=\"300\" height=\"300\" srcset=\"https:\/\/weltlaeden.de\/bergedorf\/wp-content\/uploads\/sites\/18\/2022\/05\/Button_Melawear-300x300_v2-1.png 300w, https:\/\/weltlaeden.de\/bergedorf\/wp-content\/uploads\/sites\/18\/2022\/05\/Button_Melawear-300x300_v2-1-150x150.png 150w\" sizes=\"auto, (max-width: 300px) 100vw, 300px\" \/><\/a><\/p><\/div>[\/vc_column][\/vc_row][vc_row][vc_column width=&#8220;1\/3&#8243;]<div class=\"wl_einzelbild\"><p><a href=\"https:\/\/weltlaeden.de\/bergedorf\/produkte\/faire-mode\/nomads\/\"><img loading=\"lazy\" decoding=\"async\" class=\"alignleft size-medium wp-image-1140\" src=\"https:\/\/weltlaeden.de\/bergedorf\/wp-content\/uploads\/sites\/18\/2021\/11\/button_nomads-300x300.jpg\" alt=\"\" width=\"300\" height=\"300\" srcset=\"https:\/\/weltlaeden.de\/bergedorf\/wp-content\/uploads\/sites\/18\/2021\/11\/button_nomads-300x300.jpg 300w, https:\/\/weltlaeden.de\/bergedorf\/wp-content\/uploads\/sites\/18\/2021\/11\/button_nomads-150x150.jpg 150w, https:\/\/weltlaeden.de\/bergedorf\/wp-content\/uploads\/sites\/18\/2021\/11\/button_nomads.jpg 499w\" sizes=\"auto, (max-width: 300px) 100vw, 300px\" \/><\/a><\/p><\/div>[\/vc_column][vc_column width=&#8220;1\/3&#8243;]<div class=\"wl_einzelbild\"><p><a href=\"https:\/\/weltlaeden.de\/bergedorf\/produkte\/faire-mode\/people-tree\/\"><img loading=\"lazy\" decoding=\"async\" class=\"alignleft size-medium wp-image-1128\" src=\"https:\/\/weltlaeden.de\/bergedorf\/wp-content\/uploads\/sites\/18\/2021\/11\/Button_PeopleTree-300x300.jpeg\" alt=\"\" width=\"300\" height=\"300\" srcset=\"https:\/\/weltlaeden.de\/bergedorf\/wp-content\/uploads\/sites\/18\/2021\/11\/Button_PeopleTree-300x300.jpeg 300w, https:\/\/weltlaeden.de\/bergedorf\/wp-content\/uploads\/sites\/18\/2021\/11\/Button_PeopleTree-150x150.jpeg 150w, https:\/\/weltlaeden.de\/bergedorf\/wp-content\/uploads\/sites\/18\/2021\/11\/Button_PeopleTree.jpeg 378w\" sizes=\"auto, (max-width: 300px) 100vw, 300px\" \/><\/a><\/p><\/div>[\/vc_column][vc_column width=&#8220;1\/3&#8243;]<div class=\"wl_einzelbild\"><p><a href=\"https:\/\/weltlaeden.de\/bergedorf\/produkte\/faire-mode\/greenbomb\/\"><img loading=\"lazy\" decoding=\"async\" class=\"alignnone wp-image-1692 size-full\" src=\"https:\/\/weltlaeden.de\/bergedorf\/wp-content\/uploads\/sites\/18\/2023\/06\/GREENBOMB-thumbnail.jpg\" alt=\"\" width=\"600\" height=\"600\" srcset=\"https:\/\/weltlaeden.de\/bergedorf\/wp-content\/uploads\/sites\/18\/2023\/06\/GREENBOMB-thumbnail.jpg 600w, https:\/\/weltlaeden.de\/bergedorf\/wp-content\/uploads\/sites\/18\/2023\/06\/GREENBOMB-thumbnail-300x300.jpg 300w, https:\/\/weltlaeden.de\/bergedorf\/wp-content\/uploads\/sites\/18\/2023\/06\/GREENBOMB-thumbnail-150x150.jpg 150w\" sizes=\"auto, (max-width: 600px) 100vw, 600px\" \/><\/a><\/p><\/div>[\/vc_column][\/vc_row][vc_row][vc_column][vc_empty_space][vc_column_text]<\/p>\n<h3 style=\"text-align: center\"><span style=\"color: #ff9900\"><strong>Bei uns im Weltladen bekommen Sie Mode aus Fairem Handel\u00a0\u2013 wir freuen uns auf Sie!<\/strong><\/span><\/h3>\n<p>[\/vc_column_text][vc_empty_space][\/vc_column][\/vc_row][vc_row][vc_column][vc_separator][vc_empty_space][\/vc_column][\/vc_row][vc_row][vc_column width=&#8220;2\/3&#8243;][vc_cta h2=&#8220;Du bist die Fashion Revolution!&#8220;]<\/p>\n<ul>\n<li>Kauf im Weltladen deines Vertrauens. Als Fachgesch\u00e4ft stehen wir f\u00fcr fair gehandelte Produkte sowie eine transparente Lieferkette.<\/li>\n<li>Achte beim Kauf von Kleidung auch auf Siegel und Zeichen, wie <a href=\"https:\/\/global-standard.org\/\">GOTS (Global Organic Textile Standard)<\/a>, <a href=\"https:\/\/www.fairtrade-deutschland.de\/produkte\/baumwolle\/hintergrund-fairtrade-baumwolle\">Fairtrade Cotton<\/a> und <a href=\"https:\/\/www.fairwear.org\/\">Fair Wear Foundation<\/a>, <a href=\"https:\/\/wfto.com\/\">WFTO (World Fair Trade Organization)<\/a>.<\/li>\n<li>Unterst\u00fctze <a href=\"https:\/\/lieferkettengesetz.de\/\">Kampagnen<\/a> und Aktionen, die gesetzliche Rahmenbedingungen zur menschenrechtlichen Sorgfaltspflicht f\u00fcr Unternehmen fordern.<\/li>\n<\/ul>\n<h3><span style=\"color: #ff9900\">Weil du den Unterschied machst!<\/span><\/h3>\n<p>[\/vc_cta][\/vc_column][vc_column width=&#8220;1\/3&#8243;]<div class=\"wl_einzelbild\"><p><img loading=\"lazy\" decoding=\"async\" class=\"alignleft wp-image-2062 size-full\" src=\"https:\/\/weltlaeden.de\/osterstrasse\/wp-content\/uploads\/sites\/17\/2021\/04\/FairBrief_erste-Seite.jpg-e1617303611794.jpg\" alt=\"\" width=\"498\" height=\"498\" \/><\/p>\n<p><\/p><\/div>[\/vc_column][\/vc_row][vc_row][vc_column][vc_empty_space][\/vc_column][\/vc_row][vc_row][vc_column][vc_separator][vc_empty_space][vc_column_text]Weitere Infos zu g\u00e4ngigen Textilsiegeln unter:<\/p>\n<p><a href=\"http:\/\/www.forum-fairer-handel.de\/fileadmin\/user_upload\/dateien\/publikationen\/materialien_des_ffh\/2020_FFH_fokus-faire-undoekologische-kleidung_web.pdf\">\u201eFokus Faire und \u00d6kologische Kleidung &#8211; \u00dcberblick aus Fair-Handels-Sicht\u201c<\/a><\/p>\n<p style=\"text-align: right\"><span style=\"color: #999999\"><strong>\u00a0<\/strong><\/span><\/p>\n<p style=\"text-align: right\"><span style=\"color: #999999\"><em>Autorin: Magdalena Gassner<\/em><\/span><\/p>\n<p><em>\u00a0<\/em>[\/vc_column_text][\/vc_column][\/vc_row]<\/p>\n<\/div>","protected":false},"excerpt":{"rendered":"<p>[vc_row][vc_column][\/vc_column][\/vc_row][vc_row][vc_column][vc_empty_space][\/vc_column][\/vc_row][vc_row][vc_column][vc_column_text] Faire Mode hei\u00dft Verantwortung Ausbeutung von Mensch und Umwelt, davon ist die Herstellung von Kleidung in der konventionellen Modeindustrie gepr\u00e4gt: sei es ausbeuterische Kinderarbeit auf Baumwollfeldern, Zwangsarbeit in Spinnereien oder physische Misshandlungen und sexualisierte Gewalt in N\u00e4hereien. W\u00e4hrend der COVID-19-Pandemie haben zus\u00e4tzlich Millionen von Arbeiter*innen in der globalen Bekleidungsindustrie ihren Arbeitsplatz verloren oder nicht&hellip;<\/p>\n","protected":false},"author":97,"featured_media":969,"parent":217,"menu_order":21,"comment_status":"closed","ping_status":"closed","template":"","meta":{"footnotes":""},"class_list":["post-966","page","type-page","status-publish","has-post-thumbnail","hentry","description-off"],"_links":{"self":[{"href":"https:\/\/weltlaeden.de\/bergedorf\/wp-json\/wp\/v2\/pages\/966","targetHints":{"allow":["GET"]}}],"collection":[{"href":"https:\/\/weltlaeden.de\/bergedorf\/wp-json\/wp\/v2\/pages"}],"about":[{"href":"https:\/\/weltlaeden.de\/bergedorf\/wp-json\/wp\/v2\/types\/page"}],"author":[{"embeddable":true,"href":"https:\/\/weltlaeden.de\/bergedorf\/wp-json\/wp\/v2\/users\/97"}],"replies":[{"embeddable":true,"href":"https:\/\/weltlaeden.de\/bergedorf\/wp-json\/wp\/v2\/comments?post=966"}],"version-history":[{"count":22,"href":"https:\/\/weltlaeden.de\/bergedorf\/wp-json\/wp\/v2\/pages\/966\/revisions"}],"predecessor-version":[{"id":1694,"href":"https:\/\/weltlaeden.de\/bergedorf\/wp-json\/wp\/v2\/pages\/966\/revisions\/1694"}],"up":[{"embeddable":true,"href":"https:\/\/weltlaeden.de\/bergedorf\/wp-json\/wp\/v2\/pages\/217"}],"wp:featuredmedia":[{"embeddable":true,"href":"https:\/\/weltlaeden.de\/bergedorf\/wp-json\/wp\/v2\/media\/969"}],"wp:attachment":[{"href":"https:\/\/weltlaeden.de\/bergedorf\/wp-json\/wp\/v2\/media?parent=966"}],"curies":[{"name":"wp","href":"https:\/\/api.w.org\/{rel}","templated":true}]}}