{"id":218,"date":"2016-10-28T13:34:47","date_gmt":"2016-10-28T11:34:47","guid":{"rendered":"https:\/\/wl.heimpixel.de\/bergedorf\/fairer-handel\/"},"modified":"2023-06-23T11:10:44","modified_gmt":"2023-06-23T09:10:44","slug":"fairer-handel","status":"publish","type":"page","link":"https:\/\/weltlaeden.de\/bergedorf\/fairer-handel\/","title":{"rendered":"Fairer Handel"},"content":{"rendered":"<div class=\"wpb-content-wrapper\"><p>[vc_row][vc_column]<div class=\"wl_einzelbild\"><p><img loading=\"lazy\" decoding=\"async\" class=\"alignnone wp-image-555 size-full\" src=\"https:\/\/weltlaeden.de\/bergedorf\/wp-content\/uploads\/sites\/18\/2019\/04\/Teepfl\u00fccker.jpg\" alt=\"\" width=\"960\" height=\"640\" srcset=\"https:\/\/weltlaeden.de\/bergedorf\/wp-content\/uploads\/sites\/18\/2019\/04\/Teepfl\u00fccker.jpg 960w, https:\/\/weltlaeden.de\/bergedorf\/wp-content\/uploads\/sites\/18\/2019\/04\/Teepfl\u00fccker-300x200.jpg 300w, https:\/\/weltlaeden.de\/bergedorf\/wp-content\/uploads\/sites\/18\/2019\/04\/Teepfl\u00fccker-768x512.jpg 768w\" sizes=\"auto, (max-width: 960px) 100vw, 960px\" \/><\/p><\/div>[\/vc_column][\/vc_row][vc_row][vc_column][vc_empty_space][vc_column_text]<\/p>\n<h1>Fairer Handel bedeutet f\u00fcr Weltl\u00e4den..<\/h1>\n<p>[\/vc_column_text][vc_column_text]<\/p>\n<div class=\"wpb_text_column wpb_content_element \">\n<div class=\"wpb_wrapper\">\n<p><strong>Verkaufen: <\/strong>Weil der Verkauf fair gehandelter Produkte das Leben f\u00fcr die ProduzentInnen verbessert.<\/p>\n<p><strong>Informieren: <\/strong>Weil politische Kampagnen die Rahmenbedingungen f\u00fcr die Menschen im S\u00fcden ver\u00e4ndern k\u00f6nnen.<\/p>\n<p><strong>Lernen:<\/strong> Weil die MitarbeiterInnen und die KundInnen viel \u00fcber die globalisierte Welt wissen sollten, um zu verstehen, wie unser Konsum die Welt ver\u00e4ndert \u2013 zum Guten oder zum Schlechten.<\/p>\n<\/div>\n<\/div>\n<p>[\/vc_column_text][\/vc_column][\/vc_row][vc_row][vc_column][vc_empty_space][vc_column_text]<\/p>\n<h1>Kriterien des Fairen Handels<\/h1>\n<p>[\/vc_column_text][vc_column_text]<\/p>\n<div class=\"wpb_text_column wpb_content_element \">\n<div class=\"wpb_wrapper\">\n<p><span class=\"normal\"><strong>Die Konvention der Weltl\u00e4den<\/strong> ist das Grundsatzpapier f\u00fcr den Fairen Handel der Weltl\u00e4den und Fair-Handels-Gruppen. Sie wurde in einem jahrelangen Dialog gemeinsam entwickelt und erstmals 1997 von der Mitgliederversammlung des Weltladen-Dachverbands beschlossen. Die Konvention der Weltl\u00e4den passt in der aktuellen Version zu den mittlerweile entwickelten, international g\u00fcltigen zehn Prinzipien der World Fair Trade Organization (<a href=\"http:\/\/www.wfto.com\">WFTO<\/a>).<br \/>\n<\/span><\/p>\n<p><span class=\"normal\">Fairer Handel, wie ihn die Weltl\u00e4den betreiben, strebt eine gleichberechtigte Partnerschaft des Nordens mit dem S\u00fcden an. Daher wendet die Konvention die Kriterien auf alle wesentlichen Akteure im Fairen Handel an: auf ProduzentInnen, Importeure sowie Weltl\u00e4den und Fair-Handels-Gruppen.<\/span><\/p>\n<\/div>\n<\/div>\n<p>[\/vc_column_text][vc_column_text]<span class=\"normal\"><strong>Grundkriterien der Konvention:<\/strong><\/span><\/p>\n<ul>\n<li>Sozial- und Umweltvertr\u00e4glichkeit<\/li>\n<li>Transparenz<\/li>\n<li>demokratische Organisationsform<\/li>\n<li>not-for-Profit-Ausrichtung<\/li>\n<li>Informations- und Bildungsarbeit<\/li>\n<li>Kontinuit\u00e4t<\/li>\n<li>besondere Regeln f\u00fcr Erg\u00e4nzungsprodukte (z.B. B\u00fccher)<\/li>\n<\/ul>\n<p>[\/vc_column_text][vc_empty_space]<div class=\"wl_einzelbild\"><p><img loading=\"lazy\" decoding=\"async\" class=\"alignnone wp-image-1563 size-full\" src=\"https:\/\/weltlaeden.de\/bergedorf\/wp-content\/uploads\/sites\/18\/2023\/05\/Die-10-Prinzipien-des-Fairen-Handels.jpg\" alt=\"\" width=\"1024\" height=\"772\" srcset=\"https:\/\/weltlaeden.de\/bergedorf\/wp-content\/uploads\/sites\/18\/2023\/05\/Die-10-Prinzipien-des-Fairen-Handels.jpg 1024w, https:\/\/weltlaeden.de\/bergedorf\/wp-content\/uploads\/sites\/18\/2023\/05\/Die-10-Prinzipien-des-Fairen-Handels-300x226.jpg 300w, https:\/\/weltlaeden.de\/bergedorf\/wp-content\/uploads\/sites\/18\/2023\/05\/Die-10-Prinzipien-des-Fairen-Handels-768x579.jpg 768w\" sizes=\"auto, (max-width: 1024px) 100vw, 1024px\" \/><\/p><\/div>[vc_empty_space][\/vc_column][\/vc_row][vc_row][vc_column][vc_empty_space][vc_column_text]<\/p>\n<h1>Links zur Akteuren des Fairen Handels<\/h1>\n<p>[\/vc_column_text][vc_column_text]<\/p>\n<div class=\"wpb_text_column wpb_content_element \">\n<div class=\"wpb_wrapper\">\n<p><strong>Weltl\u00e4den<\/strong><\/p>\n<ul>\n<li><a href=\"http:\/\/www.weltladen.de\" target=\"_blank\" rel=\"noopener noreferrer\">Weltladen-Dachverband<\/a><\/li>\n<\/ul>\n<p><strong>Importorganisationen (Auswahl)<br \/>\n<\/strong><\/p>\n<ul>\n<li><a href=\"http:\/\/www.gepa.de\/\" target=\"_blank\" rel=\"noopener noreferrer\">GEPA \u2013 The Fair Trade Company<\/a><\/li>\n<li><a href=\"http:\/\/www.el-puente.de\" target=\"_blank\" rel=\"noopener noreferrer\">El Puente<\/a><\/li>\n<li><a href=\"http:\/\/www.dwp-rv.de\" target=\"_blank\" rel=\"noopener noreferrer\">WeltPartner<\/a><\/li>\n<li><a href=\"http:\/\/www.banafair.de\" target=\"_blank\" rel=\"noopener noreferrer\">BanaFair<\/a><\/li>\n<li><a href=\"http:\/\/www.el-rojito.de\" target=\"_blank\" rel=\"noopener noreferrer\">el rojito<\/a><\/li>\n<\/ul>\n<p><strong>Netzwerke und Infos \u00fcber Produzent_innen<br \/>\n<\/strong><\/p>\n<ul>\n<li><a href=\"http:\/\/www.forum-fairer-handel.de\" target=\"_blank\" rel=\"noopener noreferrer\">Forum Fairer Handel<\/a><\/li>\n<li><a href=\"http:\/\/www.wfto.com\/\" target=\"_blank\" rel=\"noopener noreferrer\">World Fair Trade Organization\u00a0(WFTO)<\/a><\/li>\n<li><a href=\"http:\/\/fairtrade.de\">fairtrade.de<\/a><\/li>\n<\/ul>\n<p><strong>Siegelorganisationen<\/strong><\/p>\n<ul>\n<li><a href=\"http:\/\/www.naturland.de\/index.php?option=com_content&amp;view=category&amp;layout=blog&amp;id=148&amp;Itemid=888&amp;lang=de\">Naturland Fair<\/a><\/li>\n<li><a href=\"http:\/\/www.fairtrade-deutschland.de\" target=\"_blank\" rel=\"noopener noreferrer\">Fairtrade Deutschland<\/a><\/li>\n<li><a href=\"http:\/\/www.fairtrade.net\" target=\"_blank\" rel=\"noopener noreferrer\">Fairtrade International<\/a><\/li>\n<\/ul>\n<\/div>\n<\/div>\n<p>[\/vc_column_text][\/vc_column][\/vc_row]<\/p>\n<\/div>","protected":false},"excerpt":{"rendered":"<p>[vc_row][vc_column][\/vc_column][\/vc_row][vc_row][vc_column][vc_empty_space][vc_column_text] Fairer Handel bedeutet f\u00fcr Weltl\u00e4den.. [\/vc_column_text][vc_column_text] Verkaufen: Weil der Verkauf fair gehandelter Produkte das Leben f\u00fcr die ProduzentInnen verbessert. Informieren: Weil politische Kampagnen die Rahmenbedingungen f\u00fcr die Menschen im S\u00fcden ver\u00e4ndern k\u00f6nnen. Lernen: Weil die MitarbeiterInnen und die KundInnen viel \u00fcber die globalisierte Welt wissen sollten, um zu verstehen, wie unser Konsum die Welt&hellip;<\/p>\n","protected":false},"author":1,"featured_media":555,"parent":0,"menu_order":1,"comment_status":"closed","ping_status":"closed","template":"","meta":{"footnotes":""},"class_list":["post-218","page","type-page","status-publish","has-post-thumbnail","hentry","description-off"],"_links":{"self":[{"href":"https:\/\/weltlaeden.de\/bergedorf\/wp-json\/wp\/v2\/pages\/218","targetHints":{"allow":["GET"]}}],"collection":[{"href":"https:\/\/weltlaeden.de\/bergedorf\/wp-json\/wp\/v2\/pages"}],"about":[{"href":"https:\/\/weltlaeden.de\/bergedorf\/wp-json\/wp\/v2\/types\/page"}],"author":[{"embeddable":true,"href":"https:\/\/weltlaeden.de\/bergedorf\/wp-json\/wp\/v2\/users\/1"}],"replies":[{"embeddable":true,"href":"https:\/\/weltlaeden.de\/bergedorf\/wp-json\/wp\/v2\/comments?post=218"}],"version-history":[{"count":17,"href":"https:\/\/weltlaeden.de\/bergedorf\/wp-json\/wp\/v2\/pages\/218\/revisions"}],"predecessor-version":[{"id":1564,"href":"https:\/\/weltlaeden.de\/bergedorf\/wp-json\/wp\/v2\/pages\/218\/revisions\/1564"}],"wp:featuredmedia":[{"embeddable":true,"href":"https:\/\/weltlaeden.de\/bergedorf\/wp-json\/wp\/v2\/media\/555"}],"wp:attachment":[{"href":"https:\/\/weltlaeden.de\/bergedorf\/wp-json\/wp\/v2\/media?parent=218"}],"curies":[{"name":"wp","href":"https:\/\/api.w.org\/{rel}","templated":true}]}}

<div class="wpb-content-wrapper"><p>[vc_row][vc_column]<div class="wl_einzelbild"><p><img loading="lazy" decoding="async" class="alignnone wp-image-555 size-full" src="https://weltlaeden.de/bergedorf/wp-content/uploads/sites/18/2019/04/Teepflücker.jpg" alt="" width="960" height="640" srcset="https://weltlaeden.de/bergedorf/wp-content/uploads/sites/18/2019/04/Teepflücker.jpg 960w, https://weltlaeden.de/bergedorf/wp-content/uploads/sites/18/2019/04/Teepflücker-300x200.jpg 300w, https://weltlaeden.de/bergedorf/wp-content/uploads/sites/18/2019/04/Teepflücker-768x512.jpg 768w" sizes="auto, (max-width: 960px) 100vw, 960px" /></p></div>[/vc_column][/vc_row][vc_row][vc_column][vc_empty_space][vc_column_text]</p>
<h1>Fairer Handel bedeutet für Weltläden..</h1>
<p>[/vc_column_text][vc_column_text]</p>
<div class="wpb_text_column wpb_content_element ">
<div class="wpb_wrapper">
<p><strong>Verkaufen: </strong>Weil der Verkauf fair gehandelter Produkte das Leben für die ProduzentInnen verbessert.</p>
<p><strong>Informieren: </strong>Weil politische Kampagnen die Rahmenbedingungen für die Menschen im Süden verändern können.</p>
<p><strong>Lernen:</strong> Weil die MitarbeiterInnen und die KundInnen viel über die globalisierte Welt wissen sollten, um zu verstehen, wie unser Konsum die Welt verändert – zum Guten oder zum Schlechten.</p>
</div>
</div>
<p>[/vc_column_text][/vc_column][/vc_row][vc_row][vc_column][vc_empty_space][vc_column_text]</p>
<h1>Kriterien des Fairen Handels</h1>
<p>[/vc_column_text][vc_column_text]</p>
<div class="wpb_text_column wpb_content_element ">
<div class="wpb_wrapper">
<p><span class="normal"><strong>Die Konvention der Weltläden</strong> ist das Grundsatzpapier für den Fairen Handel der Weltläden und Fair-Handels-Gruppen. Sie wurde in einem jahrelangen Dialog gemeinsam entwickelt und erstmals 1997 von der Mitgliederversammlung des Weltladen-Dachverbands beschlossen. Die Konvention der Weltläden passt in der aktuellen Version zu den mittlerweile entwickelten, international gültigen zehn Prinzipien der World Fair Trade Organization (<a href="http://www.wfto.com">WFTO</a>).<br />
</span></p>
<p><span class="normal">Fairer Handel, wie ihn die Weltläden betreiben, strebt eine gleichberechtigte Partnerschaft des Nordens mit dem Süden an. Daher wendet die Konvention die Kriterien auf alle wesentlichen Akteure im Fairen Handel an: auf ProduzentInnen, Importeure sowie Weltläden und Fair-Handels-Gruppen.</span></p>
</div>
</div>
<p>[/vc_column_text][vc_column_text]<span class="normal"><strong>Grundkriterien der Konvention:</strong></span></p>
<ul>
<li>Sozial- und Umweltverträglichkeit</li>
<li>Transparenz</li>
<li>demokratische Organisationsform</li>
<li>not-for-Profit-Ausrichtung</li>
<li>Informations- und Bildungsarbeit</li>
<li>Kontinuität</li>
<li>besondere Regeln für Ergänzungsprodukte (z.B. Bücher)</li>
</ul>
<p>[/vc_column_text][vc_empty_space]<div class="wl_einzelbild"><p><img loading="lazy" decoding="async" class="alignnone wp-image-1563 size-full" src="https://weltlaeden.de/bergedorf/wp-content/uploads/sites/18/2023/05/Die-10-Prinzipien-des-Fairen-Handels.jpg" alt="" width="1024" height="772" srcset="https://weltlaeden.de/bergedorf/wp-content/uploads/sites/18/2023/05/Die-10-Prinzipien-des-Fairen-Handels.jpg 1024w, https://weltlaeden.de/bergedorf/wp-content/uploads/sites/18/2023/05/Die-10-Prinzipien-des-Fairen-Handels-300x226.jpg 300w, https://weltlaeden.de/bergedorf/wp-content/uploads/sites/18/2023/05/Die-10-Prinzipien-des-Fairen-Handels-768x579.jpg 768w" sizes="auto, (max-width: 1024px) 100vw, 1024px" /></p></div>[vc_empty_space][/vc_column][/vc_row][vc_row][vc_column][vc_empty_space][vc_column_text]</p>
<h1>Links zur Akteuren des Fairen Handels</h1>
<p>[/vc_column_text][vc_column_text]</p>
<div class="wpb_text_column wpb_content_element ">
<div class="wpb_wrapper">
<p><strong>Weltläden</strong></p>
<ul>
<li><a href="http://www.weltladen.de" target="_blank" rel="noopener noreferrer">Weltladen-Dachverband</a></li>
</ul>
<p><strong>Importorganisationen (Auswahl)<br />
</strong></p>
<ul>
<li><a href="http://www.gepa.de/" target="_blank" rel="noopener noreferrer">GEPA – The Fair Trade Company</a></li>
<li><a href="http://www.el-puente.de" target="_blank" rel="noopener noreferrer">El Puente</a></li>
<li><a href="http://www.dwp-rv.de" target="_blank" rel="noopener noreferrer">WeltPartner</a></li>
<li><a href="http://www.banafair.de" target="_blank" rel="noopener noreferrer">BanaFair</a></li>
<li><a href="http://www.el-rojito.de" target="_blank" rel="noopener noreferrer">el rojito</a></li>
</ul>
<p><strong>Netzwerke und Infos über Produzent_innen<br />
</strong></p>
<ul>
<li><a href="http://www.forum-fairer-handel.de" target="_blank" rel="noopener noreferrer">Forum Fairer Handel</a></li>
<li><a href="http://www.wfto.com/" target="_blank" rel="noopener noreferrer">World Fair Trade Organization (WFTO)</a></li>
<li><a href="http://fairtrade.de">fairtrade.de</a></li>
</ul>
<p><strong>Siegelorganisationen</strong></p>
<ul>
<li><a href="http://www.naturland.de/index.php?option=com_content&amp;view=category&amp;layout=blog&amp;id=148&amp;Itemid=888&amp;lang=de">Naturland Fair</a></li>
<li><a href="http://www.fairtrade-deutschland.de" target="_blank" rel="noopener noreferrer">Fairtrade Deutschland</a></li>
<li><a href="http://www.fairtrade.net" target="_blank" rel="noopener noreferrer">Fairtrade International</a></li>
</ul>
</div>
</div>
<p>[/vc_column_text][/vc_column][/vc_row]</p>
</div>

<p>[vc_row][vc_column][/vc_column][/vc_row][vc_row][vc_column][vc_empty_space][vc_column_text] Fairer Handel bedeutet für Weltläden.. [/vc_column_text][vc_column_text] Verkaufen: Weil der Verkauf fair gehandelter Produkte das Leben für die ProduzentInnen verbessert. Informieren: Weil politische Kampagnen die Rahmenbedingungen für die Menschen im Süden verändern können. Lernen: Weil die MitarbeiterInnen und die KundInnen viel über die globalisierte Welt wissen sollten, um zu verstehen, wie unser Konsum die Welt&hellip;</p>
