{"id":1683,"date":"2023-06-20T10:50:13","date_gmt":"2023-06-20T08:50:13","guid":{"rendered":"https:\/\/weltlaeden.de\/bergedorf\/?page_id=1683"},"modified":"2023-06-23T11:10:45","modified_gmt":"2023-06-23T09:10:45","slug":"greenbomb","status":"publish","type":"page","link":"https:\/\/weltlaeden.de\/bergedorf\/produkte\/faire-mode\/greenbomb\/","title":{"rendered":"Greenbomb"},"content":{"rendered":"<div class=\"wpb-content-wrapper\"><p>[vc_row][vc_column]<div class=\"wl_einzelbild\"><p><\/p>\n<div id=\"attachment_1684\" style=\"width: 1210px\" class=\"wp-caption alignright\"><img loading=\"lazy\" decoding=\"async\" aria-describedby=\"caption-attachment-1684\" class=\"size-full wp-image-1684\" src=\"https:\/\/weltlaeden.de\/bergedorf\/wp-content\/uploads\/sites\/18\/2023\/06\/c-GREENBOMB.jpg\" alt=\"\" width=\"1200\" height=\"600\" srcset=\"https:\/\/weltlaeden.de\/bergedorf\/wp-content\/uploads\/sites\/18\/2023\/06\/c-GREENBOMB.jpg 1200w, https:\/\/weltlaeden.de\/bergedorf\/wp-content\/uploads\/sites\/18\/2023\/06\/c-GREENBOMB-300x150.jpg 300w, https:\/\/weltlaeden.de\/bergedorf\/wp-content\/uploads\/sites\/18\/2023\/06\/c-GREENBOMB-1024x512.jpg 1024w, https:\/\/weltlaeden.de\/bergedorf\/wp-content\/uploads\/sites\/18\/2023\/06\/c-GREENBOMB-768x384.jpg 768w\" sizes=\"auto, (max-width: 1200px) 100vw, 1200px\" \/><p id=\"caption-attachment-1684\" class=\"wp-caption-text\">Foto: GREENBOMB<\/p><\/div>\n<p><\/p><\/div>[\/vc_column][\/vc_row][vc_row][vc_column][vc_empty_space][\/vc_column][\/vc_row][vc_row][vc_column][vc_column_text]<\/p>\n<h1><strong>GREENBOMB<\/strong><\/h1>\n<p><a href=\"https:\/\/greenbomb.de\/\">GREENBOMB<\/a> wurde von zwei Freunden aus Halle gegr\u00fcndet. Gestartet sind sie mit T-Shirts mit Printmotiven \u2013 inspiriert von den Themen, die sie besch\u00e4ftigen: Fahrradfahren, Drau\u00dfensein, Tiere und die Natur. Seit 2015 schaffen sie so nachhaltig und fair produzierte Mode, die Menschen durch den Alltag begleitet.[\/vc_column_text][\/vc_column][\/vc_row][vc_row][vc_column width=&#8220;1\/6&#8243;][vc_empty_space][\/vc_column][vc_column width=&#8220;5\/6&#8243;][vc_empty_space]<blockquote class=\"text-big shortcode-blockquote\"><h2><span style=\"color: #ff9900\">\u201eNachhaltig und fair produzierte Kleidung muss das neue Normal sein.\u201c<\/span><\/h2>\n<p style=\"text-align: right\"><em>(Lars Losse, Gr\u00fcnder von GREENBOMB)<\/em><\/p>\n<\/blockquote>[vc_empty_space][\/vc_column][\/vc_row][vc_row][vc_column][vc_column_text]<\/p>\n<h2><span style=\"color: #ff9900\"><strong>Nat\u00fcrlich, zeitlos, fair<\/strong><\/span><\/h2>\n<p>GREENBOMB ist <a href=\"https:\/\/global-standard.org\/de\">GOTS-zertifiziert<\/a>. Neben Bio-Baumwolle, die unter fairen Bedingungen angebaut wurde, verwenden sie nachhaltige Fasern, hergestellt aus regionalem Holz: TENCEL\u2122 Lyocell und LENZING\u2122 EcoVero. Das f\u00fcr die Faserproduktion eingesetzte Holz stammt aus kontrollierten Forstwirtschaften, die nach den hohen Standards der Lenzing AG bewertet werden. Mehr als die H\u00e4lfte der bezogenen Rohstoffe stammt aus Europa. Die Wahl der Faser erh\u00f6ht auch den Tragekomfort.<\/p>\n<p>\u201eWir verfolgen einen gr\u00fcnen Faden. Soziale Standards, Klimaschutz und Nachhaltigkeit sind unser Kern\u201c, sagt der Gr\u00fcnder von GREENBOMB, Holger Wach. Das beginnt schon in ihren Produktionsst\u00e4tten. Enge Kontrollen vor Ort stellen sicher, dass alle Richtlinien eingehalten werden und es allen Beteiligten gut geht. Dieser gr\u00fcne Faden zieht sich durch \u2013 bis zur Veredelung der Kleidung in Halle an der Saale. Dabei sind sie st\u00e4ndig auf der Suche ihre Prozesse und Verfahren weiter zu optimieren und nach umweltfreundlichen L\u00f6sungen.[\/vc_column_text][\/vc_column][\/vc_row][vc_row][vc_column][vc_empty_space]<div class=\"wl_einzelbild\"><p><\/p>\n<div id=\"attachment_1685\" style=\"width: 1208px\" class=\"wp-caption alignright\"><img loading=\"lazy\" decoding=\"async\" aria-describedby=\"caption-attachment-1685\" class=\"size-full wp-image-1685\" src=\"https:\/\/weltlaeden.de\/bergedorf\/wp-content\/uploads\/sites\/18\/2023\/06\/c-GREENBOMB-2.jpg\" alt=\"\" width=\"1198\" height=\"674\" srcset=\"https:\/\/weltlaeden.de\/bergedorf\/wp-content\/uploads\/sites\/18\/2023\/06\/c-GREENBOMB-2.jpg 1198w, https:\/\/weltlaeden.de\/bergedorf\/wp-content\/uploads\/sites\/18\/2023\/06\/c-GREENBOMB-2-300x169.jpg 300w, https:\/\/weltlaeden.de\/bergedorf\/wp-content\/uploads\/sites\/18\/2023\/06\/c-GREENBOMB-2-1024x576.jpg 1024w, https:\/\/weltlaeden.de\/bergedorf\/wp-content\/uploads\/sites\/18\/2023\/06\/c-GREENBOMB-2-768x432.jpg 768w\" sizes=\"auto, (max-width: 1198px) 100vw, 1198px\" \/><p id=\"caption-attachment-1685\" class=\"wp-caption-text\">Foto: GREENBOMB<\/p><\/div>\n<p><\/p><\/div>[vc_empty_space][\/vc_column][\/vc_row][vc_row][vc_column][vc_column_text]<\/p>\n<h2><span style=\"color: #ff9900\"><strong>Fair als das neue Normal<\/strong><\/span><\/h2>\n<p>F\u00fcr die beiden Gr\u00fcnder muss nachhaltig und fair produzierte Kleidung das neue Normal sein. GREENBOMB ist auf Dauer angelegt und sieht Mode anders. Statt Produkte zu schaffen, die nicht lange halten, geht es um vielseitige, hochwertige, urbane Kleidungsst\u00fccke, die \u00fcber Trends hinausgehen \u2013 zu fairen Preisen und Konditionen f\u00fcr alle Glieder der Kette. Ihnen ist bewusst, als Modelabel k\u00f6nnen sie alleine vielleicht keine gesellschaftlichen Probleme l\u00f6sen. Aber sie k\u00f6nnen dazu beitragen, dass es den Menschen, die die Kleidung produzieren, besser geht.[\/vc_column_text][\/vc_column][\/vc_row][vc_row][vc_column][vc_column_text]Die nat\u00fcrlich urbane Mode finden Sie bei uns im Weltladen![\/vc_column_text][vc_empty_space][\/vc_column][\/vc_row][vc_row][vc_column]<div class=\"wl_einzelbild\"><p><\/p>\n<div id=\"attachment_1686\" style=\"width: 1049px\" class=\"wp-caption alignright\"><img loading=\"lazy\" decoding=\"async\" aria-describedby=\"caption-attachment-1686\" class=\"size-full wp-image-1686\" src=\"https:\/\/weltlaeden.de\/bergedorf\/wp-content\/uploads\/sites\/18\/2023\/06\/GREENBOMB-Kollektion.jpg\" alt=\"\" width=\"1039\" height=\"844\" srcset=\"https:\/\/weltlaeden.de\/bergedorf\/wp-content\/uploads\/sites\/18\/2023\/06\/GREENBOMB-Kollektion.jpg 1039w, https:\/\/weltlaeden.de\/bergedorf\/wp-content\/uploads\/sites\/18\/2023\/06\/GREENBOMB-Kollektion-300x244.jpg 300w, https:\/\/weltlaeden.de\/bergedorf\/wp-content\/uploads\/sites\/18\/2023\/06\/GREENBOMB-Kollektion-1024x832.jpg 1024w, https:\/\/weltlaeden.de\/bergedorf\/wp-content\/uploads\/sites\/18\/2023\/06\/GREENBOMB-Kollektion-768x624.jpg 768w\" sizes=\"auto, (max-width: 1039px) 100vw, 1039px\" \/><p id=\"caption-attachment-1686\" class=\"wp-caption-text\">Beispielbilder der Kollektion von GREENBOMB (Fotos: GREENBOMB)<\/p><\/div>\n<p><\/p><\/div>[vc_empty_space][\/vc_column][\/vc_row][vc_row][vc_column width=&#8220;1\/3&#8243;][vc_empty_space]<div class=\"wl_einzelbild\"><p><img loading=\"lazy\" decoding=\"async\" class=\"alignnone size-full wp-image-1687\" src=\"https:\/\/weltlaeden.de\/bergedorf\/wp-content\/uploads\/sites\/18\/2023\/06\/GREENBOMB-Logo.png\" alt=\"\" width=\"968\" height=\"508\" srcset=\"https:\/\/weltlaeden.de\/bergedorf\/wp-content\/uploads\/sites\/18\/2023\/06\/GREENBOMB-Logo.png 968w, https:\/\/weltlaeden.de\/bergedorf\/wp-content\/uploads\/sites\/18\/2023\/06\/GREENBOMB-Logo-300x157.png 300w, https:\/\/weltlaeden.de\/bergedorf\/wp-content\/uploads\/sites\/18\/2023\/06\/GREENBOMB-Logo-768x403.png 768w\" sizes=\"auto, (max-width: 968px) 100vw, 968px\" \/><\/p><\/div>[vc_empty_space][\/vc_column][vc_column width=&#8220;2\/3&#8243;][vc_empty_space]<div class=\"wl_einzelbild\"><p><\/p><\/div>[vc_empty_space][\/vc_column][\/vc_row][vc_row][vc_column][vc_empty_space][vc_column_text]<\/p>\n<p style=\"text-align: right\"><span style=\"color: #999999\"><em>Autorin: Magdalena Gassner<\/em><\/span><\/p>\n<p>[\/vc_column_text][vc_separator][vc_column_text]<em><span style=\"color: #808080\">Quelle: GREENBOMB (<a href=\"https:\/\/greenbomb.de\/\">www.greenbomb.de<\/a>)<\/span><br \/>\n<\/em>[\/vc_column_text][\/vc_column][\/vc_row]<\/p>\n<\/div>","protected":false},"excerpt":{"rendered":"<p>[vc_row][vc_column][\/vc_column][\/vc_row][vc_row][vc_column][vc_empty_space][\/vc_column][\/vc_row][vc_row][vc_column][vc_column_text] GREENBOMB GREENBOMB wurde von zwei Freunden aus Halle gegr\u00fcndet. Gestartet sind sie mit T-Shirts mit Printmotiven \u2013 inspiriert von den Themen, die sie besch\u00e4ftigen: Fahrradfahren, Drau\u00dfensein, Tiere und die Natur. Seit 2015 schaffen sie so nachhaltig und fair produzierte Mode, die Menschen durch den Alltag begleitet.[\/vc_column_text][\/vc_column][\/vc_row][vc_row][vc_column width=&#8220;1\/6&#8243;][vc_empty_space][\/vc_column][vc_column width=&#8220;5\/6&#8243;][vc_empty_space][vc_empty_space][\/vc_column][\/vc_row][vc_row][vc_column][vc_column_text] Nat\u00fcrlich, zeitlos, fair GREENBOMB ist GOTS-zertifiziert.&hellip;<\/p>\n","protected":false},"author":252,"featured_media":1684,"parent":966,"menu_order":28,"comment_status":"closed","ping_status":"closed","template":"","meta":{"footnotes":""},"class_list":["post-1683","page","type-page","status-publish","has-post-thumbnail","hentry","description-off"],"_links":{"self":[{"href":"https:\/\/weltlaeden.de\/bergedorf\/wp-json\/wp\/v2\/pages\/1683","targetHints":{"allow":["GET"]}}],"collection":[{"href":"https:\/\/weltlaeden.de\/bergedorf\/wp-json\/wp\/v2\/pages"}],"about":[{"href":"https:\/\/weltlaeden.de\/bergedorf\/wp-json\/wp\/v2\/types\/page"}],"author":[{"embeddable":true,"href":"https:\/\/weltlaeden.de\/bergedorf\/wp-json\/wp\/v2\/users\/252"}],"replies":[{"embeddable":true,"href":"https:\/\/weltlaeden.de\/bergedorf\/wp-json\/wp\/v2\/comments?post=1683"}],"version-history":[{"count":4,"href":"https:\/\/weltlaeden.de\/bergedorf\/wp-json\/wp\/v2\/pages\/1683\/revisions"}],"predecessor-version":[{"id":1698,"href":"https:\/\/weltlaeden.de\/bergedorf\/wp-json\/wp\/v2\/pages\/1683\/revisions\/1698"}],"up":[{"embeddable":true,"href":"https:\/\/weltlaeden.de\/bergedorf\/wp-json\/wp\/v2\/pages\/966"}],"wp:featuredmedia":[{"embeddable":true,"href":"https:\/\/weltlaeden.de\/bergedorf\/wp-json\/wp\/v2\/media\/1684"}],"wp:attachment":[{"href":"https:\/\/weltlaeden.de\/bergedorf\/wp-json\/wp\/v2\/media?parent=1683"}],"curies":[{"name":"wp","href":"https:\/\/api.w.org\/{rel}","templated":true}]}}