{"id":1612,"date":"2023-05-16T12:35:13","date_gmt":"2023-05-16T10:35:13","guid":{"rendered":"https:\/\/weltlaeden.de\/bergedorf\/?page_id=1612"},"modified":"2023-06-23T11:10:45","modified_gmt":"2023-06-23T09:10:45","slug":"isuna","status":"publish","type":"page","link":"https:\/\/weltlaeden.de\/bergedorf\/produkte\/kunsthandwerk\/isuna\/","title":{"rendered":"Keramik von ISUNA aus S\u00fcdafrika"},"content":{"rendered":"<div class=\"wpb-content-wrapper\"><p>[vc_row][vc_column]<div class=\"wl_einzelbild\"><p><img loading=\"lazy\" decoding=\"async\" class=\"alignnone size-full wp-image-1616\" src=\"https:\/\/weltlaeden.de\/bergedorf\/wp-content\/uploads\/sites\/18\/2023\/05\/ISUNA-Keramik.jpg\" alt=\"\" width=\"1920\" height=\"640\" srcset=\"https:\/\/weltlaeden.de\/bergedorf\/wp-content\/uploads\/sites\/18\/2023\/05\/ISUNA-Keramik.jpg 1920w, https:\/\/weltlaeden.de\/bergedorf\/wp-content\/uploads\/sites\/18\/2023\/05\/ISUNA-Keramik-300x100.jpg 300w, https:\/\/weltlaeden.de\/bergedorf\/wp-content\/uploads\/sites\/18\/2023\/05\/ISUNA-Keramik-1024x341.jpg 1024w, https:\/\/weltlaeden.de\/bergedorf\/wp-content\/uploads\/sites\/18\/2023\/05\/ISUNA-Keramik-768x256.jpg 768w, https:\/\/weltlaeden.de\/bergedorf\/wp-content\/uploads\/sites\/18\/2023\/05\/ISUNA-Keramik-1536x512.jpg 1536w\" sizes=\"auto, (max-width: 1920px) 100vw, 1920px\" \/><\/p><\/div>[vc_empty_space][\/vc_column][\/vc_row][vc_row][vc_column][vc_column_text]<\/p>\n<h1>Farbenfrohe Keramik von ISUNA aus S\u00fcdafrika<\/h1>\n<p>[\/vc_column_text][vc_column_text]ISUNA Keramik ist so bunt wie die Regenbogen-Nation S\u00fcdafrika, in der sie entsteht. 2006 fanden sich afrikanische Keramik-K\u00fcnstler*innen in Kapstadt zusammen. Sie wollten ihrem t\u00e4glichen \u00dcberlebenskampf in den Townships ein Ende setzen und mit einem geregelten Einkommen ihren Lebensunterhalt sichern. Ihr Erfolgsgeheimnis ist die hochwertige Qualit\u00e4t der Keramikst\u00fccke und die k\u00fcnstlerisch wertvolle, handsignierte Manufaktur.<\/p>\n<p>&nbsp;<\/p>\n<div class=\"et_pb_row et_pb_row_4\">\n<div class=\"et_pb_column et_pb_column_4_4 et_pb_column_8 et_pb_css_mix_blend_mode_passthrough et-last-child\">\n<div class=\"et_pb_module et_pb_text et_pb_text_2 et_pb_text_align_left et_pb_bg_layout_light\">\n<div class=\"et_pb_text_inner\">\n<h2><strong>Jedes St\u00fcck ein Unikat<\/strong><\/h2>\n<p>Jede K\u00fcnstlerin und jeder K\u00fcnstler ist f\u00fcr sein Keramikst\u00fcck verantwortlich vom Design bis zur Endverarbeitung. Jedes St\u00fcck ist ein Unikat und wird vom jeweiligen K\u00fcnstler oder der jeweiligen K\u00fcnsterlin in aufw\u00e4ndiger Manufaktur ohne serielle oder automatisierte Produktion hergestellt und anschlie\u00dfend handsigniert. Die K\u00fcnstler*innen sind in ihrem Handwerk ausgebildet und stehen mit ihrer ganzen Person f\u00fcr ihre afrikanische Kultur, die sich in den von ihnen bemalten Keramiken widerspiegelt. Sie erhalten gerechte, \u00fcberdurchschnittliche Geh\u00e4lter, arbeiten unter fairen Arbeitsbedingungen und zu vertr\u00e4glichen Arbeitszeiten in einer modernen Werkstatt. Ein kooperativer Umgang miteinander, aufeinander achtende F\u00fcrsorge sowie u.a. regelm\u00e4\u00dfige Gespr\u00e4che und gemeinsame Team-Ausfl\u00fcge sorgen f\u00fcr ein warmherziges und faires Arbeitsklima. ISUNA exportiert direkt nach Deutschland und meidet den verteuernden Zwischenhandel.<\/p>\n<\/div>\n<\/div>\n<\/div>\n<\/div>\n<p>[\/vc_column_text][vc_empty_space][\/vc_column][\/vc_row][vc_row][vc_column width=&#8220;1\/2&#8243;]<div class=\"wl_einzelbild\"><p><img loading=\"lazy\" decoding=\"async\" class=\"alignnone size-full wp-image-1615\" src=\"https:\/\/weltlaeden.de\/bergedorf\/wp-content\/uploads\/sites\/18\/2023\/05\/ISUNA-Kuenstlerin-bei-der-Arbeit-c-Steffi-Gross.jpg\" alt=\"\" width=\"800\" height=\"600\" srcset=\"https:\/\/weltlaeden.de\/bergedorf\/wp-content\/uploads\/sites\/18\/2023\/05\/ISUNA-Kuenstlerin-bei-der-Arbeit-c-Steffi-Gross.jpg 800w, https:\/\/weltlaeden.de\/bergedorf\/wp-content\/uploads\/sites\/18\/2023\/05\/ISUNA-Kuenstlerin-bei-der-Arbeit-c-Steffi-Gross-300x225.jpg 300w, https:\/\/weltlaeden.de\/bergedorf\/wp-content\/uploads\/sites\/18\/2023\/05\/ISUNA-Kuenstlerin-bei-der-Arbeit-c-Steffi-Gross-768x576.jpg 768w\" sizes=\"auto, (max-width: 800px) 100vw, 800px\" \/><\/p><\/div>[\/vc_column][vc_column width=&#8220;1\/2&#8243;]<div class=\"wl_einzelbild\"><p><img loading=\"lazy\" decoding=\"async\" class=\"alignnone size-full wp-image-1614\" src=\"https:\/\/weltlaeden.de\/bergedorf\/wp-content\/uploads\/sites\/18\/2023\/05\/ISUNA-Kuenstler-bei-der-Arbeit-c-Steffi-Gross.jpg\" alt=\"\" width=\"800\" height=\"600\" srcset=\"https:\/\/weltlaeden.de\/bergedorf\/wp-content\/uploads\/sites\/18\/2023\/05\/ISUNA-Kuenstler-bei-der-Arbeit-c-Steffi-Gross.jpg 800w, https:\/\/weltlaeden.de\/bergedorf\/wp-content\/uploads\/sites\/18\/2023\/05\/ISUNA-Kuenstler-bei-der-Arbeit-c-Steffi-Gross-300x225.jpg 300w, https:\/\/weltlaeden.de\/bergedorf\/wp-content\/uploads\/sites\/18\/2023\/05\/ISUNA-Kuenstler-bei-der-Arbeit-c-Steffi-Gross-768x576.jpg 768w\" sizes=\"auto, (max-width: 800px) 100vw, 800px\" \/><\/p><\/div>[\/vc_column][\/vc_row][vc_row][vc_column][vc_empty_space][vc_column_text]<\/p>\n<div class=\"et_pb_row et_pb_row_4\">\n<div class=\"et_pb_column et_pb_column_4_4 et_pb_column_8 et_pb_css_mix_blend_mode_passthrough et-last-child\">\n<div class=\"et_pb_module et_pb_text et_pb_text_2 et_pb_text_align_left et_pb_bg_layout_light\">\n<h2><strong>Keramik f\u00fcr mehr Individualit\u00e4t<\/strong><\/h2>\n<\/div>\n<\/div>\n<div class=\"et_pb_column et_pb_column_4_4 et_pb_column_8 et_pb_css_mix_blend_mode_passthrough et-last-child\">\n<div class=\"et_pb_module et_pb_text et_pb_text_2 et_pb_text_align_left et_pb_bg_layout_light\">\n<div class=\"et_pb_text_inner\">\n<p>Die Farben und die Glasur sind lebensmittelecht und bleifrei. Der Herstellungsprozess beinhaltet mehrere Brenn- und Glasur-Vorg\u00e4nge bis 1200 \u00b0C. Die Keramik ist mikrowellen- wie sp\u00fclmaschinenfest. Vom Rohstoff Ton bis zum fertigen Produkt dauert es bis zu acht Wochen. ISUNA-Keramik eignet sich f\u00fcr die individuelle Raumgestaltung und anspruchsvolles Innenraum-Design. Aber auch der mit einem ISUNA-Tafel-, Kaffee oder Tee-Service perfekt gedeckte Tisch wird keine Tischrunde kalt lassen, sondern stets f\u00fcr gute Laune und nachhaltigen Eindruck sorgen.<\/p>\n<\/div>\n<\/div>\n<\/div>\n<\/div>\n<p>[\/vc_column_text][vc_empty_space][\/vc_column][\/vc_row][vc_row][vc_column]<div class=\"wl_einzelbild\"><p><img loading=\"lazy\" decoding=\"async\" class=\"alignnone size-full wp-image-1618\" src=\"https:\/\/weltlaeden.de\/bergedorf\/wp-content\/uploads\/sites\/18\/2023\/05\/ISUNA-Keramik-Teller-und-Tassen.jpg\" alt=\"\" width=\"1920\" height=\"640\" srcset=\"https:\/\/weltlaeden.de\/bergedorf\/wp-content\/uploads\/sites\/18\/2023\/05\/ISUNA-Keramik-Teller-und-Tassen.jpg 1920w, https:\/\/weltlaeden.de\/bergedorf\/wp-content\/uploads\/sites\/18\/2023\/05\/ISUNA-Keramik-Teller-und-Tassen-300x100.jpg 300w, https:\/\/weltlaeden.de\/bergedorf\/wp-content\/uploads\/sites\/18\/2023\/05\/ISUNA-Keramik-Teller-und-Tassen-1024x341.jpg 1024w, https:\/\/weltlaeden.de\/bergedorf\/wp-content\/uploads\/sites\/18\/2023\/05\/ISUNA-Keramik-Teller-und-Tassen-768x256.jpg 768w, https:\/\/weltlaeden.de\/bergedorf\/wp-content\/uploads\/sites\/18\/2023\/05\/ISUNA-Keramik-Teller-und-Tassen-1536x512.jpg 1536w\" sizes=\"auto, (max-width: 1920px) 100vw, 1920px\" \/><\/p><\/div>[\/vc_column][\/vc_row]<\/p>\n<\/div>","protected":false},"excerpt":{"rendered":"<p>[vc_row][vc_column][vc_empty_space][\/vc_column][\/vc_row][vc_row][vc_column][vc_column_text] Farbenfrohe Keramik von ISUNA aus S\u00fcdafrika [\/vc_column_text][vc_column_text]ISUNA Keramik ist so bunt wie die Regenbogen-Nation S\u00fcdafrika, in der sie entsteht. 2006 fanden sich afrikanische Keramik-K\u00fcnstler*innen in Kapstadt zusammen. Sie wollten ihrem t\u00e4glichen \u00dcberlebenskampf in den Townships ein Ende setzen und mit einem geregelten Einkommen ihren Lebensunterhalt sichern. Ihr Erfolgsgeheimnis ist die hochwertige Qualit\u00e4t der Keramikst\u00fccke&hellip;<\/p>\n","protected":false},"author":252,"featured_media":0,"parent":1593,"menu_order":19,"comment_status":"closed","ping_status":"closed","template":"","meta":{"footnotes":""},"class_list":["post-1612","page","type-page","status-publish","hentry","description-off"],"_links":{"self":[{"href":"https:\/\/weltlaeden.de\/bergedorf\/wp-json\/wp\/v2\/pages\/1612","targetHints":{"allow":["GET"]}}],"collection":[{"href":"https:\/\/weltlaeden.de\/bergedorf\/wp-json\/wp\/v2\/pages"}],"about":[{"href":"https:\/\/weltlaeden.de\/bergedorf\/wp-json\/wp\/v2\/types\/page"}],"author":[{"embeddable":true,"href":"https:\/\/weltlaeden.de\/bergedorf\/wp-json\/wp\/v2\/users\/252"}],"replies":[{"embeddable":true,"href":"https:\/\/weltlaeden.de\/bergedorf\/wp-json\/wp\/v2\/comments?post=1612"}],"version-history":[{"count":4,"href":"https:\/\/weltlaeden.de\/bergedorf\/wp-json\/wp\/v2\/pages\/1612\/revisions"}],"predecessor-version":[{"id":1620,"href":"https:\/\/weltlaeden.de\/bergedorf\/wp-json\/wp\/v2\/pages\/1612\/revisions\/1620"}],"up":[{"embeddable":true,"href":"https:\/\/weltlaeden.de\/bergedorf\/wp-json\/wp\/v2\/pages\/1593"}],"wp:attachment":[{"href":"https:\/\/weltlaeden.de\/bergedorf\/wp-json\/wp\/v2\/media?parent=1612"}],"curies":[{"name":"wp","href":"https:\/\/api.w.org\/{rel}","templated":true}]}}

Keramik von ISUNA aus Südafrika

<div class="wpb-content-wrapper"><p>[vc_row][vc_column]<div class="wl_einzelbild"><p><img loading="lazy" decoding="async" class="alignnone size-full wp-image-1616" src="https://weltlaeden.de/bergedorf/wp-content/uploads/sites/18/2023/05/ISUNA-Keramik.jpg" alt="" width="1920" height="640" srcset="https://weltlaeden.de/bergedorf/wp-content/uploads/sites/18/2023/05/ISUNA-Keramik.jpg 1920w, https://weltlaeden.de/bergedorf/wp-content/uploads/sites/18/2023/05/ISUNA-Keramik-300x100.jpg 300w, https://weltlaeden.de/bergedorf/wp-content/uploads/sites/18/2023/05/ISUNA-Keramik-1024x341.jpg 1024w, https://weltlaeden.de/bergedorf/wp-content/uploads/sites/18/2023/05/ISUNA-Keramik-768x256.jpg 768w, https://weltlaeden.de/bergedorf/wp-content/uploads/sites/18/2023/05/ISUNA-Keramik-1536x512.jpg 1536w" sizes="auto, (max-width: 1920px) 100vw, 1920px" /></p></div>[vc_empty_space][/vc_column][/vc_row][vc_row][vc_column][vc_column_text]</p>
<h1>Farbenfrohe Keramik von ISUNA aus Südafrika</h1>
<p>[/vc_column_text][vc_column_text]ISUNA Keramik ist so bunt wie die Regenbogen-Nation Südafrika, in der sie entsteht. 2006 fanden sich afrikanische Keramik-Künstler*innen in Kapstadt zusammen. Sie wollten ihrem täglichen Überlebenskampf in den Townships ein Ende setzen und mit einem geregelten Einkommen ihren Lebensunterhalt sichern. Ihr Erfolgsgeheimnis ist die hochwertige Qualität der Keramikstücke und die künstlerisch wertvolle, handsignierte Manufaktur.</p>
<p>&nbsp;</p>
<div class="et_pb_row et_pb_row_4">
<div class="et_pb_column et_pb_column_4_4 et_pb_column_8 et_pb_css_mix_blend_mode_passthrough et-last-child">
<div class="et_pb_module et_pb_text et_pb_text_2 et_pb_text_align_left et_pb_bg_layout_light">
<div class="et_pb_text_inner">
<h2><strong>Jedes Stück ein Unikat</strong></h2>
<p>Jede Künstlerin und jeder Künstler ist für sein Keramikstück verantwortlich vom Design bis zur Endverarbeitung. Jedes Stück ist ein Unikat und wird vom jeweiligen Künstler oder der jeweiligen Künsterlin in aufwändiger Manufaktur ohne serielle oder automatisierte Produktion hergestellt und anschließend handsigniert. Die Künstler*innen sind in ihrem Handwerk ausgebildet und stehen mit ihrer ganzen Person für ihre afrikanische Kultur, die sich in den von ihnen bemalten Keramiken widerspiegelt. Sie erhalten gerechte, überdurchschnittliche Gehälter, arbeiten unter fairen Arbeitsbedingungen und zu verträglichen Arbeitszeiten in einer modernen Werkstatt. Ein kooperativer Umgang miteinander, aufeinander achtende Fürsorge sowie u.a. regelmäßige Gespräche und gemeinsame Team-Ausflüge sorgen für ein warmherziges und faires Arbeitsklima. ISUNA exportiert direkt nach Deutschland und meidet den verteuernden Zwischenhandel.</p>
</div>
</div>
</div>
</div>
<p>[/vc_column_text][vc_empty_space][/vc_column][/vc_row][vc_row][vc_column width=&#8220;1/2&#8243;]<div class="wl_einzelbild"><p><img loading="lazy" decoding="async" class="alignnone size-full wp-image-1615" src="https://weltlaeden.de/bergedorf/wp-content/uploads/sites/18/2023/05/ISUNA-Kuenstlerin-bei-der-Arbeit-c-Steffi-Gross.jpg" alt="" width="800" height="600" srcset="https://weltlaeden.de/bergedorf/wp-content/uploads/sites/18/2023/05/ISUNA-Kuenstlerin-bei-der-Arbeit-c-Steffi-Gross.jpg 800w, https://weltlaeden.de/bergedorf/wp-content/uploads/sites/18/2023/05/ISUNA-Kuenstlerin-bei-der-Arbeit-c-Steffi-Gross-300x225.jpg 300w, https://weltlaeden.de/bergedorf/wp-content/uploads/sites/18/2023/05/ISUNA-Kuenstlerin-bei-der-Arbeit-c-Steffi-Gross-768x576.jpg 768w" sizes="auto, (max-width: 800px) 100vw, 800px" /></p></div>[/vc_column][vc_column width=&#8220;1/2&#8243;]<div class="wl_einzelbild"><p><img loading="lazy" decoding="async" class="alignnone size-full wp-image-1614" src="https://weltlaeden.de/bergedorf/wp-content/uploads/sites/18/2023/05/ISUNA-Kuenstler-bei-der-Arbeit-c-Steffi-Gross.jpg" alt="" width="800" height="600" srcset="https://weltlaeden.de/bergedorf/wp-content/uploads/sites/18/2023/05/ISUNA-Kuenstler-bei-der-Arbeit-c-Steffi-Gross.jpg 800w, https://weltlaeden.de/bergedorf/wp-content/uploads/sites/18/2023/05/ISUNA-Kuenstler-bei-der-Arbeit-c-Steffi-Gross-300x225.jpg 300w, https://weltlaeden.de/bergedorf/wp-content/uploads/sites/18/2023/05/ISUNA-Kuenstler-bei-der-Arbeit-c-Steffi-Gross-768x576.jpg 768w" sizes="auto, (max-width: 800px) 100vw, 800px" /></p></div>[/vc_column][/vc_row][vc_row][vc_column][vc_empty_space][vc_column_text]</p>
<div class="et_pb_row et_pb_row_4">
<div class="et_pb_column et_pb_column_4_4 et_pb_column_8 et_pb_css_mix_blend_mode_passthrough et-last-child">
<div class="et_pb_module et_pb_text et_pb_text_2 et_pb_text_align_left et_pb_bg_layout_light">
<h2><strong>Keramik für mehr Individualität</strong></h2>
</div>
</div>
<div class="et_pb_column et_pb_column_4_4 et_pb_column_8 et_pb_css_mix_blend_mode_passthrough et-last-child">
<div class="et_pb_module et_pb_text et_pb_text_2 et_pb_text_align_left et_pb_bg_layout_light">
<div class="et_pb_text_inner">
<p>Die Farben und die Glasur sind lebensmittelecht und bleifrei. Der Herstellungsprozess beinhaltet mehrere Brenn- und Glasur-Vorgänge bis 1200 °C. Die Keramik ist mikrowellen- wie spülmaschinenfest. Vom Rohstoff Ton bis zum fertigen Produkt dauert es bis zu acht Wochen. ISUNA-Keramik eignet sich für die individuelle Raumgestaltung und anspruchsvolles Innenraum-Design. Aber auch der mit einem ISUNA-Tafel-, Kaffee oder Tee-Service perfekt gedeckte Tisch wird keine Tischrunde kalt lassen, sondern stets für gute Laune und nachhaltigen Eindruck sorgen.</p>
</div>
</div>
</div>
</div>
<p>[/vc_column_text][vc_empty_space][/vc_column][/vc_row][vc_row][vc_column]<div class="wl_einzelbild"><p><img loading="lazy" decoding="async" class="alignnone size-full wp-image-1618" src="https://weltlaeden.de/bergedorf/wp-content/uploads/sites/18/2023/05/ISUNA-Keramik-Teller-und-Tassen.jpg" alt="" width="1920" height="640" srcset="https://weltlaeden.de/bergedorf/wp-content/uploads/sites/18/2023/05/ISUNA-Keramik-Teller-und-Tassen.jpg 1920w, https://weltlaeden.de/bergedorf/wp-content/uploads/sites/18/2023/05/ISUNA-Keramik-Teller-und-Tassen-300x100.jpg 300w, https://weltlaeden.de/bergedorf/wp-content/uploads/sites/18/2023/05/ISUNA-Keramik-Teller-und-Tassen-1024x341.jpg 1024w, https://weltlaeden.de/bergedorf/wp-content/uploads/sites/18/2023/05/ISUNA-Keramik-Teller-und-Tassen-768x256.jpg 768w, https://weltlaeden.de/bergedorf/wp-content/uploads/sites/18/2023/05/ISUNA-Keramik-Teller-und-Tassen-1536x512.jpg 1536w" sizes="auto, (max-width: 1920px) 100vw, 1920px" /></p></div>[/vc_column][/vc_row]</p>
</div>

<p>[vc_row][vc_column][vc_empty_space][/vc_column][/vc_row][vc_row][vc_column][vc_column_text] Farbenfrohe Keramik von ISUNA aus Südafrika [/vc_column_text][vc_column_text]ISUNA Keramik ist so bunt wie die Regenbogen-Nation Südafrika, in der sie entsteht. 2006 fanden sich afrikanische Keramik-Künstler*innen in Kapstadt zusammen. Sie wollten ihrem täglichen Überlebenskampf in den Townships ein Ende setzen und mit einem geregelten Einkommen ihren Lebensunterhalt sichern. Ihr Erfolgsgeheimnis ist die hochwertige Qualität der Keramikstücke&hellip;</p>
