{"id":1593,"date":"2023-05-15T19:33:02","date_gmt":"2023-05-15T17:33:02","guid":{"rendered":"https:\/\/weltlaeden.de\/bergedorf\/?page_id=1593"},"modified":"2023-06-23T11:10:45","modified_gmt":"2023-06-23T09:10:45","slug":"kunsthandwerk","status":"publish","type":"page","link":"https:\/\/weltlaeden.de\/bergedorf\/produkte\/kunsthandwerk\/","title":{"rendered":"Kunsthandwerk"},"content":{"rendered":"<div class=\"wpb-content-wrapper\"><p>[vc_row][vc_column]<div class=\"wl_einzelbild\"><p><img loading=\"lazy\" decoding=\"async\" class=\"alignnone size-full wp-image-1597\" src=\"https:\/\/weltlaeden.de\/bergedorf\/wp-content\/uploads\/sites\/18\/2023\/05\/Weltladen-Bergedorf-Kunsthandwerk-c-Michael-Sommer.jpg\" alt=\"\" width=\"800\" height=\"533\" srcset=\"https:\/\/weltlaeden.de\/bergedorf\/wp-content\/uploads\/sites\/18\/2023\/05\/Weltladen-Bergedorf-Kunsthandwerk-c-Michael-Sommer.jpg 800w, https:\/\/weltlaeden.de\/bergedorf\/wp-content\/uploads\/sites\/18\/2023\/05\/Weltladen-Bergedorf-Kunsthandwerk-c-Michael-Sommer-300x200.jpg 300w, https:\/\/weltlaeden.de\/bergedorf\/wp-content\/uploads\/sites\/18\/2023\/05\/Weltladen-Bergedorf-Kunsthandwerk-c-Michael-Sommer-768x512.jpg 768w\" sizes=\"auto, (max-width: 800px) 100vw, 800px\" \/><\/p><\/div>[\/vc_column][\/vc_row][vc_row][vc_column][vc_empty_space][\/vc_column][\/vc_row][vc_row][vc_column][vc_column_text]<\/p>\n<h1>Kunsthandwerk<\/h1>\n<p>Einzigartig, handgefertigt und modern \u2013 unser Kunsthandwerkssortiment ist vielf\u00e4ltig und hat Einiges zu bieten. Sie finden bei uns kleine oder gr\u00f6\u00dfere Geschenkideen, sch\u00f6ne Liebhaberobjekte oder Produkte f\u00fcr den t\u00e4glichen Gebrauch. Dabei spielen f\u00fcr uns eine \u00f6kologisch vertr\u00e4gliche Herstellung und Materialverwertung und auch Re-\/Upcycling eine wichtige Rolle. Kriterien, die sich durch unser Produktsortiment ziehen und immer wieder innovative und phantasievolle Kreationen, ob aus Glas, Plastik, Metall oder Stoff, hervorbringen. Zu unserem Handwerkssortiment geh\u00f6ren individuelle Schmuckst\u00fccke, Schals und hochwertige Lederwaren, ausgefallene Recyclingprodukte, K\u00f6rbe, Geschirr, Haushaltswaren, und vieles mehr<\/p>\n<p>Wir beziehen unsere Produkte von anerkannten Importorganisationen, die im Lieferantenkatalog des Weltladen-Dachverbands gelistet sind und damit f\u00fcr uns als zuverl\u00e4ssige PartnerInnen f\u00fcr garantiert fair gehandelte Produkte stehen. Zu unseren Lieferanten geh\u00f6ren u.a. die GEPA, El Puente, oder dwp: allesamt Importorganisationen, die sich seit vielen Jahren f\u00fcr den Fairen Handel in der Welt einsetzen.<\/p>\n<p>Transparenz und langfristige Handelsbeziehungen sind wichtige Merkmale des Fairen Handels. Im globalen Handel ist es etwas Besonderes, die Menschen hinter den Produkten kennenlernen zu k\u00f6nnen. Erfahren Sie, wo, von wem und wie besondere Lebensmittel oder faszinierendes Kunsthandwerk hergestellt werden &#8211; denn hinter jedem Produkt steckt eine eigene Geschichte.<\/p>\n<p>Transparenz und langfristige Handelsbeziehungen sind wichtige Merkmale des Fairen Handels. Im globalen Handel ist es etwas Besonderes, die Menschen hinter den Produkten kennenlernen zu k\u00f6nnen. Erfahren Sie, wo, von wem und wie besondere Lebensmittel oder faszinierendes Kunsthandwerk hergestellt werden.[\/vc_column_text][\/vc_column][\/vc_row][vc_row][vc_column][vc_empty_space height=&#8220;20px&#8220;][\/vc_column][\/vc_row][vc_row][vc_column][vc_column_text]<\/p>\n<h1>Handwerkskunst von Prokritee aus Bangladesch<\/h1>\n<p>[\/vc_column_text][vc_row_inner][vc_column_inner width=&#8220;1\/3&#8243;]<div class=\"wl_einzelbild\"><p><img loading=\"lazy\" decoding=\"async\" class=\"aligncenter size-medium wp-image-nsm-3-83\" src=\"https:\/\/weltlaeden.de\/vorlage\/wp-content\/uploads\/sites\/3\/2020\/10\/Prokritee-1_K.-Khatun_Quelle_Dave-Klassen-1-300x200.jpg\" alt=\"\" width=\"300\" height=\"200\" \/><\/p><\/div>[\/vc_column_inner][vc_column_inner width=&#8220;2\/3&#8243;][vc_column_text css=&#8220;.vc_custom_1684172545892{background-color: #ffffff !important;border-radius: 2px !important;}&#8220;]K\u00f6rbe aus Kaisa-Gras, handgesch\u00f6pftes Papier aus Juteresten, Sessel aus recycelten Sari-Stoffen,\u2026 Prokritee bedeutet auf Bengalisch \u201eNatur\u201c. Alle Produkte werden von Hand und ausschlie\u00dflich aus nat\u00fcrlichen oder recycelten Materialien gefertigt. Genau so bunt und vielf\u00e4ltig wie die Muster und Materialen der Produkte von Prokritee sind die Geschichten der Frauen, die sie herstellen. <a href=\"https:\/\/weltlaeden.de\/bergedorf\/produkte\/kunsthandwerk\/prokritee\/\">Erfahren Sie mehr &#8230;<\/a>[\/vc_column_text][\/vc_column_inner][\/vc_row_inner][vc_empty_space][\/vc_column][\/vc_row][vc_row][vc_column][vc_column_text]<\/p>\n<h1>Seifen von SOAP-n-SCENT aus Thailand<\/h1>\n<p>[\/vc_column_text][vc_row_inner][vc_column_inner width=&#8220;1\/3&#8243;]<div class=\"wl_einzelbild\"><p><img loading=\"lazy\" decoding=\"async\" class=\"size-medium wp-image-563 aligncenter\" src=\"https:\/\/weltlaeden.de\/vorlagensammlung\/wp-content\/uploads\/sites\/153\/2021\/03\/Soap-n-scent-1_Verpacken_Quelle_GEPA_600x400-300x200.jpg\" alt=\"\" width=\"300\" height=\"200\" \/><\/p><\/div>[\/vc_column_inner][vc_column_inner width=&#8220;2\/3&#8243;][vc_column_text css=&#8220;.vc_custom_1684172561881{background-color: #ffffff !important;border-radius: 2px !important;}&#8220;]Die Seifenmanufaktur von SOAP-n-SCENT ist eher eine gro\u00dfe K\u00fcche als eine Produktionshalle. Dort arbeiten mehr Menschen als Maschinen. Die Manufaktur in Chiang Mai ist ein heller, fr\u00f6hlicher Ort, an dem die Mitarbeiter*innen mit gro\u00dfer Sorgfalt die Seifen aus pflanzlichen \u00d6len in Handarbeit herstellen. <a href=\"https:\/\/weltlaeden.de\/bergedorf\/produkte\/kunsthandwerk\/soap-n-scent\/\">Erfahren Sie mehr &#8230;<\/a>[\/vc_column_text][\/vc_column_inner][\/vc_row_inner][vc_empty_space][vc_column_text]<\/p>\n<h1>Sonnengl\u00e4ser von Suntoy in S\u00fcdafrika<\/h1>\n<p>[\/vc_column_text][vc_row_inner][vc_column_inner width=&#8220;1\/3&#8243;]<div class=\"wl_einzelbild\"><p><img loading=\"lazy\" decoding=\"async\" class=\"aligncenter size-medium wp-image-nsm-3-116\" src=\"https:\/\/weltlaeden.de\/vorlagensammlung\/wp-content\/uploads\/sites\/3\/2021\/12\/Sonnenglas-I_Sonnengl\u00e4ser_Q_Sonnenglas_600x400-300x200.png\" alt=\"\" width=\"300\" height=\"200\" \/><\/p><\/div>[\/vc_column_inner][vc_column_inner width=&#8220;2\/3&#8243;][vc_column_text css=&#8220;.vc_custom_1684172586049{background-color: #ffffff !important;border-radius: 2px !important;}&#8220;]Die handgefertigte Solarlampe ist nicht nur eine stimmungsvolle Dekoration, sondern dient in S\u00fcdafrika als nachhaltige und sichere Lichtquelle f\u00fcr Gebiete ohne Stromanschluss. Die Produktion sichert 75 Arbeitspl\u00e4tze f\u00fcr zuvor arbeitslose M\u00e4nner und Frauen in Johannesburg. <a href=\"https:\/\/weltlaeden.de\/bergedorf\/produkte\/kunsthandwerk\/sonnenglas\/\">Erfahren Sie mehr &#8230;<\/a>[\/vc_column_text][\/vc_column_inner][\/vc_row_inner][vc_empty_space][vc_column_text]<\/p>\n<h1>Farbenfrohe Keramik von ISUNA aus S\u00fcdafrika<\/h1>\n<p>[\/vc_column_text][vc_row_inner][vc_column_inner width=&#8220;1\/3&#8243;]<div class=\"wl_einzelbild\"><p><img loading=\"lazy\" decoding=\"async\" class=\"alignnone size-full wp-image-1611\" src=\"https:\/\/weltlaeden.de\/bergedorf\/wp-content\/uploads\/sites\/18\/2023\/05\/ISUNA-Pastateller-c-Magdalena-Gassner.jpeg\" alt=\"\" width=\"300\" height=\"300\" srcset=\"https:\/\/weltlaeden.de\/bergedorf\/wp-content\/uploads\/sites\/18\/2023\/05\/ISUNA-Pastateller-c-Magdalena-Gassner.jpeg 300w, https:\/\/weltlaeden.de\/bergedorf\/wp-content\/uploads\/sites\/18\/2023\/05\/ISUNA-Pastateller-c-Magdalena-Gassner-150x150.jpeg 150w\" sizes=\"auto, (max-width: 300px) 100vw, 300px\" \/><\/p><\/div>[\/vc_column_inner][vc_column_inner width=&#8220;2\/3&#8243;][vc_column_text css=&#8220;.vc_custom_1684233374531{background-color: #ffffff !important;border-radius: 2px !important;}&#8220;]ISUNA-Keramik ist so bunt wie die Regenbogen-Nation S\u00fcdafrika, in der sie entsteht. Das Erfolgsgeheimnis der afrikanische Keramik-K\u00fcnstler*innen ist hochwertige Qualit\u00e4t und k\u00fcnstlerisch wertvolle Manufaktur. <a href=\"https:\/\/weltlaeden.de\/bergedorf\/produkte\/kunsthandwerk\/isuna\/\">Erfahren Sie mehr \u2026<\/a>[\/vc_column_text][\/vc_column_inner][\/vc_row_inner][vc_empty_space][vc_column_text]<\/p>\n<h1>Kerzen von Wax Industri aus Indonesien<\/h1>\n<p>[\/vc_column_text][vc_row_inner][vc_column_inner width=&#8220;1\/3&#8243;]<div class=\"wl_einzelbild\"><p><img loading=\"lazy\" decoding=\"async\" class=\"alignnone size-full wp-image-1626\" src=\"https:\/\/weltlaeden.de\/bergedorf\/wp-content\/uploads\/sites\/18\/2023\/05\/Ika-von-WAX-INDUSTRIE-thumbnail-\u00a9-GEPA-The-Fair-Trade-Company-C.-Nusch.jpg\" alt=\"\" width=\"300\" height=\"200\" \/><\/p><\/div>[\/vc_column_inner][vc_column_inner width=&#8220;2\/3&#8243;][vc_column_text css=&#8220;.vc_custom_1684236116354{background-color: #ffffff !important;border-radius: 2px !important;}&#8220;]In der indonesischen Kerzenmanufaktur Wax Industri wird ausgezeichnete Arbeit geleistet. Daher k\u00f6nnen wir Ihnen vegane, handgegossene und durchgef\u00e4rbte Kerzen aus nachhaltigem, zertifiziertem Palmwachs pr\u00e4sentieren. Sie finden sie bei uns in unterschiedlichen Farben, diversen Formen und Gr\u00f6\u00dfen sowie in glatter oder marmorierter Optik. <a href=\"https:\/\/weltlaeden.de\/bergedorf\/produkte\/kunsthandwerk\/wax-industri\/\">Erfahren Sie mehr \u2026<\/a>[\/vc_column_text][\/vc_column_inner][\/vc_row_inner][vc_empty_space][vc_separator border_width=&#8220;2&#8243;][vc_column_text]<em>\u00a0Bildnachweise f\u00fcr diese Seite (von oben nach unten): Michael Sommer, Dave Klassen<\/em><em>, GEPA-The Fair Trade Company,<\/em><em> Sonnenglas, Magdalena Gassner, GEPA \u2013 The Fair Trade Company \/ C. Nusch<br \/>\n<\/em>[\/vc_column_text][\/vc_column][\/vc_row][vc_column][\/vc_column][vc_row][vc_column][\/vc_column][\/vc_row]<\/p>\n<\/div>","protected":false},"excerpt":{"rendered":"<p>[vc_row][vc_column][\/vc_column][\/vc_row][vc_row][vc_column][vc_empty_space][\/vc_column][\/vc_row][vc_row][vc_column][vc_column_text] Kunsthandwerk Einzigartig, handgefertigt und modern \u2013 unser Kunsthandwerkssortiment ist vielf\u00e4ltig und hat Einiges zu bieten. Sie finden bei uns kleine oder gr\u00f6\u00dfere Geschenkideen, sch\u00f6ne Liebhaberobjekte oder Produkte f\u00fcr den t\u00e4glichen Gebrauch. Dabei spielen f\u00fcr uns eine \u00f6kologisch vertr\u00e4gliche Herstellung und Materialverwertung und auch Re-\/Upcycling eine wichtige Rolle. Kriterien, die sich durch unser Produktsortiment ziehen&hellip;<\/p>\n","protected":false},"author":252,"featured_media":0,"parent":217,"menu_order":14,"comment_status":"closed","ping_status":"closed","template":"","meta":{"footnotes":""},"class_list":["post-1593","page","type-page","status-publish","hentry","description-off"],"_links":{"self":[{"href":"https:\/\/weltlaeden.de\/bergedorf\/wp-json\/wp\/v2\/pages\/1593","targetHints":{"allow":["GET"]}}],"collection":[{"href":"https:\/\/weltlaeden.de\/bergedorf\/wp-json\/wp\/v2\/pages"}],"about":[{"href":"https:\/\/weltlaeden.de\/bergedorf\/wp-json\/wp\/v2\/types\/page"}],"author":[{"embeddable":true,"href":"https:\/\/weltlaeden.de\/bergedorf\/wp-json\/wp\/v2\/users\/252"}],"replies":[{"embeddable":true,"href":"https:\/\/weltlaeden.de\/bergedorf\/wp-json\/wp\/v2\/comments?post=1593"}],"version-history":[{"count":6,"href":"https:\/\/weltlaeden.de\/bergedorf\/wp-json\/wp\/v2\/pages\/1593\/revisions"}],"predecessor-version":[{"id":1643,"href":"https:\/\/weltlaeden.de\/bergedorf\/wp-json\/wp\/v2\/pages\/1593\/revisions\/1643"}],"up":[{"embeddable":true,"href":"https:\/\/weltlaeden.de\/bergedorf\/wp-json\/wp\/v2\/pages\/217"}],"wp:attachment":[{"href":"https:\/\/weltlaeden.de\/bergedorf\/wp-json\/wp\/v2\/media?parent=1593"}],"curies":[{"name":"wp","href":"https:\/\/api.w.org\/{rel}","templated":true}]}}

<div class="wpb-content-wrapper"><p>[vc_row][vc_column]<div class="wl_einzelbild"><p><img loading="lazy" decoding="async" class="alignnone size-full wp-image-1597" src="https://weltlaeden.de/bergedorf/wp-content/uploads/sites/18/2023/05/Weltladen-Bergedorf-Kunsthandwerk-c-Michael-Sommer.jpg" alt="" width="800" height="533" srcset="https://weltlaeden.de/bergedorf/wp-content/uploads/sites/18/2023/05/Weltladen-Bergedorf-Kunsthandwerk-c-Michael-Sommer.jpg 800w, https://weltlaeden.de/bergedorf/wp-content/uploads/sites/18/2023/05/Weltladen-Bergedorf-Kunsthandwerk-c-Michael-Sommer-300x200.jpg 300w, https://weltlaeden.de/bergedorf/wp-content/uploads/sites/18/2023/05/Weltladen-Bergedorf-Kunsthandwerk-c-Michael-Sommer-768x512.jpg 768w" sizes="auto, (max-width: 800px) 100vw, 800px" /></p></div>[/vc_column][/vc_row][vc_row][vc_column][vc_empty_space][/vc_column][/vc_row][vc_row][vc_column][vc_column_text]</p>
<h1>Kunsthandwerk</h1>
<p>Einzigartig, handgefertigt und modern – unser Kunsthandwerkssortiment ist vielfältig und hat Einiges zu bieten. Sie finden bei uns kleine oder größere Geschenkideen, schöne Liebhaberobjekte oder Produkte für den täglichen Gebrauch. Dabei spielen für uns eine ökologisch verträgliche Herstellung und Materialverwertung und auch Re-/Upcycling eine wichtige Rolle. Kriterien, die sich durch unser Produktsortiment ziehen und immer wieder innovative und phantasievolle Kreationen, ob aus Glas, Plastik, Metall oder Stoff, hervorbringen. Zu unserem Handwerkssortiment gehören individuelle Schmuckstücke, Schals und hochwertige Lederwaren, ausgefallene Recyclingprodukte, Körbe, Geschirr, Haushaltswaren, und vieles mehr</p>
<p>Wir beziehen unsere Produkte von anerkannten Importorganisationen, die im Lieferantenkatalog des Weltladen-Dachverbands gelistet sind und damit für uns als zuverlässige PartnerInnen für garantiert fair gehandelte Produkte stehen. Zu unseren Lieferanten gehören u.a. die GEPA, El Puente, oder dwp: allesamt Importorganisationen, die sich seit vielen Jahren für den Fairen Handel in der Welt einsetzen.</p>
<p>Transparenz und langfristige Handelsbeziehungen sind wichtige Merkmale des Fairen Handels. Im globalen Handel ist es etwas Besonderes, die Menschen hinter den Produkten kennenlernen zu können. Erfahren Sie, wo, von wem und wie besondere Lebensmittel oder faszinierendes Kunsthandwerk hergestellt werden &#8211; denn hinter jedem Produkt steckt eine eigene Geschichte.</p>
<p>Transparenz und langfristige Handelsbeziehungen sind wichtige Merkmale des Fairen Handels. Im globalen Handel ist es etwas Besonderes, die Menschen hinter den Produkten kennenlernen zu können. Erfahren Sie, wo, von wem und wie besondere Lebensmittel oder faszinierendes Kunsthandwerk hergestellt werden.[/vc_column_text][/vc_column][/vc_row][vc_row][vc_column][vc_empty_space height=&#8220;20px&#8220;][/vc_column][/vc_row][vc_row][vc_column][vc_column_text]</p>
<h1>Handwerkskunst von Prokritee aus Bangladesch</h1>
<p>[/vc_column_text][vc_row_inner][vc_column_inner width=&#8220;1/3&#8243;]<div class="wl_einzelbild"><p><img loading="lazy" decoding="async" class="aligncenter size-medium wp-image-nsm-3-83" src="https://weltlaeden.de/vorlage/wp-content/uploads/sites/3/2020/10/Prokritee-1_K.-Khatun_Quelle_Dave-Klassen-1-300x200.jpg" alt="" width="300" height="200" /></p></div>[/vc_column_inner][vc_column_inner width=&#8220;2/3&#8243;][vc_column_text css=&#8220;.vc_custom_1684172545892{background-color: #ffffff !important;border-radius: 2px !important;}&#8220;]Körbe aus Kaisa-Gras, handgeschöpftes Papier aus Juteresten, Sessel aus recycelten Sari-Stoffen,… Prokritee bedeutet auf Bengalisch „Natur“. Alle Produkte werden von Hand und ausschließlich aus natürlichen oder recycelten Materialien gefertigt. Genau so bunt und vielfältig wie die Muster und Materialen der Produkte von Prokritee sind die Geschichten der Frauen, die sie herstellen. <a href="https://weltlaeden.de/bergedorf/produkte/kunsthandwerk/prokritee/">Erfahren Sie mehr &#8230;</a>[/vc_column_text][/vc_column_inner][/vc_row_inner][vc_empty_space][/vc_column][/vc_row][vc_row][vc_column][vc_column_text]</p>
<h1>Seifen von SOAP-n-SCENT aus Thailand</h1>
<p>[/vc_column_text][vc_row_inner][vc_column_inner width=&#8220;1/3&#8243;]<div class="wl_einzelbild"><p><img loading="lazy" decoding="async" class="size-medium wp-image-563 aligncenter" src="https://weltlaeden.de/vorlagensammlung/wp-content/uploads/sites/153/2021/03/Soap-n-scent-1_Verpacken_Quelle_GEPA_600x400-300x200.jpg" alt="" width="300" height="200" /></p></div>[/vc_column_inner][vc_column_inner width=&#8220;2/3&#8243;][vc_column_text css=&#8220;.vc_custom_1684172561881{background-color: #ffffff !important;border-radius: 2px !important;}&#8220;]Die Seifenmanufaktur von SOAP-n-SCENT ist eher eine große Küche als eine Produktionshalle. Dort arbeiten mehr Menschen als Maschinen. Die Manufaktur in Chiang Mai ist ein heller, fröhlicher Ort, an dem die Mitarbeiter*innen mit großer Sorgfalt die Seifen aus pflanzlichen Ölen in Handarbeit herstellen. <a href="https://weltlaeden.de/bergedorf/produkte/kunsthandwerk/soap-n-scent/">Erfahren Sie mehr &#8230;</a>[/vc_column_text][/vc_column_inner][/vc_row_inner][vc_empty_space][vc_column_text]</p>
<h1>Sonnengläser von Suntoy in Südafrika</h1>
<p>[/vc_column_text][vc_row_inner][vc_column_inner width=&#8220;1/3&#8243;]<div class="wl_einzelbild"><p><img loading="lazy" decoding="async" class="aligncenter size-medium wp-image-nsm-3-116" src="https://weltlaeden.de/vorlagensammlung/wp-content/uploads/sites/3/2021/12/Sonnenglas-I_Sonnengläser_Q_Sonnenglas_600x400-300x200.png" alt="" width="300" height="200" /></p></div>[/vc_column_inner][vc_column_inner width=&#8220;2/3&#8243;][vc_column_text css=&#8220;.vc_custom_1684172586049{background-color: #ffffff !important;border-radius: 2px !important;}&#8220;]Die handgefertigte Solarlampe ist nicht nur eine stimmungsvolle Dekoration, sondern dient in Südafrika als nachhaltige und sichere Lichtquelle für Gebiete ohne Stromanschluss. Die Produktion sichert 75 Arbeitsplätze für zuvor arbeitslose Männer und Frauen in Johannesburg. <a href="https://weltlaeden.de/bergedorf/produkte/kunsthandwerk/sonnenglas/">Erfahren Sie mehr &#8230;</a>[/vc_column_text][/vc_column_inner][/vc_row_inner][vc_empty_space][vc_column_text]</p>
<h1>Farbenfrohe Keramik von ISUNA aus Südafrika</h1>
<p>[/vc_column_text][vc_row_inner][vc_column_inner width=&#8220;1/3&#8243;]<div class="wl_einzelbild"><p><img loading="lazy" decoding="async" class="alignnone size-full wp-image-1611" src="https://weltlaeden.de/bergedorf/wp-content/uploads/sites/18/2023/05/ISUNA-Pastateller-c-Magdalena-Gassner.jpeg" alt="" width="300" height="300" srcset="https://weltlaeden.de/bergedorf/wp-content/uploads/sites/18/2023/05/ISUNA-Pastateller-c-Magdalena-Gassner.jpeg 300w, https://weltlaeden.de/bergedorf/wp-content/uploads/sites/18/2023/05/ISUNA-Pastateller-c-Magdalena-Gassner-150x150.jpeg 150w" sizes="auto, (max-width: 300px) 100vw, 300px" /></p></div>[/vc_column_inner][vc_column_inner width=&#8220;2/3&#8243;][vc_column_text css=&#8220;.vc_custom_1684233374531{background-color: #ffffff !important;border-radius: 2px !important;}&#8220;]ISUNA-Keramik ist so bunt wie die Regenbogen-Nation Südafrika, in der sie entsteht. Das Erfolgsgeheimnis der afrikanische Keramik-Künstler*innen ist hochwertige Qualität und künstlerisch wertvolle Manufaktur. <a href="https://weltlaeden.de/bergedorf/produkte/kunsthandwerk/isuna/">Erfahren Sie mehr …</a>[/vc_column_text][/vc_column_inner][/vc_row_inner][vc_empty_space][vc_column_text]</p>
<h1>Kerzen von Wax Industri aus Indonesien</h1>
<p>[/vc_column_text][vc_row_inner][vc_column_inner width=&#8220;1/3&#8243;]<div class="wl_einzelbild"><p><img loading="lazy" decoding="async" class="alignnone size-full wp-image-1626" src="https://weltlaeden.de/bergedorf/wp-content/uploads/sites/18/2023/05/Ika-von-WAX-INDUSTRIE-thumbnail-©-GEPA-The-Fair-Trade-Company-C.-Nusch.jpg" alt="" width="300" height="200" /></p></div>[/vc_column_inner][vc_column_inner width=&#8220;2/3&#8243;][vc_column_text css=&#8220;.vc_custom_1684236116354{background-color: #ffffff !important;border-radius: 2px !important;}&#8220;]In der indonesischen Kerzenmanufaktur Wax Industri wird ausgezeichnete Arbeit geleistet. Daher können wir Ihnen vegane, handgegossene und durchgefärbte Kerzen aus nachhaltigem, zertifiziertem Palmwachs präsentieren. Sie finden sie bei uns in unterschiedlichen Farben, diversen Formen und Größen sowie in glatter oder marmorierter Optik. <a href="https://weltlaeden.de/bergedorf/produkte/kunsthandwerk/wax-industri/">Erfahren Sie mehr …</a>[/vc_column_text][/vc_column_inner][/vc_row_inner][vc_empty_space][vc_separator border_width=&#8220;2&#8243;][vc_column_text]<em> Bildnachweise für diese Seite (von oben nach unten): Michael Sommer, Dave Klassen</em><em>, GEPA-The Fair Trade Company,</em><em> Sonnenglas, Magdalena Gassner, GEPA – The Fair Trade Company / C. Nusch<br />
</em>[/vc_column_text][/vc_column][/vc_row][vc_column][/vc_column][vc_row][vc_column][/vc_column][/vc_row]</p>
</div>

<p>[vc_row][vc_column][/vc_column][/vc_row][vc_row][vc_column][vc_empty_space][/vc_column][/vc_row][vc_row][vc_column][vc_column_text] Kunsthandwerk Einzigartig, handgefertigt und modern – unser Kunsthandwerkssortiment ist vielfältig und hat Einiges zu bieten. Sie finden bei uns kleine oder größere Geschenkideen, schöne Liebhaberobjekte oder Produkte für den täglichen Gebrauch. Dabei spielen für uns eine ökologisch verträgliche Herstellung und Materialverwertung und auch Re-/Upcycling eine wichtige Rolle. Kriterien, die sich durch unser Produktsortiment ziehen&hellip;</p>
