{"id":1546,"date":"2023-05-15T18:00:13","date_gmt":"2023-05-15T16:00:13","guid":{"rendered":"https:\/\/weltlaeden.de\/bergedorf\/?page_id=1546"},"modified":"2023-06-23T11:10:45","modified_gmt":"2023-06-23T09:10:45","slug":"ueber-uns","status":"publish","type":"page","link":"https:\/\/weltlaeden.de\/bergedorf\/ueber-uns\/","title":{"rendered":"\u00dcber uns"},"content":{"rendered":"<div class=\"wpb-content-wrapper\"><p>[vc_row][vc_column]<style type=\"text\/css\" data-type=\"the7_shortcodes-inline-css\">.gallery-carousel-shortcode.gallery-carousel-shortcode-id-72fd8bf6b434136e7c092905fa3aa554 .owl-nav a {\n  width: 36px;\n  height: 36px;\n  border-radius: 500px;\n}\n.dt-arrow-border-on.gallery-carousel-shortcode.gallery-carousel-shortcode-id-72fd8bf6b434136e7c092905fa3aa554 .owl-nav a:not(:hover):before {\n  border-width: 0px;\n}\n.dt-arrow-hover-border-on.gallery-carousel-shortcode.gallery-carousel-shortcode-id-72fd8bf6b434136e7c092905fa3aa554 .owl-nav a:hover:after {\n  border-width: 0px;\n}\n.gallery-carousel-shortcode.gallery-carousel-shortcode-id-72fd8bf6b434136e7c092905fa3aa554 .owl-nav a.owl-prev {\n  top: 50%;\n  transform: translateY(calc(-50% + 0px));\n  left: -43px;\n}\n@media all and (-ms-high-contrast: none) {\n  .gallery-carousel-shortcode.gallery-carousel-shortcode-id-72fd8bf6b434136e7c092905fa3aa554 .owl-nav a.owl-prev {\n    transform: translateY(-50%);\n    margin-top: 0px;\n  }\n}\n.gallery-carousel-shortcode.gallery-carousel-shortcode-id-72fd8bf6b434136e7c092905fa3aa554 .owl-nav a.owl-prev i {\n  padding: 0px 0px 0px 0px;\n}\n.gallery-carousel-shortcode.gallery-carousel-shortcode-id-72fd8bf6b434136e7c092905fa3aa554 .owl-nav a.owl-next {\n  top: 50%;\n  transform: translateY(calc(-50% + 0px));\n  right: -43px;\n}\n@media all and (-ms-high-contrast: none) {\n  .gallery-carousel-shortcode.gallery-carousel-shortcode-id-72fd8bf6b434136e7c092905fa3aa554 .owl-nav a.owl-next {\n    transform: translateY(-50%);\n    margin-top: 0px;\n  }\n}\n.gallery-carousel-shortcode.gallery-carousel-shortcode-id-72fd8bf6b434136e7c092905fa3aa554 .owl-nav a.owl-next i {\n  padding: 0px 0px 0px 0px;\n}\n.gallery-carousel-shortcode.gallery-carousel-shortcode-id-72fd8bf6b434136e7c092905fa3aa554 .owl-nav i {\n  font-size: 18px;\n}\n.gallery-carousel-shortcode.gallery-carousel-shortcode-id-72fd8bf6b434136e7c092905fa3aa554 .owl-nav a:not(:hover) i,\n.gallery-carousel-shortcode.gallery-carousel-shortcode-id-72fd8bf6b434136e7c092905fa3aa554 .owl-nav a:not(:hover) i:before {\n  color: #ffffff;\n  background: none;\n}\n.gallery-carousel-shortcode.gallery-carousel-shortcode-id-72fd8bf6b434136e7c092905fa3aa554 .owl-nav a:hover i,\n.gallery-carousel-shortcode.gallery-carousel-shortcode-id-72fd8bf6b434136e7c092905fa3aa554 .owl-nav a:hover i:before {\n  color: rgba(255,255,255,0.75);\n  background: none;\n}\n.gallery-carousel-shortcode.gallery-carousel-shortcode-id-72fd8bf6b434136e7c092905fa3aa554 .owl-dots {\n  top: calc(100% + 20px);\n  left: 50%;\n  transform: translateX(calc(-50% + 0px));\n}\n@media all and (-ms-high-contrast: none) {\n  .gallery-carousel-shortcode.gallery-carousel-shortcode-id-72fd8bf6b434136e7c092905fa3aa554 .owl-dots {\n    transform: translateX(-50%);\n    margin-left: 0px;\n  }\n}\n.gallery-carousel-shortcode.gallery-carousel-shortcode-id-72fd8bf6b434136e7c092905fa3aa554 .owl-dot {\n  width: 10px;\n  height: 10px;\n  margin: 0 8px;\n}\n@media screen and (max-width: 778px) {\n  .gallery-carousel-shortcode.gallery-carousel-shortcode-id-72fd8bf6b434136e7c092905fa3aa554.hide-arrows .owl-nav a {\n    display: none;\n  }\n}\n@media screen and (max-width: 778px) {\n  .gallery-carousel-shortcode.gallery-carousel-shortcode-id-72fd8bf6b434136e7c092905fa3aa554.reposition-arrows .owl-nav .owl-prev {\n    top: 50%;\n    transform: translateY(calc(-50% + 0px));\n    left: 10px;\n  }\n  .gallery-carousel-shortcode.gallery-carousel-shortcode-id-72fd8bf6b434136e7c092905fa3aa554.reposition-arrows .owl-nav .owl-next {\n    top: 50%;\n    transform: translateY(calc(-50% + 0px));\n    right: 10px;\n  }\n}\n@media screen and (max-width: 778px) and all and (-ms-high-contrast: none) {\n  .gallery-carousel-shortcode.gallery-carousel-shortcode-id-72fd8bf6b434136e7c092905fa3aa554.reposition-arrows .owl-nav .owl-prev {\n    transform: translateY(-50%);\n    margin-top: 0px;\n  }\n}\n@media screen and (max-width: 778px) and all and (-ms-high-contrast: none) {\n  .gallery-carousel-shortcode.gallery-carousel-shortcode-id-72fd8bf6b434136e7c092905fa3aa554.reposition-arrows .owl-nav .owl-next {\n    transform: translateY(-50%);\n    margin-top: 0px;\n  }\n}\n.gallery-carousel-shortcode.gallery-carousel-shortcode-id-72fd8bf6b434136e7c092905fa3aa554 figure,\n.gallery-carousel-shortcode.gallery-carousel-shortcode-id-72fd8bf6b434136e7c092905fa3aa554 .rollover,\n.gallery-carousel-shortcode.gallery-carousel-shortcode-id-72fd8bf6b434136e7c092905fa3aa554 img,\n.gallery-carousel-shortcode.gallery-carousel-shortcode-id-72fd8bf6b434136e7c092905fa3aa554 .gallery-rollover {\n  border-radius: 0px;\n}\n.gallery-carousel-shortcode.gallery-carousel-shortcode-id-72fd8bf6b434136e7c092905fa3aa554.enable-bg-rollover .gallery-rollover {\n  background: -webkit-linear-gradient();\n  background: linear-gradient();\n}\n.gallery-carousel-shortcode.gallery-carousel-shortcode-id-72fd8bf6b434136e7c092905fa3aa554.enable-img-shadow .owl-stage-outer {\n  padding: 14px 0;\n}\n.gallery-carousel-shortcode.gallery-carousel-shortcode-id-72fd8bf6b434136e7c092905fa3aa554.enable-bg-rollover.hover-scale figure .rollover:after {\n  background: -webkit-linear-gradient();\n  background: linear-gradient();\n}\n.gallery-carousel-shortcode.gallery-carousel-shortcode-id-72fd8bf6b434136e7c092905fa3aa554.gallery-shortcode .gallery-zoom-ico {\n  width: 44px;\n  height: 44px;\n  line-height: 44px;\n  border-radius: 100px;\n  margin: -22px 0 0 -22px;\n  border-width: 0px;\n}\n.dt-icon-bg-on.gallery-carousel-shortcode.gallery-carousel-shortcode-id-72fd8bf6b434136e7c092905fa3aa554.gallery-shortcode .gallery-zoom-ico {\n  background: rgba(255,255,255,0.3);\n  box-shadow: none;\n}\n.gallery-carousel-shortcode.gallery-carousel-shortcode-id-72fd8bf6b434136e7c092905fa3aa554.gallery-shortcode .gallery-zoom-ico:before,\n.gallery-carousel-shortcode.gallery-carousel-shortcode-id-72fd8bf6b434136e7c092905fa3aa554.gallery-shortcode .gallery-zoom-ico span {\n  font-size: 32px;\n  line-height: 44px;\n  color: #ffffff;\n  background: none;\n}<\/style><div class=\"owl-carousel gallery-carousel-shortcode gallery-shortcode  dt-gallery-container dt-owl-carousel-call gallery-carousel-shortcode-id-72fd8bf6b434136e7c092905fa3aa554 quick-scale-img enable-bg-rollover meta-info-off dt-arrow-border-on dt-arrow-hover-border-on bullets-small-dot-stroke reposition-arrows dt-icon-bg-off arrows-bg-on disable-arrows-hover-bg arrows-hover-bg-on  hover-fade \" data-scroll-mode=\"1\" data-col-num=\"1\" data-wide-col-num=\"1\" data-laptop-col=\"1\" data-h-tablet-columns-num=\"1\" data-v-tablet-columns-num=\"1\" data-phone-columns-num=\"1\" data-col-gap=\"10\" data-stage-padding=\"0\" data-speed=\"600\" data-autoplay=\"true\" data-autoplay_speed=\"6000\" data-arrows=\"false\" data-bullet=\"true\" data-next-icon=\"icon-ar-017-r\" data-prev-icon=\"icon-ar-017-l\" data-img-shadow-size=\"12px\" data-img-shadow-spread=\"3px\"><div data-post-id=\"1547\" data-date=\"2023-05-15T17:52:44+02:00\" data-name=\"Weltladen-Bergedorf (c) Michael Sommer\"><figure class=\"post\"><a href=\"https:\/\/weltlaeden.de\/bergedorf\/wp-content\/uploads\/sites\/18\/2023\/05\/Weltladen-Bergedorf-c-Michael-Sommer.jpg\" class=\"rollover dt-pswp-item layzr-bg\" data-large_image_width=\"1280\" data-large_image_height=\"853\" data-dt-img-description=\"\" title=\"Weltladen-Bergedorf (c) Michael Sommer\"><img fetchpriority=\"high\" decoding=\"async\" class=\"preload-me owl-lazy-load aspect\" src=\"data:image\/svg+xml,%3Csvg%20xmlns%3D&#39;http%3A%2F%2Fwww.w3.org%2F2000%2Fsvg&#39;%20viewBox%3D&#39;0%200%201279%20853&#39;%2F%3E\" data-src=\"https:\/\/weltlaeden.de\/bergedorf\/wp-content\/uploads\/sites\/18\/2023\/05\/Weltladen-Bergedorf-c-Michael-Sommer.jpg\" data-srcset=\"https:\/\/weltlaeden.de\/bergedorf\/wp-content\/uploads\/sites\/18\/2023\/05\/Weltladen-Bergedorf-c-Michael-Sommer.jpg 1279w\" loading=\"eager\" style=\"--ratio: 1279 \/ 853\" sizes=\"(max-width: 1279px) 100vw, 1279px\" alt=\"\" width=\"1279\" height=\"853\"  \/><span class=\"gallery-rollover\"><span class=\"gallery-zoom-ico icomoon-the7-font-the7-zoom-06\"><span><\/span><\/span><\/span><\/a><\/figure><\/div><div data-post-id=\"1548\" data-date=\"2023-05-15T17:52:46+02:00\" data-name=\"Weltladen-Bergedorf innen (c) Michael Sommer\"><figure class=\"post\"><a href=\"https:\/\/weltlaeden.de\/bergedorf\/wp-content\/uploads\/sites\/18\/2023\/05\/Weltladen-Bergedorf-innen-c-Michael-Sommer.jpg\" class=\"rollover dt-pswp-item layzr-bg\" data-large_image_width=\"1280\" data-large_image_height=\"854\" data-dt-img-description=\"\" title=\"Weltladen-Bergedorf innen (c) Michael Sommer\"><img decoding=\"async\" class=\"preload-me owl-lazy-load aspect\" src=\"data:image\/svg+xml,%3Csvg%20xmlns%3D&#39;http%3A%2F%2Fwww.w3.org%2F2000%2Fsvg&#39;%20viewBox%3D&#39;0%200%201279%20853&#39;%2F%3E\" data-src=\"https:\/\/weltlaeden.de\/bergedorf\/wp-content\/uploads\/sites\/18\/2023\/05\/Weltladen-Bergedorf-innen-c-Michael-Sommer.jpg\" data-srcset=\"https:\/\/weltlaeden.de\/bergedorf\/wp-content\/uploads\/sites\/18\/2023\/05\/Weltladen-Bergedorf-innen-c-Michael-Sommer.jpg 1279w\" loading=\"eager\" style=\"--ratio: 1279 \/ 853\" sizes=\"(max-width: 1279px) 100vw, 1279px\" alt=\"\" width=\"1279\" height=\"853\"  \/><span class=\"gallery-rollover\"><span class=\"gallery-zoom-ico icomoon-the7-font-the7-zoom-06\"><span><\/span><\/span><\/span><\/a><\/figure><\/div><div data-post-id=\"1549\" data-date=\"2023-05-15T17:52:48+02:00\" data-name=\"Weltladen-Bergedorf Kaffee (c) Michael Sommer\"><figure class=\"post\"><a href=\"https:\/\/weltlaeden.de\/bergedorf\/wp-content\/uploads\/sites\/18\/2023\/05\/Weltladen-Bergedorf-Kaffee-c-Michael-Sommer.jpg\" class=\"rollover dt-pswp-item layzr-bg\" data-large_image_width=\"1280\" data-large_image_height=\"853\" data-dt-img-description=\"\" title=\"Weltladen-Bergedorf Kaffee (c) Michael Sommer\"><img decoding=\"async\" class=\"preload-me owl-lazy-load aspect\" src=\"data:image\/svg+xml,%3Csvg%20xmlns%3D&#39;http%3A%2F%2Fwww.w3.org%2F2000%2Fsvg&#39;%20viewBox%3D&#39;0%200%201279%20853&#39;%2F%3E\" data-src=\"https:\/\/weltlaeden.de\/bergedorf\/wp-content\/uploads\/sites\/18\/2023\/05\/Weltladen-Bergedorf-Kaffee-c-Michael-Sommer.jpg\" data-srcset=\"https:\/\/weltlaeden.de\/bergedorf\/wp-content\/uploads\/sites\/18\/2023\/05\/Weltladen-Bergedorf-Kaffee-c-Michael-Sommer.jpg 1279w\" loading=\"eager\" style=\"--ratio: 1279 \/ 853\" sizes=\"(max-width: 1279px) 100vw, 1279px\" alt=\"\" width=\"1279\" height=\"853\"  \/><span class=\"gallery-rollover\"><span class=\"gallery-zoom-ico icomoon-the7-font-the7-zoom-06\"><span><\/span><\/span><\/span><\/a><\/figure><\/div><div data-post-id=\"1550\" data-date=\"2023-05-15T17:52:50+02:00\" data-name=\"Weltladen-Bergedorf Kleidung (c) Michael Sommer\"><figure class=\"post\"><a href=\"https:\/\/weltlaeden.de\/bergedorf\/wp-content\/uploads\/sites\/18\/2023\/05\/Weltladen-Bergedorf-Kleidung-c-Michael-Sommer.jpg\" class=\"rollover dt-pswp-item layzr-bg\" data-large_image_width=\"1280\" data-large_image_height=\"854\" data-dt-img-description=\"\" title=\"Weltladen-Bergedorf Kleidung (c) Michael Sommer\"><img decoding=\"async\" class=\"preload-me owl-lazy-load aspect\" src=\"data:image\/svg+xml,%3Csvg%20xmlns%3D&#39;http%3A%2F%2Fwww.w3.org%2F2000%2Fsvg&#39;%20viewBox%3D&#39;0%200%201279%20853&#39;%2F%3E\" data-src=\"https:\/\/weltlaeden.de\/bergedorf\/wp-content\/uploads\/sites\/18\/2023\/05\/Weltladen-Bergedorf-Kleidung-c-Michael-Sommer.jpg\" data-srcset=\"https:\/\/weltlaeden.de\/bergedorf\/wp-content\/uploads\/sites\/18\/2023\/05\/Weltladen-Bergedorf-Kleidung-c-Michael-Sommer.jpg 1279w\" loading=\"eager\" style=\"--ratio: 1279 \/ 853\" sizes=\"(max-width: 1279px) 100vw, 1279px\" alt=\"\" width=\"1279\" height=\"853\"  \/><span class=\"gallery-rollover\"><span class=\"gallery-zoom-ico icomoon-the7-font-the7-zoom-06\"><span><\/span><\/span><\/span><\/a><\/figure><\/div><\/div>[vc_empty_space][vc_empty_space][vc_column_text]<\/p>\n<h1>\u00dcber den Weltladen Bergedorf<\/h1>\n<p>[\/vc_column_text][vc_column_text]<\/p>\n<div class=\"wpb_text_column wpb_content_element \">\n<div class=\"wpb_wrapper\">\n<p class=\"Textbody\">Mitten in Bergedorfs Einkaufsmeile die bunte Welt des Fairen Handels entdecken: Bei uns gibt es ein vielf\u00e4ltiges Angebot an fair gehandelten <a href=\"https:\/\/weltlaeden.de\/bergedorf\/produkte\/\">Produkten<\/a>. Neben Lebensmitteln, von denen viele auch Bio-Qualit\u00e4t haben, pr\u00e4sentieren wir auch kleine und gro\u00dfe, sch\u00f6ne und besondere Kunsthandwerksst\u00fccke aus aller Welt. Alle unsere Produkte werden von kleinb\u00e4uerlichen Betrieben und Kooperativen aus Afrika, Asien und Mittel- und S\u00fcdamerika hergestellt.<\/p>\n<p class=\"Textbody\">Seit der Neuer\u00f6ffnung am 1. September 2020 bieten wir auch eine Bekleidungsabteilung f\u00fcr Damen und Herren mit nachhaltiger und fair produzierter Bekleidung. Dabei ist <a href=\"https:\/\/weltlaeden.de\/bergedorf\/produkte\/faire-mode\/\">Faire Mode<\/a> mehr als gutes Design. Damit sich auch die gut f\u00fchlen, die diese Mode produzieren, entsteht die faire Kleidung unter menschenw\u00fcrdigen Arbeitsbedingungen und umweltschonenden Herstellungsprozessen. Nachhaltige Produktsiegel wie GOTS oder Fairtrade Baumwolle stehen f\u00fcr die Einhaltung klar definierter Sozial- und Umweltstandards.<\/p>\n<p class=\"Textbody\">Neben dem Verkauf von fairen Produkte wollen wir auch \u00fcber den Fairen Handel informieren. Mit regelm\u00e4\u00dfigen <a href=\"https:\/\/weltlaeden.de\/bergedorf\/termine\/\">Themenabenden<\/a> erl\u00e4utern wir aktuelle Hintergr\u00fcnde des Fairen Handels. Zus\u00e4tzlich beteiligen wir uns als Mitglied im Weltladen Dachverband aktiv an <a href=\"https:\/\/weltlaeden.de\/bergedorf\/fairer-handel\/hamburg\/\">aktuellen politischen Kampagnen<\/a> f\u00fcr einen gerechteren Welthandel. F\u00fcr die Konsument*innen von Morgen bieten wir zudem Weiterbildung an: f\u00fcr Schulklassen oder Gruppen f\u00fchren wir den Weltladen Erkundungszirkel durch und verleihen Materialkoffer zu verschiedenen Themen.<\/p>\n<p class=\"Textbody\">Ob zum Einkaufen, St\u00f6bern, Informieren oder einfach auf eine Tasse Kaffee \u2013 wir freuen uns auf Ihren Besuch im Weltladen Bergedorf!<\/p>\n<\/div>\n<\/div>\n<p>[\/vc_column_text][vc_empty_space][\/vc_column][\/vc_row][vc_row][vc_column][vc_column_text]<\/p>\n<h1>Wir suchen dich f\u00fcr FAIR\u00e4nderung!<\/h1>\n<p>[\/vc_column_text][vc_column_text]<\/p>\n<h2>Mach mit und komm in unser Team!<\/h2>\n<p><strong>Wir suchen<\/strong> weitere Menschen, die Lust haben, sich ehrenamtlich f\u00fcr einen gerechteren Welthandel zu engagieren. Ob im Verkauf, bei Schaufenstergestaltung und Warenpr\u00e4sentation, Sortimentsplanung und Einkauf, \u00d6ffentlichkeits- und Bildungsarbeit oder bei politischen Kampagnen \u2013 die M\u00f6glichkeiten, in unserem Team mitzumachen, sind vielf\u00e4ltig!<\/p>\n<p><strong>Wir bieten<\/strong> ein nettes Team aus Engagierten, regelm\u00e4\u00dfigen Austausch bei Teamtreffen, Grundkurse und Fortbildungen zur Welt des Fairen Handels. Bei uns kannst du deine Kompetenzen einbringen und in neuen Bereichen dazulernen.<\/p>\n<p>Mit deiner Bereitschaft dich f\u00fcr den Fairen Handel einzusetzen, machst du einen Unterschied auf dem Weg zu einer gerechteren Welt!<\/p>\n<h2><strong>Interessiert?<\/strong><\/h2>\n<p>Dann komm gern im Weltladen vorbei, ruf an (040-7219610) oder schreib eine <a href=\"mailto:info@weltladen-bergedorf.de\">E-Mail<\/a>.<\/p>\n<p><strong>Wir freuen uns auf dich!<\/strong>[\/vc_column_text][vc_empty_space][\/vc_column][\/vc_row]<\/p>\n<\/div>","protected":false},"excerpt":{"rendered":"<p>[vc_row][vc_column][vc_empty_space][vc_empty_space][vc_column_text] \u00dcber den Weltladen Bergedorf [\/vc_column_text][vc_column_text] Mitten in Bergedorfs Einkaufsmeile die bunte Welt des Fairen Handels entdecken: Bei uns gibt es ein vielf\u00e4ltiges Angebot an fair gehandelten Produkten. Neben Lebensmitteln, von denen viele auch Bio-Qualit\u00e4t haben, pr\u00e4sentieren wir auch kleine und gro\u00dfe, sch\u00f6ne und besondere Kunsthandwerksst\u00fccke aus aller Welt. Alle unsere Produkte werden von kleinb\u00e4uerlichen&hellip;<\/p>\n","protected":false},"author":252,"featured_media":0,"parent":0,"menu_order":30,"comment_status":"closed","ping_status":"closed","template":"","meta":{"footnotes":""},"class_list":["post-1546","page","type-page","status-publish","hentry","description-off"],"_links":{"self":[{"href":"https:\/\/weltlaeden.de\/bergedorf\/wp-json\/wp\/v2\/pages\/1546","targetHints":{"allow":["GET"]}}],"collection":[{"href":"https:\/\/weltlaeden.de\/bergedorf\/wp-json\/wp\/v2\/pages"}],"about":[{"href":"https:\/\/weltlaeden.de\/bergedorf\/wp-json\/wp\/v2\/types\/page"}],"author":[{"embeddable":true,"href":"https:\/\/weltlaeden.de\/bergedorf\/wp-json\/wp\/v2\/users\/252"}],"replies":[{"embeddable":true,"href":"https:\/\/weltlaeden.de\/bergedorf\/wp-json\/wp\/v2\/comments?post=1546"}],"version-history":[{"count":7,"href":"https:\/\/weltlaeden.de\/bergedorf\/wp-json\/wp\/v2\/pages\/1546\/revisions"}],"predecessor-version":[{"id":1662,"href":"https:\/\/weltlaeden.de\/bergedorf\/wp-json\/wp\/v2\/pages\/1546\/revisions\/1662"}],"wp:attachment":[{"href":"https:\/\/weltlaeden.de\/bergedorf\/wp-json\/wp\/v2\/media?parent=1546"}],"curies":[{"name":"wp","href":"https:\/\/api.w.org\/{rel}","templated":true}]}}