{"id":219,"date":"2016-10-28T13:34:47","date_gmt":"2016-10-28T11:34:47","guid":{"rendered":"https:\/\/wl.heimpixel.de\/vorlage\/ueber-uns\/"},"modified":"2024-02-16T18:30:15","modified_gmt":"2024-02-16T17:30:15","slug":"ueber-uns","status":"publish","type":"page","link":"https:\/\/weltlaeden.de\/bensheim\/ueber-uns\/","title":{"rendered":"\u00dcber uns"},"content":{"rendered":"<div class=\"wpb-content-wrapper\"><p>[vc_row][vc_column]<div class=\"wl_einzelbild\"><p><img loading=\"lazy\" decoding=\"async\" class=\"aligncenter wp-image-1479 size-full\" src=\"https:\/\/weltlaeden.de\/bensheim\/wp-content\/uploads\/sites\/105\/2024\/02\/alle2024.jpg\" alt=\"\" width=\"916\" height=\"400\" srcset=\"https:\/\/weltlaeden.de\/bensheim\/wp-content\/uploads\/sites\/105\/2024\/02\/alle2024.jpg 916w, https:\/\/weltlaeden.de\/bensheim\/wp-content\/uploads\/sites\/105\/2024\/02\/alle2024-300x131.jpg 300w, https:\/\/weltlaeden.de\/bensheim\/wp-content\/uploads\/sites\/105\/2024\/02\/alle2024-768x335.jpg 768w\" sizes=\"auto, (max-width: 916px) 100vw, 916px\" \/><\/p><\/div>[vc_empty_space][vc_column_text]<\/p>\n<h1>Unser ehrenamtliches Team<\/h1>\n<p>[\/vc_column_text][vc_column_text]<\/p>\n<ul>\n<li>Wir wollen die Situation von Produzent*innen im Globalen S\u00fcden verbessern und den\u00a0Fairen Handel voranbringen. Oberstes Ziel unserer T\u00e4tigkeit ist es, die Absatzm\u00f6glichkeiten\u00a0f\u00fcr fair gehandelte Produkte zu erweitern.<\/li>\n<\/ul>\n<p>&nbsp;<\/p>\n<ul>\n<li>Wir erwirtschaften keinen Gewinn. Mit \u00dcbersch\u00fcssen f\u00f6rdern wir Projekte in den L\u00e4ndern\u00a0des Globalen S\u00fcdens. Derzeit im Fokus steht die Unterst\u00fctzung der <a href=\"https:\/\/www.maryward.org\/places\/cj-zimbabwe\/\" target=\"_blank\" rel=\"noopener\">Maria-Ward-Schwestern<\/a>\u00a0in Simbabwe sowie das Projekt &#8222;<a href=\"http:\/\/www.pratheeksha.de\/\" target=\"_blank\" rel=\"noopener\">Kinderhilfe Chalil<\/a>&#8220; in Indien.<\/li>\n<\/ul>\n<p>&nbsp;<\/p>\n<ul>\n<li>Wir wollen das Bewusstsein f\u00fcr entwicklungspolitische Zusammenh\u00e4nge durch\u00a0entsprechende Aktionen st\u00e4rken. Mit der <a href=\"https:\/\/www.goethe-bensheim.de\/index.php\/schwerpunkte\/fairtrade-schule\" target=\"_blank\" rel=\"noopener\">Fairtrade-School Goethe-Gymnasium<\/a> gibt es eine\u00a0langj\u00e4hrige und intensive Zusammenarbeit. Gern besuchen wir Schulklassen auf Anfrage,\u00a0um \u00fcber den fairen Handel zu informieren.<\/li>\n<\/ul>\n<p>&nbsp;<\/p>\n<ul>\n<li>Wir sind vernetzt mit anderen Gruppierungen, die entwicklungspolitische Themen\u00a0bearbeiten und mit der Stadt Bensheim \u00fcber unsere Mitarbeit in der Steuerungsgruppe\u00a0<a href=\"http:\/\/fairtradestadt-bensheim.de\/\" target=\"_blank\" rel=\"noopener\">Fairtrade-Stadt Bensheim<\/a>.<\/li>\n<\/ul>\n<p>&nbsp;<\/p>\n<ul>\n<li>Wir beteiligen uns an Aktionen der Kirchengemeinden, an Pfarrei- und Kindergartenfesten.<\/li>\n<\/ul>\n<p>[\/vc_column_text][vc_empty_space][\/vc_column][\/vc_row][vc_row][vc_column][vc_empty_space][\/vc_column][\/vc_row]<\/p>\n<\/div>","protected":false},"excerpt":{"rendered":"<p>[vc_row][vc_column][vc_empty_space][vc_column_text] Unser ehrenamtliches Team [\/vc_column_text][vc_column_text] Wir wollen die Situation von Produzent*innen im Globalen S\u00fcden verbessern und den\u00a0Fairen Handel voranbringen. Oberstes Ziel unserer T\u00e4tigkeit ist es, die Absatzm\u00f6glichkeiten\u00a0f\u00fcr fair gehandelte Produkte zu erweitern. &nbsp; Wir erwirtschaften keinen Gewinn. Mit \u00dcbersch\u00fcssen f\u00f6rdern wir Projekte in den L\u00e4ndern\u00a0des Globalen S\u00fcdens. Derzeit im Fokus steht die Unterst\u00fctzung der Maria-Ward-Schwestern\u00a0in&hellip;<\/p>\n","protected":false},"author":1,"featured_media":0,"parent":0,"menu_order":4,"comment_status":"closed","ping_status":"closed","template":"","meta":{"footnotes":""},"class_list":["post-219","page","type-page","status-publish","hentry","description-off"],"yoast_head":"<!-- This site is optimized with the Yoast SEO plugin v26.8 - https:\/\/yoast.com\/product\/yoast-seo-wordpress\/ -->\n<title>\u00dcber uns - Weltladen Bensheim - Sankt Georg<\/title>\n<meta name=\"robots\" content=\"index, follow, max-snippet:-1, max-image-preview:large, max-video-preview:-1\" \/>\n<link rel=\"canonical\" href=\"https:\/\/weltlaeden.de\/bensheim\/ueber-uns\/\" \/>\n<meta property=\"og:locale\" content=\"de_DE\" \/>\n<meta property=\"og:type\" content=\"article\" \/>\n<meta property=\"og:title\" content=\"\u00dcber uns - Weltladen Bensheim - Sankt Georg\" \/>\n<meta property=\"og:description\" content=\"[vc_row][vc_column][vc_empty_space][vc_column_text] Unser ehrenamtliches Team [\/vc_column_text][vc_column_text] Wir wollen die Situation von Produzent*innen im Globalen S\u00fcden verbessern und den\u00a0Fairen Handel voranbringen. Oberstes Ziel unserer T\u00e4tigkeit ist es, die Absatzm\u00f6glichkeiten\u00a0f\u00fcr fair gehandelte Produkte zu erweitern. &nbsp; Wir erwirtschaften keinen Gewinn. Mit \u00dcbersch\u00fcssen f\u00f6rdern wir Projekte in den L\u00e4ndern\u00a0des Globalen S\u00fcdens. Derzeit im Fokus steht die Unterst\u00fctzung der Maria-Ward-Schwestern\u00a0in&hellip;\" \/>\n<meta property=\"og:url\" content=\"https:\/\/weltlaeden.de\/bensheim\/ueber-uns\/\" \/>\n<meta property=\"og:site_name\" content=\"Weltladen Bensheim - Sankt Georg\" \/>\n<meta property=\"article:modified_time\" content=\"2024-02-16T17:30:15+00:00\" \/>\n<meta property=\"og:image\" content=\"https:\/\/weltlaeden.de\/bensheim\/wp-content\/uploads\/sites\/105\/2024\/02\/alle2024.jpg\" \/>\n<meta name=\"twitter:card\" content=\"summary_large_image\" \/>\n<meta name=\"twitter:label1\" content=\"Gesch\u00e4tzte Lesezeit\" \/>\n\t<meta name=\"twitter:data1\" content=\"1\u00a0Minute\" \/>\n<script type=\"application\/ld+json\" class=\"yoast-schema-graph\">{\"@context\":\"https:\/\/schema.org\",\"@graph\":[{\"@type\":\"WebPage\",\"@id\":\"https:\/\/weltlaeden.de\/bensheim\/ueber-uns\/\",\"url\":\"https:\/\/weltlaeden.de\/bensheim\/ueber-uns\/\",\"name\":\"\u00dcber uns - Weltladen Bensheim - Sankt Georg\",\"isPartOf\":{\"@id\":\"https:\/\/weltlaeden.de\/bensheim\/#website\"},\"primaryImageOfPage\":{\"@id\":\"https:\/\/weltlaeden.de\/bensheim\/ueber-uns\/#primaryimage\"},\"image\":{\"@id\":\"https:\/\/weltlaeden.de\/bensheim\/ueber-uns\/#primaryimage\"},\"thumbnailUrl\":\"https:\/\/weltlaeden.de\/bensheim\/wp-content\/uploads\/sites\/105\/2024\/02\/alle2024.jpg\",\"datePublished\":\"2016-10-28T11:34:47+00:00\",\"dateModified\":\"2024-02-16T17:30:15+00:00\",\"breadcrumb\":{\"@id\":\"https:\/\/weltlaeden.de\/bensheim\/ueber-uns\/#breadcrumb\"},\"inLanguage\":\"de\",\"potentialAction\":[{\"@type\":\"ReadAction\",\"target\":[\"https:\/\/weltlaeden.de\/bensheim\/ueber-uns\/\"]}]},{\"@type\":\"ImageObject\",\"inLanguage\":\"de\",\"@id\":\"https:\/\/weltlaeden.de\/bensheim\/ueber-uns\/#primaryimage\",\"url\":\"https:\/\/weltlaeden.de\/bensheim\/wp-content\/uploads\/sites\/105\/2024\/02\/alle2024.jpg\",\"contentUrl\":\"https:\/\/weltlaeden.de\/bensheim\/wp-content\/uploads\/sites\/105\/2024\/02\/alle2024.jpg\",\"width\":916,\"height\":400},{\"@type\":\"BreadcrumbList\",\"@id\":\"https:\/\/weltlaeden.de\/bensheim\/ueber-uns\/#breadcrumb\",\"itemListElement\":[{\"@type\":\"ListItem\",\"position\":1,\"name\":\"Startseite\",\"item\":\"https:\/\/weltlaeden.de\/bensheim\/\"},{\"@type\":\"ListItem\",\"position\":2,\"name\":\"\u00dcber uns\"}]},{\"@type\":\"WebSite\",\"@id\":\"https:\/\/weltlaeden.de\/bensheim\/#website\",\"url\":\"https:\/\/weltlaeden.de\/bensheim\/\",\"name\":\"Weltladen Bensheim - Sankt Georg\",\"description\":\"Faire Produkte und Handel\",\"potentialAction\":[{\"@type\":\"SearchAction\",\"target\":{\"@type\":\"EntryPoint\",\"urlTemplate\":\"https:\/\/weltlaeden.de\/bensheim\/?s={search_term_string}\"},\"query-input\":{\"@type\":\"PropertyValueSpecification\",\"valueRequired\":true,\"valueName\":\"search_term_string\"}}],\"inLanguage\":\"de\"}]}<\/script>\n<!-- \/ Yoast SEO plugin. -->","yoast_head_json":{"title":"\u00dcber uns - Weltladen Bensheim - Sankt Georg","robots":{"index":"index","follow":"follow","max-snippet":"max-snippet:-1","max-image-preview":"max-image-preview:large","max-video-preview":"max-video-preview:-1"},"canonical":"https:\/\/weltlaeden.de\/bensheim\/ueber-uns\/","og_locale":"de_DE","og_type":"article","og_title":"\u00dcber uns - Weltladen Bensheim - Sankt Georg","og_description":"[vc_row][vc_column][vc_empty_space][vc_column_text] Unser ehrenamtliches Team [\/vc_column_text][vc_column_text] Wir wollen die Situation von Produzent*innen im Globalen S\u00fcden verbessern und den\u00a0Fairen Handel voranbringen. Oberstes Ziel unserer T\u00e4tigkeit ist es, die Absatzm\u00f6glichkeiten\u00a0f\u00fcr fair gehandelte Produkte zu erweitern. &nbsp; Wir erwirtschaften keinen Gewinn. Mit \u00dcbersch\u00fcssen f\u00f6rdern wir Projekte in den L\u00e4ndern\u00a0des Globalen S\u00fcdens. Derzeit im Fokus steht die Unterst\u00fctzung der Maria-Ward-Schwestern\u00a0in&hellip;","og_url":"https:\/\/weltlaeden.de\/bensheim\/ueber-uns\/","og_site_name":"Weltladen Bensheim - Sankt Georg","article_modified_time":"2024-02-16T17:30:15+00:00","og_image":[{"url":"https:\/\/weltlaeden.de\/bensheim\/wp-content\/uploads\/sites\/105\/2024\/02\/alle2024.jpg","type":"","width":"","height":""}],"twitter_card":"summary_large_image","twitter_misc":{"Gesch\u00e4tzte Lesezeit":"1\u00a0Minute"},"schema":{"@context":"https:\/\/schema.org","@graph":[{"@type":"WebPage","@id":"https:\/\/weltlaeden.de\/bensheim\/ueber-uns\/","url":"https:\/\/weltlaeden.de\/bensheim\/ueber-uns\/","name":"\u00dcber uns - Weltladen Bensheim - Sankt Georg","isPartOf":{"@id":"https:\/\/weltlaeden.de\/bensheim\/#website"},"primaryImageOfPage":{"@id":"https:\/\/weltlaeden.de\/bensheim\/ueber-uns\/#primaryimage"},"image":{"@id":"https:\/\/weltlaeden.de\/bensheim\/ueber-uns\/#primaryimage"},"thumbnailUrl":"https:\/\/weltlaeden.de\/bensheim\/wp-content\/uploads\/sites\/105\/2024\/02\/alle2024.jpg","datePublished":"2016-10-28T11:34:47+00:00","dateModified":"2024-02-16T17:30:15+00:00","breadcrumb":{"@id":"https:\/\/weltlaeden.de\/bensheim\/ueber-uns\/#breadcrumb"},"inLanguage":"de","potentialAction":[{"@type":"ReadAction","target":["https:\/\/weltlaeden.de\/bensheim\/ueber-uns\/"]}]},{"@type":"ImageObject","inLanguage":"de","@id":"https:\/\/weltlaeden.de\/bensheim\/ueber-uns\/#primaryimage","url":"https:\/\/weltlaeden.de\/bensheim\/wp-content\/uploads\/sites\/105\/2024\/02\/alle2024.jpg","contentUrl":"https:\/\/weltlaeden.de\/bensheim\/wp-content\/uploads\/sites\/105\/2024\/02\/alle2024.jpg","width":916,"height":400},{"@type":"BreadcrumbList","@id":"https:\/\/weltlaeden.de\/bensheim\/ueber-uns\/#breadcrumb","itemListElement":[{"@type":"ListItem","position":1,"name":"Startseite","item":"https:\/\/weltlaeden.de\/bensheim\/"},{"@type":"ListItem","position":2,"name":"\u00dcber uns"}]},{"@type":"WebSite","@id":"https:\/\/weltlaeden.de\/bensheim\/#website","url":"https:\/\/weltlaeden.de\/bensheim\/","name":"Weltladen Bensheim - Sankt Georg","description":"Faire Produkte und Handel","potentialAction":[{"@type":"SearchAction","target":{"@type":"EntryPoint","urlTemplate":"https:\/\/weltlaeden.de\/bensheim\/?s={search_term_string}"},"query-input":{"@type":"PropertyValueSpecification","valueRequired":true,"valueName":"search_term_string"}}],"inLanguage":"de"}]}},"_links":{"self":[{"href":"https:\/\/weltlaeden.de\/bensheim\/wp-json\/wp\/v2\/pages\/219","targetHints":{"allow":["GET"]}}],"collection":[{"href":"https:\/\/weltlaeden.de\/bensheim\/wp-json\/wp\/v2\/pages"}],"about":[{"href":"https:\/\/weltlaeden.de\/bensheim\/wp-json\/wp\/v2\/types\/page"}],"author":[{"embeddable":true,"href":"https:\/\/weltlaeden.de\/bensheim\/wp-json\/wp\/v2\/users\/1"}],"replies":[{"embeddable":true,"href":"https:\/\/weltlaeden.de\/bensheim\/wp-json\/wp\/v2\/comments?post=219"}],"version-history":[{"count":29,"href":"https:\/\/weltlaeden.de\/bensheim\/wp-json\/wp\/v2\/pages\/219\/revisions"}],"predecessor-version":[{"id":1480,"href":"https:\/\/weltlaeden.de\/bensheim\/wp-json\/wp\/v2\/pages\/219\/revisions\/1480"}],"wp:attachment":[{"href":"https:\/\/weltlaeden.de\/bensheim\/wp-json\/wp\/v2\/media?parent=219"}],"curies":[{"name":"wp","href":"https:\/\/api.w.org\/{rel}","templated":true}]}}