{"id":752,"date":"2025-11-19T16:41:16","date_gmt":"2025-11-19T15:41:16","guid":{"rendered":"https:\/\/weltlaeden.de\/barsinghausen\/?page_id=752"},"modified":"2025-11-24T11:45:22","modified_gmt":"2025-11-24T10:45:22","slug":"schuelerhilfe-im-senegal","status":"publish","type":"page","link":"https:\/\/weltlaeden.de\/barsinghausen\/schuelerhilfe-im-senegal\/","title":{"rendered":"Sch\u00fclerhilfe im Senegal"},"content":{"rendered":"<div class=\"wpb-content-wrapper\"><p>[vc_row][vc_column width=&#8220;1\/2&#8243;][vc_column_text css=&#8220;&#8220;]<strong>Sch\u00fclerhilfe SENEGAL<\/strong><\/p>\n<p>Die Sch\u00fclerhilfe Senegal unterst\u00fctzt den Bau und Unterhalt von Dorfschulen in der im S\u00fcdosten Senegals gelegenen Region Kedougou, dem Bassariland. Au\u00dferdem wird das Sch\u00fclerinternat in Salemata unterst\u00fctzt, wo die Kinder leben und lernen k\u00f6nnen, deren D\u00f6rfer weit entfernt liegen und die sonst keine h\u00f6here Schule besuchen k\u00f6nnten.<\/p>\n<p>Hierdurch kann eine gro\u00dfe Zahl von Sch\u00fclerinnen und Sch\u00fclern gef\u00f6rdert werden. Ausdr\u00fccklich werden auch Sch\u00fclerinnen einbezogen, denn bis heute sind Frauen dort stark benachteiligt. Auch sind immer noch 60 % der Senegalesen Analphabeten. Erst durch Schulabschl\u00fcssekann ein Beruf erlernt werden, z. B. KrankenpflegerIn, KleinunternehmerIn.<\/p>\n<p>Im S\u00fcdosten Senegals mit neu entdeckten Rohstoffen (Gold, Marmor und Eisen) entstanden infolge der Vernachl\u00e4ssigung dieser Region durch die Zentralregierung soziale Unruhen, denen begegnet werden kann &#8211; durch Schulbildung und Berufsausbildung.<\/p>\n<p>Unser Gr\u00fcndungsmitglied Dr. Ute Gierczynski-Bocand\u00e9 \u00fcbergibt die Spenden vor Ort und veranlasst Spendenquittungen durch den Eine-Welt-Laden Barsinghausen e.V. ihre Spende ist selbstverst\u00e4ndlich steuerlich voll abzugsf\u00e4hig.<\/p>\n<p><strong>Unser Spendenkonto: IBAN DE84 2519 0001 0220 6919 00<\/strong><\/p>\n<p>[\/vc_column_text][\/vc_column][vc_column width=&#8220;1\/2&#8243;]<div class=\"wl_einzelbild\"><p><img loading=\"lazy\" decoding=\"async\" class=\"alignnone size-medium wp-image-773\" src=\"https:\/\/weltlaeden.de\/barsinghausen\/wp-content\/uploads\/sites\/235\/2025\/11\/IMG_0035-scaled-e1763980850911-300x146.jpeg\" alt=\"\" width=\"300\" height=\"146\" srcset=\"https:\/\/weltlaeden.de\/barsinghausen\/wp-content\/uploads\/sites\/235\/2025\/11\/IMG_0035-scaled-e1763980850911-300x146.jpeg 300w, https:\/\/weltlaeden.de\/barsinghausen\/wp-content\/uploads\/sites\/235\/2025\/11\/IMG_0035-scaled-e1763980850911-1024x500.jpeg 1024w, https:\/\/weltlaeden.de\/barsinghausen\/wp-content\/uploads\/sites\/235\/2025\/11\/IMG_0035-scaled-e1763980850911-768x375.jpeg 768w, https:\/\/weltlaeden.de\/barsinghausen\/wp-content\/uploads\/sites\/235\/2025\/11\/IMG_0035-scaled-e1763980850911-1536x750.jpeg 1536w, https:\/\/weltlaeden.de\/barsinghausen\/wp-content\/uploads\/sites\/235\/2025\/11\/IMG_0035-scaled-e1763980850911-2048x999.jpeg 2048w\" sizes=\"auto, (max-width: 300px) 100vw, 300px\" \/><img loading=\"lazy\" decoding=\"async\" class=\"alignnone size-medium wp-image-776\" src=\"https:\/\/weltlaeden.de\/barsinghausen\/wp-content\/uploads\/sites\/235\/2025\/11\/IMG_0039-scaled-e1763980973939-300x207.jpeg\" alt=\"\" width=\"300\" height=\"207\" srcset=\"https:\/\/weltlaeden.de\/barsinghausen\/wp-content\/uploads\/sites\/235\/2025\/11\/IMG_0039-scaled-e1763980973939-300x207.jpeg 300w, https:\/\/weltlaeden.de\/barsinghausen\/wp-content\/uploads\/sites\/235\/2025\/11\/IMG_0039-scaled-e1763980973939-1024x705.jpeg 1024w, https:\/\/weltlaeden.de\/barsinghausen\/wp-content\/uploads\/sites\/235\/2025\/11\/IMG_0039-scaled-e1763980973939-768x529.jpeg 768w, https:\/\/weltlaeden.de\/barsinghausen\/wp-content\/uploads\/sites\/235\/2025\/11\/IMG_0039-scaled-e1763980973939-1536x1058.jpeg 1536w, https:\/\/weltlaeden.de\/barsinghausen\/wp-content\/uploads\/sites\/235\/2025\/11\/IMG_0039-scaled-e1763980973939-2048x1410.jpeg 2048w\" sizes=\"auto, (max-width: 300px) 100vw, 300px\" \/><img loading=\"lazy\" decoding=\"async\" class=\"alignnone size-medium wp-image-779\" src=\"https:\/\/weltlaeden.de\/barsinghausen\/wp-content\/uploads\/sites\/235\/2025\/11\/IMG_0043-scaled-e1763981088731-300x200.jpeg\" alt=\"\" width=\"300\" height=\"200\" srcset=\"https:\/\/weltlaeden.de\/barsinghausen\/wp-content\/uploads\/sites\/235\/2025\/11\/IMG_0043-scaled-e1763981088731-300x200.jpeg 300w, https:\/\/weltlaeden.de\/barsinghausen\/wp-content\/uploads\/sites\/235\/2025\/11\/IMG_0043-scaled-e1763981088731-1024x681.jpeg 1024w, https:\/\/weltlaeden.de\/barsinghausen\/wp-content\/uploads\/sites\/235\/2025\/11\/IMG_0043-scaled-e1763981088731-768x511.jpeg 768w, https:\/\/weltlaeden.de\/barsinghausen\/wp-content\/uploads\/sites\/235\/2025\/11\/IMG_0043-scaled-e1763981088731-1536x1022.jpeg 1536w, https:\/\/weltlaeden.de\/barsinghausen\/wp-content\/uploads\/sites\/235\/2025\/11\/IMG_0043-scaled-e1763981088731-2048x1362.jpeg 2048w\" sizes=\"auto, (max-width: 300px) 100vw, 300px\" \/><\/p><\/div>[\/vc_column][\/vc_row]<\/p>\n<\/div>","protected":false},"excerpt":{"rendered":"<p>[vc_row][vc_column width=&#8220;1\/2&#8243;][vc_column_text css=&#8220;&#8220;]Sch\u00fclerhilfe SENEGAL Die Sch\u00fclerhilfe Senegal unterst\u00fctzt den Bau und Unterhalt von Dorfschulen in der im S\u00fcdosten Senegals gelegenen Region Kedougou, dem Bassariland. Au\u00dferdem wird das Sch\u00fclerinternat in Salemata unterst\u00fctzt, wo die Kinder leben und lernen k\u00f6nnen, deren D\u00f6rfer weit entfernt liegen und die sonst keine h\u00f6here Schule besuchen k\u00f6nnten. Hierdurch kann eine gro\u00dfe&hellip;<\/p>\n","protected":false},"author":348,"featured_media":0,"parent":0,"menu_order":0,"comment_status":"closed","ping_status":"closed","template":"","meta":{"footnotes":""},"class_list":["post-752","page","type-page","status-publish","hentry","description-off"],"yoast_head":"<!-- This site is optimized with the Yoast SEO plugin v26.8 - https:\/\/yoast.com\/product\/yoast-seo-wordpress\/ -->\n<title>Sch\u00fclerhilfe im Senegal - Weltladen Barsinghausen<\/title>\n<meta name=\"robots\" content=\"index, follow, max-snippet:-1, max-image-preview:large, max-video-preview:-1\" \/>\n<link rel=\"canonical\" href=\"https:\/\/weltlaeden.de\/barsinghausen\/schuelerhilfe-im-senegal\/\" \/>\n<meta property=\"og:locale\" content=\"de_DE\" \/>\n<meta property=\"og:type\" content=\"article\" \/>\n<meta property=\"og:title\" content=\"Sch\u00fclerhilfe im Senegal - Weltladen Barsinghausen\" \/>\n<meta property=\"og:description\" content=\"[vc_row][vc_column width=&#8220;1\/2&#8243;][vc_column_text css=&#8220;&#8220;]Sch\u00fclerhilfe SENEGAL Die Sch\u00fclerhilfe Senegal unterst\u00fctzt den Bau und Unterhalt von Dorfschulen in der im S\u00fcdosten Senegals gelegenen Region Kedougou, dem Bassariland. Au\u00dferdem wird das Sch\u00fclerinternat in Salemata unterst\u00fctzt, wo die Kinder leben und lernen k\u00f6nnen, deren D\u00f6rfer weit entfernt liegen und die sonst keine h\u00f6here Schule besuchen k\u00f6nnten. Hierdurch kann eine gro\u00dfe&hellip;\" \/>\n<meta property=\"og:url\" content=\"https:\/\/weltlaeden.de\/barsinghausen\/schuelerhilfe-im-senegal\/\" \/>\n<meta property=\"og:site_name\" content=\"Weltladen Barsinghausen\" \/>\n<meta property=\"article:modified_time\" content=\"2025-11-24T10:45:22+00:00\" \/>\n<meta property=\"og:image\" content=\"https:\/\/weltlaeden.de\/barsinghausen\/wp-content\/uploads\/sites\/235\/2025\/11\/IMG_0035-scaled-e1763980850911.jpeg\" \/>\n\t<meta property=\"og:image:width\" content=\"2500\" \/>\n\t<meta property=\"og:image:height\" content=\"1220\" \/>\n\t<meta property=\"og:image:type\" content=\"image\/jpeg\" \/>\n<meta name=\"twitter:card\" content=\"summary_large_image\" \/>\n<meta name=\"twitter:label1\" content=\"Gesch\u00e4tzte Lesezeit\" \/>\n\t<meta name=\"twitter:data1\" content=\"2\u00a0Minuten\" \/>\n<script type=\"application\/ld+json\" class=\"yoast-schema-graph\">{\"@context\":\"https:\/\/schema.org\",\"@graph\":[{\"@type\":\"WebPage\",\"@id\":\"https:\/\/weltlaeden.de\/barsinghausen\/schuelerhilfe-im-senegal\/\",\"url\":\"https:\/\/weltlaeden.de\/barsinghausen\/schuelerhilfe-im-senegal\/\",\"name\":\"Sch\u00fclerhilfe im Senegal - Weltladen Barsinghausen\",\"isPartOf\":{\"@id\":\"https:\/\/weltlaeden.de\/barsinghausen\/#website\"},\"primaryImageOfPage\":{\"@id\":\"https:\/\/weltlaeden.de\/barsinghausen\/schuelerhilfe-im-senegal\/#primaryimage\"},\"image\":{\"@id\":\"https:\/\/weltlaeden.de\/barsinghausen\/schuelerhilfe-im-senegal\/#primaryimage\"},\"thumbnailUrl\":\"https:\/\/weltlaeden.de\/barsinghausen\/wp-content\/uploads\/sites\/235\/2025\/11\/IMG_0035-scaled-e1763980850911-300x146.jpeg\",\"datePublished\":\"2025-11-19T15:41:16+00:00\",\"dateModified\":\"2025-11-24T10:45:22+00:00\",\"breadcrumb\":{\"@id\":\"https:\/\/weltlaeden.de\/barsinghausen\/schuelerhilfe-im-senegal\/#breadcrumb\"},\"inLanguage\":\"de\",\"potentialAction\":[{\"@type\":\"ReadAction\",\"target\":[\"https:\/\/weltlaeden.de\/barsinghausen\/schuelerhilfe-im-senegal\/\"]}]},{\"@type\":\"ImageObject\",\"inLanguage\":\"de\",\"@id\":\"https:\/\/weltlaeden.de\/barsinghausen\/schuelerhilfe-im-senegal\/#primaryimage\",\"url\":\"https:\/\/weltlaeden.de\/barsinghausen\/wp-content\/uploads\/sites\/235\/2025\/11\/IMG_0035-scaled-e1763980850911.jpeg\",\"contentUrl\":\"https:\/\/weltlaeden.de\/barsinghausen\/wp-content\/uploads\/sites\/235\/2025\/11\/IMG_0035-scaled-e1763980850911.jpeg\",\"width\":2500,\"height\":1220},{\"@type\":\"BreadcrumbList\",\"@id\":\"https:\/\/weltlaeden.de\/barsinghausen\/schuelerhilfe-im-senegal\/#breadcrumb\",\"itemListElement\":[{\"@type\":\"ListItem\",\"position\":1,\"name\":\"Startseite\",\"item\":\"https:\/\/weltlaeden.de\/barsinghausen\/\"},{\"@type\":\"ListItem\",\"position\":2,\"name\":\"Sch\u00fclerhilfe im Senegal\"}]},{\"@type\":\"WebSite\",\"@id\":\"https:\/\/weltlaeden.de\/barsinghausen\/#website\",\"url\":\"https:\/\/weltlaeden.de\/barsinghausen\/\",\"name\":\"Weltladen Barsinghausen\",\"description\":\"Faire Produkte seit 1990\",\"potentialAction\":[{\"@type\":\"SearchAction\",\"target\":{\"@type\":\"EntryPoint\",\"urlTemplate\":\"https:\/\/weltlaeden.de\/barsinghausen\/?s={search_term_string}\"},\"query-input\":{\"@type\":\"PropertyValueSpecification\",\"valueRequired\":true,\"valueName\":\"search_term_string\"}}],\"inLanguage\":\"de\"}]}<\/script>\n<!-- \/ Yoast SEO plugin. -->","yoast_head_json":{"title":"Sch\u00fclerhilfe im Senegal - Weltladen Barsinghausen","robots":{"index":"index","follow":"follow","max-snippet":"max-snippet:-1","max-image-preview":"max-image-preview:large","max-video-preview":"max-video-preview:-1"},"canonical":"https:\/\/weltlaeden.de\/barsinghausen\/schuelerhilfe-im-senegal\/","og_locale":"de_DE","og_type":"article","og_title":"Sch\u00fclerhilfe im Senegal - Weltladen Barsinghausen","og_description":"[vc_row][vc_column width=&#8220;1\/2&#8243;][vc_column_text css=&#8220;&#8220;]Sch\u00fclerhilfe SENEGAL Die Sch\u00fclerhilfe Senegal unterst\u00fctzt den Bau und Unterhalt von Dorfschulen in der im S\u00fcdosten Senegals gelegenen Region Kedougou, dem Bassariland. Au\u00dferdem wird das Sch\u00fclerinternat in Salemata unterst\u00fctzt, wo die Kinder leben und lernen k\u00f6nnen, deren D\u00f6rfer weit entfernt liegen und die sonst keine h\u00f6here Schule besuchen k\u00f6nnten. Hierdurch kann eine gro\u00dfe&hellip;","og_url":"https:\/\/weltlaeden.de\/barsinghausen\/schuelerhilfe-im-senegal\/","og_site_name":"Weltladen Barsinghausen","article_modified_time":"2025-11-24T10:45:22+00:00","og_image":[{"width":2500,"height":1220,"url":"https:\/\/weltlaeden.de\/barsinghausen\/wp-content\/uploads\/sites\/235\/2025\/11\/IMG_0035-scaled-e1763980850911.jpeg","type":"image\/jpeg"}],"twitter_card":"summary_large_image","twitter_misc":{"Gesch\u00e4tzte Lesezeit":"2\u00a0Minuten"},"schema":{"@context":"https:\/\/schema.org","@graph":[{"@type":"WebPage","@id":"https:\/\/weltlaeden.de\/barsinghausen\/schuelerhilfe-im-senegal\/","url":"https:\/\/weltlaeden.de\/barsinghausen\/schuelerhilfe-im-senegal\/","name":"Sch\u00fclerhilfe im Senegal - Weltladen Barsinghausen","isPartOf":{"@id":"https:\/\/weltlaeden.de\/barsinghausen\/#website"},"primaryImageOfPage":{"@id":"https:\/\/weltlaeden.de\/barsinghausen\/schuelerhilfe-im-senegal\/#primaryimage"},"image":{"@id":"https:\/\/weltlaeden.de\/barsinghausen\/schuelerhilfe-im-senegal\/#primaryimage"},"thumbnailUrl":"https:\/\/weltlaeden.de\/barsinghausen\/wp-content\/uploads\/sites\/235\/2025\/11\/IMG_0035-scaled-e1763980850911-300x146.jpeg","datePublished":"2025-11-19T15:41:16+00:00","dateModified":"2025-11-24T10:45:22+00:00","breadcrumb":{"@id":"https:\/\/weltlaeden.de\/barsinghausen\/schuelerhilfe-im-senegal\/#breadcrumb"},"inLanguage":"de","potentialAction":[{"@type":"ReadAction","target":["https:\/\/weltlaeden.de\/barsinghausen\/schuelerhilfe-im-senegal\/"]}]},{"@type":"ImageObject","inLanguage":"de","@id":"https:\/\/weltlaeden.de\/barsinghausen\/schuelerhilfe-im-senegal\/#primaryimage","url":"https:\/\/weltlaeden.de\/barsinghausen\/wp-content\/uploads\/sites\/235\/2025\/11\/IMG_0035-scaled-e1763980850911.jpeg","contentUrl":"https:\/\/weltlaeden.de\/barsinghausen\/wp-content\/uploads\/sites\/235\/2025\/11\/IMG_0035-scaled-e1763980850911.jpeg","width":2500,"height":1220},{"@type":"BreadcrumbList","@id":"https:\/\/weltlaeden.de\/barsinghausen\/schuelerhilfe-im-senegal\/#breadcrumb","itemListElement":[{"@type":"ListItem","position":1,"name":"Startseite","item":"https:\/\/weltlaeden.de\/barsinghausen\/"},{"@type":"ListItem","position":2,"name":"Sch\u00fclerhilfe im Senegal"}]},{"@type":"WebSite","@id":"https:\/\/weltlaeden.de\/barsinghausen\/#website","url":"https:\/\/weltlaeden.de\/barsinghausen\/","name":"Weltladen Barsinghausen","description":"Faire Produkte seit 1990","potentialAction":[{"@type":"SearchAction","target":{"@type":"EntryPoint","urlTemplate":"https:\/\/weltlaeden.de\/barsinghausen\/?s={search_term_string}"},"query-input":{"@type":"PropertyValueSpecification","valueRequired":true,"valueName":"search_term_string"}}],"inLanguage":"de"}]}},"_links":{"self":[{"href":"https:\/\/weltlaeden.de\/barsinghausen\/wp-json\/wp\/v2\/pages\/752","targetHints":{"allow":["GET"]}}],"collection":[{"href":"https:\/\/weltlaeden.de\/barsinghausen\/wp-json\/wp\/v2\/pages"}],"about":[{"href":"https:\/\/weltlaeden.de\/barsinghausen\/wp-json\/wp\/v2\/types\/page"}],"author":[{"embeddable":true,"href":"https:\/\/weltlaeden.de\/barsinghausen\/wp-json\/wp\/v2\/users\/348"}],"replies":[{"embeddable":true,"href":"https:\/\/weltlaeden.de\/barsinghausen\/wp-json\/wp\/v2\/comments?post=752"}],"version-history":[{"count":4,"href":"https:\/\/weltlaeden.de\/barsinghausen\/wp-json\/wp\/v2\/pages\/752\/revisions"}],"predecessor-version":[{"id":787,"href":"https:\/\/weltlaeden.de\/barsinghausen\/wp-json\/wp\/v2\/pages\/752\/revisions\/787"}],"wp:attachment":[{"href":"https:\/\/weltlaeden.de\/barsinghausen\/wp-json\/wp\/v2\/media?parent=752"}],"curies":[{"name":"wp","href":"https:\/\/api.w.org\/{rel}","templated":true}]}}