{"id":742,"date":"2025-11-19T16:15:12","date_gmt":"2025-11-19T15:15:12","guid":{"rendered":"https:\/\/weltlaeden.de\/barsinghausen\/?page_id=742"},"modified":"2025-11-19T16:15:12","modified_gmt":"2025-11-19T15:15:12","slug":"volkskueche-san-calixto-in-bolivien","status":"publish","type":"page","link":"https:\/\/weltlaeden.de\/barsinghausen\/volkskueche-san-calixto-in-bolivien\/","title":{"rendered":"Volksk\u00fcche San Calixto in Bolivien"},"content":{"rendered":"<div class=\"wpb-content-wrapper\"><p>[vc_row][vc_column][vc_column_text css=&#8220;&#8220;]<strong>Volksk\u00fcche San Calixto in Bolivien<\/strong><\/p>\n<p>Die Volksk\u00fcche oder auch &#8222;Comedor popular San Calixto&#8220; verdankt ihre Gr\u00fcndung im Jahr 1985 der Schlie\u00dfung der Zinnminen Boliviens, nachdem der Weltmarktpreis f\u00fcr Zinn dramatisch eingebrochen war. Tausende von Bergarbeitern (&#8222;Mineros&#8220;) verloren \u00fcber Nacht ihre Existenz und zogen mit ihren Familien auf der Suche nach Arbeit und Brot nach La Paz. Die Volksk\u00fcche war damals eine der ersten Anlaufadressen und bot Hilfe. Bis heute leistet sie aus dieser Tradition Unterst\u00fctzung gegen Hunger, Armut und Elend und bietet eine Perspektive f\u00fcr ein Leben in W\u00fcrde. Waren es damals die Familien der verelenden Bergarbeiter, die Hilfe erfuhren, sind es heutzutage die Marginalisierten der bolivianischen Gesellschaft, f\u00fcr die die Volksk\u00fcche im Zentrum von La Paz Anlaufpunkt ist: Arme, Alte, alleinerziehende M\u00fctter, Behinderte, Arbeitslose, Alleinstehende, Drogenabh\u00e4ngige, elternlose Kinder etc.<\/p>\n<p><strong>Unser Spendenkonto: DE84 2519 0001 0220 6919 00<\/strong><\/p>\n<p>[\/vc_column_text][\/vc_column][\/vc_row]<\/p>\n<\/div>","protected":false},"excerpt":{"rendered":"<p>[vc_row][vc_column][vc_column_text css=&#8220;&#8220;]Volksk\u00fcche San Calixto in Bolivien Die Volksk\u00fcche oder auch &#8222;Comedor popular San Calixto&#8220; verdankt ihre Gr\u00fcndung im Jahr 1985 der Schlie\u00dfung der Zinnminen Boliviens, nachdem der Weltmarktpreis f\u00fcr Zinn dramatisch eingebrochen war. Tausende von Bergarbeitern (&#8222;Mineros&#8220;) verloren \u00fcber Nacht ihre Existenz und zogen mit ihren Familien auf der Suche nach Arbeit und Brot nach&hellip;<\/p>\n","protected":false},"author":348,"featured_media":0,"parent":0,"menu_order":0,"comment_status":"closed","ping_status":"closed","template":"","meta":{"footnotes":""},"class_list":["post-742","page","type-page","status-publish","hentry","description-off"],"yoast_head":"<!-- This site is optimized with the Yoast SEO plugin v26.8 - https:\/\/yoast.com\/product\/yoast-seo-wordpress\/ -->\n<title>Volksk\u00fcche San Calixto in Bolivien - Weltladen Barsinghausen<\/title>\n<meta name=\"robots\" content=\"index, follow, max-snippet:-1, max-image-preview:large, max-video-preview:-1\" \/>\n<link rel=\"canonical\" href=\"https:\/\/weltlaeden.de\/barsinghausen\/volkskueche-san-calixto-in-bolivien\/\" \/>\n<meta property=\"og:locale\" content=\"de_DE\" \/>\n<meta property=\"og:type\" content=\"article\" \/>\n<meta property=\"og:title\" content=\"Volksk\u00fcche San Calixto in Bolivien - Weltladen Barsinghausen\" \/>\n<meta property=\"og:description\" content=\"[vc_row][vc_column][vc_column_text css=&#8220;&#8220;]Volksk\u00fcche San Calixto in Bolivien Die Volksk\u00fcche oder auch &#8222;Comedor popular San Calixto&#8220; verdankt ihre Gr\u00fcndung im Jahr 1985 der Schlie\u00dfung der Zinnminen Boliviens, nachdem der Weltmarktpreis f\u00fcr Zinn dramatisch eingebrochen war. Tausende von Bergarbeitern (&#8222;Mineros&#8220;) verloren \u00fcber Nacht ihre Existenz und zogen mit ihren Familien auf der Suche nach Arbeit und Brot nach&hellip;\" \/>\n<meta property=\"og:url\" content=\"https:\/\/weltlaeden.de\/barsinghausen\/volkskueche-san-calixto-in-bolivien\/\" \/>\n<meta property=\"og:site_name\" content=\"Weltladen Barsinghausen\" \/>\n<meta name=\"twitter:card\" content=\"summary_large_image\" \/>\n<meta name=\"twitter:label1\" content=\"Gesch\u00e4tzte Lesezeit\" \/>\n\t<meta name=\"twitter:data1\" content=\"1\u00a0Minute\" \/>\n<script type=\"application\/ld+json\" class=\"yoast-schema-graph\">{\"@context\":\"https:\/\/schema.org\",\"@graph\":[{\"@type\":\"WebPage\",\"@id\":\"https:\/\/weltlaeden.de\/barsinghausen\/volkskueche-san-calixto-in-bolivien\/\",\"url\":\"https:\/\/weltlaeden.de\/barsinghausen\/volkskueche-san-calixto-in-bolivien\/\",\"name\":\"Volksk\u00fcche San Calixto in Bolivien - Weltladen Barsinghausen\",\"isPartOf\":{\"@id\":\"https:\/\/weltlaeden.de\/barsinghausen\/#website\"},\"datePublished\":\"2025-11-19T15:15:12+00:00\",\"breadcrumb\":{\"@id\":\"https:\/\/weltlaeden.de\/barsinghausen\/volkskueche-san-calixto-in-bolivien\/#breadcrumb\"},\"inLanguage\":\"de\",\"potentialAction\":[{\"@type\":\"ReadAction\",\"target\":[\"https:\/\/weltlaeden.de\/barsinghausen\/volkskueche-san-calixto-in-bolivien\/\"]}]},{\"@type\":\"BreadcrumbList\",\"@id\":\"https:\/\/weltlaeden.de\/barsinghausen\/volkskueche-san-calixto-in-bolivien\/#breadcrumb\",\"itemListElement\":[{\"@type\":\"ListItem\",\"position\":1,\"name\":\"Startseite\",\"item\":\"https:\/\/weltlaeden.de\/barsinghausen\/\"},{\"@type\":\"ListItem\",\"position\":2,\"name\":\"Volksk\u00fcche San Calixto in Bolivien\"}]},{\"@type\":\"WebSite\",\"@id\":\"https:\/\/weltlaeden.de\/barsinghausen\/#website\",\"url\":\"https:\/\/weltlaeden.de\/barsinghausen\/\",\"name\":\"Weltladen Barsinghausen\",\"description\":\"Faire Produkte seit 1990\",\"potentialAction\":[{\"@type\":\"SearchAction\",\"target\":{\"@type\":\"EntryPoint\",\"urlTemplate\":\"https:\/\/weltlaeden.de\/barsinghausen\/?s={search_term_string}\"},\"query-input\":{\"@type\":\"PropertyValueSpecification\",\"valueRequired\":true,\"valueName\":\"search_term_string\"}}],\"inLanguage\":\"de\"}]}<\/script>\n<!-- \/ Yoast SEO plugin. -->","yoast_head_json":{"title":"Volksk\u00fcche San Calixto in Bolivien - Weltladen Barsinghausen","robots":{"index":"index","follow":"follow","max-snippet":"max-snippet:-1","max-image-preview":"max-image-preview:large","max-video-preview":"max-video-preview:-1"},"canonical":"https:\/\/weltlaeden.de\/barsinghausen\/volkskueche-san-calixto-in-bolivien\/","og_locale":"de_DE","og_type":"article","og_title":"Volksk\u00fcche San Calixto in Bolivien - Weltladen Barsinghausen","og_description":"[vc_row][vc_column][vc_column_text css=&#8220;&#8220;]Volksk\u00fcche San Calixto in Bolivien Die Volksk\u00fcche oder auch &#8222;Comedor popular San Calixto&#8220; verdankt ihre Gr\u00fcndung im Jahr 1985 der Schlie\u00dfung der Zinnminen Boliviens, nachdem der Weltmarktpreis f\u00fcr Zinn dramatisch eingebrochen war. Tausende von Bergarbeitern (&#8222;Mineros&#8220;) verloren \u00fcber Nacht ihre Existenz und zogen mit ihren Familien auf der Suche nach Arbeit und Brot nach&hellip;","og_url":"https:\/\/weltlaeden.de\/barsinghausen\/volkskueche-san-calixto-in-bolivien\/","og_site_name":"Weltladen Barsinghausen","twitter_card":"summary_large_image","twitter_misc":{"Gesch\u00e4tzte Lesezeit":"1\u00a0Minute"},"schema":{"@context":"https:\/\/schema.org","@graph":[{"@type":"WebPage","@id":"https:\/\/weltlaeden.de\/barsinghausen\/volkskueche-san-calixto-in-bolivien\/","url":"https:\/\/weltlaeden.de\/barsinghausen\/volkskueche-san-calixto-in-bolivien\/","name":"Volksk\u00fcche San Calixto in Bolivien - Weltladen Barsinghausen","isPartOf":{"@id":"https:\/\/weltlaeden.de\/barsinghausen\/#website"},"datePublished":"2025-11-19T15:15:12+00:00","breadcrumb":{"@id":"https:\/\/weltlaeden.de\/barsinghausen\/volkskueche-san-calixto-in-bolivien\/#breadcrumb"},"inLanguage":"de","potentialAction":[{"@type":"ReadAction","target":["https:\/\/weltlaeden.de\/barsinghausen\/volkskueche-san-calixto-in-bolivien\/"]}]},{"@type":"BreadcrumbList","@id":"https:\/\/weltlaeden.de\/barsinghausen\/volkskueche-san-calixto-in-bolivien\/#breadcrumb","itemListElement":[{"@type":"ListItem","position":1,"name":"Startseite","item":"https:\/\/weltlaeden.de\/barsinghausen\/"},{"@type":"ListItem","position":2,"name":"Volksk\u00fcche San Calixto in Bolivien"}]},{"@type":"WebSite","@id":"https:\/\/weltlaeden.de\/barsinghausen\/#website","url":"https:\/\/weltlaeden.de\/barsinghausen\/","name":"Weltladen Barsinghausen","description":"Faire Produkte seit 1990","potentialAction":[{"@type":"SearchAction","target":{"@type":"EntryPoint","urlTemplate":"https:\/\/weltlaeden.de\/barsinghausen\/?s={search_term_string}"},"query-input":{"@type":"PropertyValueSpecification","valueRequired":true,"valueName":"search_term_string"}}],"inLanguage":"de"}]}},"_links":{"self":[{"href":"https:\/\/weltlaeden.de\/barsinghausen\/wp-json\/wp\/v2\/pages\/742","targetHints":{"allow":["GET"]}}],"collection":[{"href":"https:\/\/weltlaeden.de\/barsinghausen\/wp-json\/wp\/v2\/pages"}],"about":[{"href":"https:\/\/weltlaeden.de\/barsinghausen\/wp-json\/wp\/v2\/types\/page"}],"author":[{"embeddable":true,"href":"https:\/\/weltlaeden.de\/barsinghausen\/wp-json\/wp\/v2\/users\/348"}],"replies":[{"embeddable":true,"href":"https:\/\/weltlaeden.de\/barsinghausen\/wp-json\/wp\/v2\/comments?post=742"}],"version-history":[{"count":1,"href":"https:\/\/weltlaeden.de\/barsinghausen\/wp-json\/wp\/v2\/pages\/742\/revisions"}],"predecessor-version":[{"id":743,"href":"https:\/\/weltlaeden.de\/barsinghausen\/wp-json\/wp\/v2\/pages\/742\/revisions\/743"}],"wp:attachment":[{"href":"https:\/\/weltlaeden.de\/barsinghausen\/wp-json\/wp\/v2\/media?parent=742"}],"curies":[{"name":"wp","href":"https:\/\/api.w.org\/{rel}","templated":true}]}}

Volksküche San Calixto in Bolivien

<div class="wpb-content-wrapper"><p>[vc_row][vc_column][vc_column_text css=&#8220;&#8220;]<strong>Volksküche San Calixto in Bolivien</strong></p>
<p>Die Volksküche oder auch &#8222;Comedor popular San Calixto&#8220; verdankt ihre Gründung im Jahr 1985 der Schließung der Zinnminen Boliviens, nachdem der Weltmarktpreis für Zinn dramatisch eingebrochen war. Tausende von Bergarbeitern (&#8222;Mineros&#8220;) verloren über Nacht ihre Existenz und zogen mit ihren Familien auf der Suche nach Arbeit und Brot nach La Paz. Die Volksküche war damals eine der ersten Anlaufadressen und bot Hilfe. Bis heute leistet sie aus dieser Tradition Unterstützung gegen Hunger, Armut und Elend und bietet eine Perspektive für ein Leben in Würde. Waren es damals die Familien der verelenden Bergarbeiter, die Hilfe erfuhren, sind es heutzutage die Marginalisierten der bolivianischen Gesellschaft, für die die Volksküche im Zentrum von La Paz Anlaufpunkt ist: Arme, Alte, alleinerziehende Mütter, Behinderte, Arbeitslose, Alleinstehende, Drogenabhängige, elternlose Kinder etc.</p>
<p><strong>Unser Spendenkonto: DE84 2519 0001 0220 6919 00</strong></p>
<p>[/vc_column_text][/vc_column][/vc_row]</p>
</div>

<p>[vc_row][vc_column][vc_column_text css=&#8220;&#8220;]Volksküche San Calixto in Bolivien Die Volksküche oder auch &#8222;Comedor popular San Calixto&#8220; verdankt ihre Gründung im Jahr 1985 der Schließung der Zinnminen Boliviens, nachdem der Weltmarktpreis für Zinn dramatisch eingebrochen war. Tausende von Bergarbeitern (&#8222;Mineros&#8220;) verloren über Nacht ihre Existenz und zogen mit ihren Familien auf der Suche nach Arbeit und Brot nach&hellip;</p>

<!-- This site is optimized with the Yoast SEO plugin v26.8 - https://yoast.com/product/yoast-seo-wordpress/ -->
<title>Volksküche San Calixto in Bolivien - Weltladen Barsinghausen</title>
<meta name="robots" content="index, follow, max-snippet:-1, max-image-preview:large, max-video-preview:-1" />
<link rel="canonical" href="https://weltlaeden.de/barsinghausen/volkskueche-san-calixto-in-bolivien/" />
<meta property="og:locale" content="de_DE" />
<meta property="og:type" content="article" />
<meta property="og:title" content="Volksküche San Calixto in Bolivien - Weltladen Barsinghausen" />
<meta property="og:description" content="[vc_row][vc_column][vc_column_text css=&#8220;&#8220;]Volksküche San Calixto in Bolivien Die Volksküche oder auch &#8222;Comedor popular San Calixto&#8220; verdankt ihre Gründung im Jahr 1985 der Schließung der Zinnminen Boliviens, nachdem der Weltmarktpreis für Zinn dramatisch eingebrochen war. Tausende von Bergarbeitern (&#8222;Mineros&#8220;) verloren über Nacht ihre Existenz und zogen mit ihren Familien auf der Suche nach Arbeit und Brot nach&hellip;" />
<meta property="og:url" content="https://weltlaeden.de/barsinghausen/volkskueche-san-calixto-in-bolivien/" />
<meta property="og:site_name" content="Weltladen Barsinghausen" />
<meta name="twitter:card" content="summary_large_image" />
<meta name="twitter:label1" content="Geschätzte Lesezeit" />
	<meta name="twitter:data1" content="1 Minute" />
<script type="application/ld+json" class="yoast-schema-graph">{"@context":"https://schema.org","@graph":[{"@type":"WebPage","@id":"https://weltlaeden.de/barsinghausen/volkskueche-san-calixto-in-bolivien/","url":"https://weltlaeden.de/barsinghausen/volkskueche-san-calixto-in-bolivien/","name":"Volksküche San Calixto in Bolivien - Weltladen Barsinghausen","isPartOf":{"@id":"https://weltlaeden.de/barsinghausen/#website"},"datePublished":"2025-11-19T15:15:12+00:00","breadcrumb":{"@id":"https://weltlaeden.de/barsinghausen/volkskueche-san-calixto-in-bolivien/#breadcrumb"},"inLanguage":"de","potentialAction":[{"@type":"ReadAction","target":["https://weltlaeden.de/barsinghausen/volkskueche-san-calixto-in-bolivien/"]}]},{"@type":"BreadcrumbList","@id":"https://weltlaeden.de/barsinghausen/volkskueche-san-calixto-in-bolivien/#breadcrumb","itemListElement":[{"@type":"ListItem","position":1,"name":"Startseite","item":"https://weltlaeden.de/barsinghausen/"},{"@type":"ListItem","position":2,"name":"Volksküche San Calixto in Bolivien"}]},{"@type":"WebSite","@id":"https://weltlaeden.de/barsinghausen/#website","url":"https://weltlaeden.de/barsinghausen/","name":"Weltladen Barsinghausen","description":"Faire Produkte seit 1990","potentialAction":[{"@type":"SearchAction","target":{"@type":"EntryPoint","urlTemplate":"https://weltlaeden.de/barsinghausen/?s={search_term_string}"},"query-input":{"@type":"PropertyValueSpecification","valueRequired":true,"valueName":"search_term_string"}}],"inLanguage":"de"}]}</script>
<!-- / Yoast SEO plugin. -->

Volksküche San Calixto in Bolivien - Weltladen Barsinghausen

[vc_row][vc_column][vc_column_text css=&#8220;&#8220;]Volksküche San Calixto in Bolivien Die Volksküche oder auch &#8222;Comedor popular San Calixto&#8220; verdankt ihre Gründung im Jahr 1985 der Schließung der Zinnminen Boliviens, nachdem der Weltmarktpreis für Zinn dramatisch eingebrochen war. Tausende von Bergarbeitern (&#8222;Mineros&#8220;) verloren über Nacht ihre Existenz und zogen mit ihren Familien auf der Suche nach Arbeit und Brot nach&hellip;
