{"id":23,"date":"2016-10-14T09:05:21","date_gmt":"2016-10-14T07:05:21","guid":{"rendered":"https:\/\/wl.heimpixel.de\/vorlage\/termine\/"},"modified":"2023-03-06T11:22:37","modified_gmt":"2023-03-06T10:22:37","slug":"termine","status":"publish","type":"page","link":"https:\/\/weltlaeden.de\/badwildungen\/termine\/","title":{"rendered":"Termine und Aktuelles"},"content":{"rendered":"<div class=\"wpb-content-wrapper\"><p>[vc_row][vc_column]<div class=\"wl_einzelbild\"><p><img loading=\"lazy\" decoding=\"async\" class=\"aligncenter size-full wp-image-nsm-3-33\" src=\"https:\/\/weltlaeden.de\/badwildungen\/wp-content\/uploads\/sites\/3\/2018\/07\/pocket-watch-1637396_1920_pixabay.png\" alt=\"\" width=\"787\" height=\"340\" \/><\/p><\/div>[vc_empty_space height=&#8220;30px&#8220;][vc_column_text]<\/p>\n<h1>Termine<\/h1>\n<h4><\/h4>\n<p>[\/vc_column_text][vc_empty_space height=&#8220;30px&#8220;][\/vc_column][\/vc_row][vc_row][vc_column width=&#8220;2\/3&#8243;][vc_column_text]<\/p>\n<h2>Kommende Termine<\/h2>\n<p>[\/vc_column_text]<ul class=\"termine-page current aktuell\">[vc_empty_space height=&#8220;30px&#8220;][vc_column_text]<\/p>\n<h2>Vergangene Termine<\/h2>\n<p>[\/vc_column_text]<ul class=\"termine-page past vergangen\"><li><h5 class=\"termine-titel\"><a href=\"https:\/\/weltlaeden.de\/badwildungen\/termin\/1494\/\">Multivisionsshow &#8222;Die Weltreise&#8220;<\/a><\/h5><p class=\"termine-date\">Di., 23.04.2024, 19:00<\/p><p class=\"termine-auszug\">Multivisionsshow \"Die Weltreise\", zu Fair-Trade-Produzenten, Naturwundern und Heiligt\u00fcmern. Pr\u00e4sentiert von lobOlmo: Jutta Ulmer und Micheal Wolfsteiner 23.4.24, 19.00 Uhr, Martin-Luther-Haus in Bad Wildungen<\/li><li><h5 class=\"termine-titel\"><a href=\"https:\/\/weltlaeden.de\/badwildungen\/termin\/multivisionsvortrag-schokolade-fair-naschen-mit-lobolmo-8-9-23-um-19-30-uhr\/\">Multivisionsvortrag &#8218;Schokolade fair naschen&#8216; mit lobOlmo 8.9.23<\/a><\/h5><p class=\"termine-date\">Fr., 08.09.2023, 19:30<\/p><p class=\"termine-auszug\">Vortrag mit anschlie\u00dfender Aussprache und Schokoladenverk\u00f6stigung. Multivisionsshow von Jutta Ulmer und Michael Wolfsteiner. Ein unterhaltsames Pl\u00e4doyer f\u00fcr mehr Gerechtigkeit im verf\u00fchrerischen Schoko-Naschereien-Gesch\u00e4ft. &nbsp; <a href=\"https:\/\/weltlaeden.de\/badwildungen\/termin\/multivisionsvortrag-schokolade-fair-naschen-mit-lobolmo-8-9-23-um-19-30-uhr\/#more-1442\" class=\"more-link\">(mehr\u00a0&hellip;)<\/a><p class=termine-ort\"><small>Ort: <i>Bad Wildungen Martin Luther Haus<\/i><\/small><\/p><\/li><li><h5 class=\"termine-titel\"><a href=\"https:\/\/weltlaeden.de\/badwildungen\/termin\/weltladentag-13-5-2023\/\">Weltladentag 13.5.2023<\/a><\/h5><p class=\"termine-date\">Sa., 13.05.2023, 10:00<\/p><p class=\"termine-auszug\">&nbsp; 53 Postkarten, die Wildunger B\u00fcrgerinnen und B\u00fcrger an unserem Aktionstag unterschrieben haben, haben wir an die EU-Abgeordneten aus Hessen geschickt,\u00a0 um ein starkes EU-Lieferkettengesetz einzufordern. An diesem Tag wollten wir mit einer<strong> \u00f6ffentlichenkeitswirksamen Aktion in der Fu\u00dfg\u00e4ngerzone Bad Wildungen auf das EU-Lieferkettengesetz aufmerksam machen, das am 30.5.23 im Europarlament<\/strong> <strong>abschlie\u00dfend diskutiert und verabschiedet werden sol<\/strong>l. Das deutsche Lieferkettengesetz, das am 1.1.23 in Kraft getreten ist, verpflichtet Unternehmen mit Sitz in Deutschland dazu, zu \u00fcberpr\u00fcfen, dass ihre Lieferanten weltweit Menschenrechte und Umweltstandards einhalten. Der Entwurf des EU-Lieferkettengesetzes\u00a0 sieht vor, dass die Sorgfaltspflichten der Unternehmer sich auf vorgelagerte und die nachgelagerte Wertsch\u00f6pfungskette beziehen. Vorgesehen ist auch - anders als im deutschen Lieferkettengesetz - eine zivilrechtliche Haftung bei Nicht-Einhaltung von Menschenrechten und Umweltstandards. Allerdings gab es auch hier Versuche, das Gesetz zu verw\u00e4ssern. Wir wollen mit einer Postkartenaktion, die an die EU-Abgeordneten aus Hessen adressiert sein sollen, den Abgeordneten unsere Forderungen nach [...] <a href=\"https:\/\/weltlaeden.de\/badwildungen\/termin\/weltladentag-13-5-2023\/\"><small>[WEITERLESEN]<\/small><\/a><\/p><\/li><li><h5 class=\"termine-titel\"><a href=\"https:\/\/weltlaeden.de\/badwildungen\/termin\/faire-woche-2023-15-29-9-2023\/\">Faire Woche 2023: 15.- 29.9.2023<\/a><\/h5><p class=\"termine-date\">So., 09.04.2023, 19:06<\/p><p class=\"termine-auszug\"><strong>Thema: Klimagerechtigkeit<\/strong> 2023 findet die Faire Woche unter dem Motto \"Fair. Und kein Grad mehr!\" statt. mehr lesen: <strong><a href=\"https:\/\/www.faire-woche.de\/faire-woche-2022\/jahresthema-1\">https:\/\/www.faire-woche.de\/faire-woche-2022\/jahresthema-1<\/a><\/strong><\/li><li><h5 class=\"termine-titel\"><a href=\"https:\/\/weltlaeden.de\/badwildungen\/termin\/es-geht-weiter\/\">Es geht weiter !<\/a><\/h5><p class=\"termine-date\">Mo., 06.03.2023, 13:30<\/p><p class=\"termine-auszug\">Auf den Hilferuf des Weltladens in der Zeitung, der die schwierige personelle und finanzielle Situation beschrieb, meldeteten sich etliche Personen, die Interesse an der Mitarbeit im Weltladenteam haben. Wir haben nun wieder neuen Mut und neue Ideen und deshalb entschieden weiterzumachen und hoffen auf mehr Pr\u00e4senz in der \u00d6ffentlichkeit und eine Umsatzsteigerung in diesem Jahr. Weiterhin sind alle Menschen willkommen, die sich f\u00fcr den Weltladen oder den fairen Handel engagieren wollen.<\/li><li><h5 class=\"termine-titel\"><a href=\"https:\/\/weltlaeden.de\/badwildungen\/termin\/der-weltladen-vor-dem-aus-weltladen-sucht-mitarbeiter\/\">Der Weltladen vor dem Aus? Weltladen sucht Mitarbeiter<\/a><\/h5><p class=\"termine-date\">Mo., 16.01.2023, 13:15<\/p><p class=\"termine-auszug\">Wegen pandemiebedingtem Umsatzr\u00fcckgang und hohem Alter der Engagierten im Weltladenteam ver\u00f6ffentlichte der Weltladen im Januar in der Zeitung einen Hilferuf. <a href=\"https:\/\/www.hna.de\/lokales\/frankenberg\/bad-wildungen-ort78074\/appell-wildunger-weltladen-retten-92028701.html\">https:\/\/www.hna.de\/lokales\/frankenberg\/bad-wildungen-ort78074\/appell-wildunger-weltladen-retten-92028701.html<\/a><\/li><li><h5 class=\"termine-titel\"><a href=\"https:\/\/weltlaeden.de\/badwildungen\/termin\/weltladentag-2020\/\">Weltladentag 2020<\/a><\/h5><p class=\"termine-date\">Sa., 09.05.2020<\/p><p class=\"termine-auszug\"><\/li><\/ul>[\/vc_column][\/vc_row]<\/p>\n<\/div>","protected":false},"excerpt":{"rendered":"<p>[vc_row][vc_column][vc_empty_space height=&#8220;30px&#8220;][vc_column_text] Termine [\/vc_column_text][vc_empty_space height=&#8220;30px&#8220;][\/vc_column][\/vc_row][vc_row][vc_column width=&#8220;2\/3&#8243;][vc_column_text] Kommende Termine [\/vc_column_text][vc_empty_space height=&#8220;30px&#8220;][vc_column_text] Vergangene Termine [\/vc_column_text][\/vc_column][\/vc_row]<\/p>\n","protected":false},"author":1,"featured_media":0,"parent":0,"menu_order":17,"comment_status":"closed","ping_status":"closed","template":"","meta":{"footnotes":""},"class_list":["post-23","page","type-page","status-publish","hentry","description-off"],"yoast_head":"<!-- This site is optimized with the Yoast SEO plugin v26.8 - https:\/\/yoast.com\/product\/yoast-seo-wordpress\/ -->\n<title>Termine und Aktuelles - Weltladen Bad Wildungen<\/title>\n<meta name=\"robots\" content=\"index, follow, max-snippet:-1, max-image-preview:large, max-video-preview:-1\" \/>\n<link rel=\"canonical\" href=\"https:\/\/weltlaeden.de\/badwildungen\/termine\/\" \/>\n<meta property=\"og:locale\" content=\"de_DE\" \/>\n<meta property=\"og:type\" content=\"article\" \/>\n<meta property=\"og:title\" content=\"Termine und Aktuelles - Weltladen Bad Wildungen\" \/>\n<meta property=\"og:description\" content=\"[vc_row][vc_column][vc_empty_space height=&#8220;30px&#8220;][vc_column_text] Termine [\/vc_column_text][vc_empty_space height=&#8220;30px&#8220;][\/vc_column][\/vc_row][vc_row][vc_column width=&#8220;2\/3&#8243;][vc_column_text] Kommende Termine [\/vc_column_text][vc_empty_space height=&#8220;30px&#8220;][vc_column_text] Vergangene Termine [\/vc_column_text][\/vc_column][\/vc_row]\" \/>\n<meta property=\"og:url\" content=\"https:\/\/weltlaeden.de\/badwildungen\/termine\/\" \/>\n<meta property=\"og:site_name\" content=\"Weltladen Bad Wildungen\" \/>\n<meta property=\"article:modified_time\" content=\"2023-03-06T10:22:37+00:00\" \/>\n<meta property=\"og:image\" content=\"https:\/\/weltlaeden.de\/badwildungen\/wp-content\/uploads\/sites\/3\/2018\/07\/pocket-watch-1637396_1920_pixabay.png\" \/>\n<meta name=\"twitter:card\" content=\"summary_large_image\" \/>\n<meta name=\"twitter:label1\" content=\"Gesch\u00e4tzte Lesezeit\" \/>\n\t<meta name=\"twitter:data1\" content=\"1\u00a0Minute\" \/>\n<script type=\"application\/ld+json\" class=\"yoast-schema-graph\">{\"@context\":\"https:\/\/schema.org\",\"@graph\":[{\"@type\":\"WebPage\",\"@id\":\"https:\/\/weltlaeden.de\/badwildungen\/termine\/\",\"url\":\"https:\/\/weltlaeden.de\/badwildungen\/termine\/\",\"name\":\"Termine und Aktuelles - Weltladen Bad Wildungen\",\"isPartOf\":{\"@id\":\"https:\/\/weltlaeden.de\/badwildungen\/#website\"},\"primaryImageOfPage\":{\"@id\":\"https:\/\/weltlaeden.de\/badwildungen\/termine\/#primaryimage\"},\"image\":{\"@id\":\"https:\/\/weltlaeden.de\/badwildungen\/termine\/#primaryimage\"},\"thumbnailUrl\":\"https:\/\/weltlaeden.de\/badwildungen\/wp-content\/uploads\/sites\/3\/2018\/07\/pocket-watch-1637396_1920_pixabay.png\",\"datePublished\":\"2016-10-14T07:05:21+00:00\",\"dateModified\":\"2023-03-06T10:22:37+00:00\",\"breadcrumb\":{\"@id\":\"https:\/\/weltlaeden.de\/badwildungen\/termine\/#breadcrumb\"},\"inLanguage\":\"de\",\"potentialAction\":[{\"@type\":\"ReadAction\",\"target\":[\"https:\/\/weltlaeden.de\/badwildungen\/termine\/\"]}]},{\"@type\":\"ImageObject\",\"inLanguage\":\"de\",\"@id\":\"https:\/\/weltlaeden.de\/badwildungen\/termine\/#primaryimage\",\"url\":\"https:\/\/weltlaeden.de\/badwildungen\/wp-content\/uploads\/sites\/3\/2018\/07\/pocket-watch-1637396_1920_pixabay.png\",\"contentUrl\":\"https:\/\/weltlaeden.de\/badwildungen\/wp-content\/uploads\/sites\/3\/2018\/07\/pocket-watch-1637396_1920_pixabay.png\"},{\"@type\":\"BreadcrumbList\",\"@id\":\"https:\/\/weltlaeden.de\/badwildungen\/termine\/#breadcrumb\",\"itemListElement\":[{\"@type\":\"ListItem\",\"position\":1,\"name\":\"Startseite\",\"item\":\"https:\/\/weltlaeden.de\/badwildungen\/\"},{\"@type\":\"ListItem\",\"position\":2,\"name\":\"Termine und Aktuelles\"}]},{\"@type\":\"WebSite\",\"@id\":\"https:\/\/weltlaeden.de\/badwildungen\/#website\",\"url\":\"https:\/\/weltlaeden.de\/badwildungen\/\",\"name\":\"Weltladen Bad Wildungen\",\"description\":\"Faire Produkte seit 1990\",\"potentialAction\":[{\"@type\":\"SearchAction\",\"target\":{\"@type\":\"EntryPoint\",\"urlTemplate\":\"https:\/\/weltlaeden.de\/badwildungen\/?s={search_term_string}\"},\"query-input\":{\"@type\":\"PropertyValueSpecification\",\"valueRequired\":true,\"valueName\":\"search_term_string\"}}],\"inLanguage\":\"de\"}]}<\/script>\n<!-- \/ Yoast SEO plugin. -->","yoast_head_json":{"title":"Termine und Aktuelles - Weltladen Bad Wildungen","robots":{"index":"index","follow":"follow","max-snippet":"max-snippet:-1","max-image-preview":"max-image-preview:large","max-video-preview":"max-video-preview:-1"},"canonical":"https:\/\/weltlaeden.de\/badwildungen\/termine\/","og_locale":"de_DE","og_type":"article","og_title":"Termine und Aktuelles - Weltladen Bad Wildungen","og_description":"[vc_row][vc_column][vc_empty_space height=&#8220;30px&#8220;][vc_column_text] Termine [\/vc_column_text][vc_empty_space height=&#8220;30px&#8220;][\/vc_column][\/vc_row][vc_row][vc_column width=&#8220;2\/3&#8243;][vc_column_text] Kommende Termine [\/vc_column_text][vc_empty_space height=&#8220;30px&#8220;][vc_column_text] Vergangene Termine [\/vc_column_text][\/vc_column][\/vc_row]","og_url":"https:\/\/weltlaeden.de\/badwildungen\/termine\/","og_site_name":"Weltladen Bad Wildungen","article_modified_time":"2023-03-06T10:22:37+00:00","og_image":[{"url":"https:\/\/weltlaeden.de\/badwildungen\/wp-content\/uploads\/sites\/3\/2018\/07\/pocket-watch-1637396_1920_pixabay.png","type":"","width":"","height":""}],"twitter_card":"summary_large_image","twitter_misc":{"Gesch\u00e4tzte Lesezeit":"1\u00a0Minute"},"schema":{"@context":"https:\/\/schema.org","@graph":[{"@type":"WebPage","@id":"https:\/\/weltlaeden.de\/badwildungen\/termine\/","url":"https:\/\/weltlaeden.de\/badwildungen\/termine\/","name":"Termine und Aktuelles - Weltladen Bad Wildungen","isPartOf":{"@id":"https:\/\/weltlaeden.de\/badwildungen\/#website"},"primaryImageOfPage":{"@id":"https:\/\/weltlaeden.de\/badwildungen\/termine\/#primaryimage"},"image":{"@id":"https:\/\/weltlaeden.de\/badwildungen\/termine\/#primaryimage"},"thumbnailUrl":"https:\/\/weltlaeden.de\/badwildungen\/wp-content\/uploads\/sites\/3\/2018\/07\/pocket-watch-1637396_1920_pixabay.png","datePublished":"2016-10-14T07:05:21+00:00","dateModified":"2023-03-06T10:22:37+00:00","breadcrumb":{"@id":"https:\/\/weltlaeden.de\/badwildungen\/termine\/#breadcrumb"},"inLanguage":"de","potentialAction":[{"@type":"ReadAction","target":["https:\/\/weltlaeden.de\/badwildungen\/termine\/"]}]},{"@type":"ImageObject","inLanguage":"de","@id":"https:\/\/weltlaeden.de\/badwildungen\/termine\/#primaryimage","url":"https:\/\/weltlaeden.de\/badwildungen\/wp-content\/uploads\/sites\/3\/2018\/07\/pocket-watch-1637396_1920_pixabay.png","contentUrl":"https:\/\/weltlaeden.de\/badwildungen\/wp-content\/uploads\/sites\/3\/2018\/07\/pocket-watch-1637396_1920_pixabay.png"},{"@type":"BreadcrumbList","@id":"https:\/\/weltlaeden.de\/badwildungen\/termine\/#breadcrumb","itemListElement":[{"@type":"ListItem","position":1,"name":"Startseite","item":"https:\/\/weltlaeden.de\/badwildungen\/"},{"@type":"ListItem","position":2,"name":"Termine und Aktuelles"}]},{"@type":"WebSite","@id":"https:\/\/weltlaeden.de\/badwildungen\/#website","url":"https:\/\/weltlaeden.de\/badwildungen\/","name":"Weltladen Bad Wildungen","description":"Faire Produkte seit 1990","potentialAction":[{"@type":"SearchAction","target":{"@type":"EntryPoint","urlTemplate":"https:\/\/weltlaeden.de\/badwildungen\/?s={search_term_string}"},"query-input":{"@type":"PropertyValueSpecification","valueRequired":true,"valueName":"search_term_string"}}],"inLanguage":"de"}]}},"_links":{"self":[{"href":"https:\/\/weltlaeden.de\/badwildungen\/wp-json\/wp\/v2\/pages\/23","targetHints":{"allow":["GET"]}}],"collection":[{"href":"https:\/\/weltlaeden.de\/badwildungen\/wp-json\/wp\/v2\/pages"}],"about":[{"href":"https:\/\/weltlaeden.de\/badwildungen\/wp-json\/wp\/v2\/types\/page"}],"author":[{"embeddable":true,"href":"https:\/\/weltlaeden.de\/badwildungen\/wp-json\/wp\/v2\/users\/1"}],"replies":[{"embeddable":true,"href":"https:\/\/weltlaeden.de\/badwildungen\/wp-json\/wp\/v2\/comments?post=23"}],"version-history":[{"count":20,"href":"https:\/\/weltlaeden.de\/badwildungen\/wp-json\/wp\/v2\/pages\/23\/revisions"}],"predecessor-version":[{"id":1399,"href":"https:\/\/weltlaeden.de\/badwildungen\/wp-json\/wp\/v2\/pages\/23\/revisions\/1399"}],"wp:attachment":[{"href":"https:\/\/weltlaeden.de\/badwildungen\/wp-json\/wp\/v2\/media?parent=23"}],"curies":[{"name":"wp","href":"https:\/\/api.w.org\/{rel}","templated":true}]}}