{"id":217,"date":"2016-10-28T13:34:47","date_gmt":"2016-10-28T11:34:47","guid":{"rendered":"https:\/\/wl.heimpixel.de\/vorlage\/produkte\/"},"modified":"2026-04-07T11:12:37","modified_gmt":"2026-04-07T09:12:37","slug":"produkte","status":"publish","type":"page","link":"https:\/\/weltlaeden.de\/bad-liebenzell\/produkte\/","title":{"rendered":"Produkte"},"content":{"rendered":"<div class=\"wpb-content-wrapper\"><p>[vc_row][vc_column][vc_column_text css=&#8220;&#8220;]<\/p>\n<h1>Unser Sortiment<\/h1>\n<p>[vc_column_text]Wir verkaufen Lebensmittel, Kunsthandwerk, Kosmetikartikel, B\u00fccher und vieles andere mehr. Unsere haupts\u00e4chlichen Lieferanten sind GEPA, El Puente und WeltPartner. Wir geben denen eine Chance, die auf dem Weltmarkt der gro\u00dfen Konzerne nicht mithalten wollen oder k\u00f6nnen<strong>.<\/strong><\/p>\n<p><img loading=\"lazy\" decoding=\"async\" class=\"alignnone size-full wp-image-506\" src=\"https:\/\/weltlaeden.de\/bad-liebenzell\/wp-content\/uploads\/sites\/88\/2019\/04\/080.jpg\" alt=\"\" width=\"386\" height=\"259\" srcset=\"https:\/\/weltlaeden.de\/bad-liebenzell\/wp-content\/uploads\/sites\/88\/2019\/04\/080.jpg 386w, https:\/\/weltlaeden.de\/bad-liebenzell\/wp-content\/uploads\/sites\/88\/2019\/04\/080-300x201.jpg 300w\" sizes=\"auto, (max-width: 386px) 100vw, 386px\" \/><\/p>\n<p>Der Weltladen f\u00fchrt ein breites Sortiment an Lebens- und Genussmitteln. Wir bieten an: Reis, Quinoa und andere Getreidesorten, Couscous, Bohnen, Linsen, \u00d6l, Zucker, Salz, Bananen, Trockenfr\u00fcchte, Marmelade, Honig, N\u00fcsse, Gew\u00fcrze, S\u00e4fte, ebenso Wein, Kaffee, Tee&#8230; (siehe Fotos).<\/p>\n<p>&nbsp;<\/p>\n<p><img loading=\"lazy\" decoding=\"async\" class=\"alignnone size-full wp-image-1222\" src=\"https:\/\/weltlaeden.de\/bad-liebenzell\/wp-content\/uploads\/sites\/88\/2024\/08\/Oliven-Oel.jpg\" alt=\"\" width=\"386\" height=\"259\" srcset=\"https:\/\/weltlaeden.de\/bad-liebenzell\/wp-content\/uploads\/sites\/88\/2024\/08\/Oliven-Oel.jpg 386w, https:\/\/weltlaeden.de\/bad-liebenzell\/wp-content\/uploads\/sites\/88\/2024\/08\/Oliven-Oel-300x201.jpg 300w\" sizes=\"auto, (max-width: 386px) 100vw, 386px\" \/><img loading=\"lazy\" decoding=\"async\" class=\"alignnone size-full wp-image-824\" src=\"https:\/\/weltlaeden.de\/bad-liebenzell\/wp-content\/uploads\/sites\/88\/2021\/04\/Reis.jpg\" alt=\"\" width=\"386\" height=\"259\" srcset=\"https:\/\/weltlaeden.de\/bad-liebenzell\/wp-content\/uploads\/sites\/88\/2021\/04\/Reis.jpg 386w, https:\/\/weltlaeden.de\/bad-liebenzell\/wp-content\/uploads\/sites\/88\/2021\/04\/Reis-300x201.jpg 300w\" sizes=\"auto, (max-width: 386px) 100vw, 386px\" \/><\/p>\n<p>&nbsp;<\/p>\n<p>Auch und gerade in Krisenzeiten sollten Fair-Handels-Produkte eine Chance haben, sind sie doch umweltvertr\u00e4glich, meist biologisch und mit besonderer sozialer Verantwortung hergestellt worden. Hier\u00fcber gibt bei jedem Artikel eine Kurzbeschreibung Auskunft.[\/vc_column_text][\/vc_column][\/vc_row]<\/p>\n<\/div>","protected":false},"excerpt":{"rendered":"<p>[vc_row][vc_column][vc_column_text css=&#8220;&#8220;] Unser Sortiment [vc_column_text]Wir verkaufen Lebensmittel, Kunsthandwerk, Kosmetikartikel, B\u00fccher und vieles andere mehr. Unsere haupts\u00e4chlichen Lieferanten sind GEPA, El Puente und WeltPartner. Wir geben denen eine Chance, die auf dem Weltmarkt der gro\u00dfen Konzerne nicht mithalten wollen oder k\u00f6nnen. Der Weltladen f\u00fchrt ein breites Sortiment an Lebens- und Genussmitteln. Wir bieten an: Reis, Quinoa&hellip;<\/p>\n","protected":false},"author":1,"featured_media":0,"parent":0,"menu_order":2,"comment_status":"closed","ping_status":"closed","template":"","meta":{"footnotes":""},"class_list":["post-217","page","type-page","status-publish","hentry","description-off"],"yoast_head":"<!-- This site is optimized with the Yoast SEO plugin v26.8 - https:\/\/yoast.com\/product\/yoast-seo-wordpress\/ -->\n<title>Produkte - Weltladen Bad Liebenzell<\/title>\n<meta name=\"robots\" content=\"index, follow, max-snippet:-1, max-image-preview:large, max-video-preview:-1\" \/>\n<link rel=\"canonical\" href=\"https:\/\/weltlaeden.de\/bad-liebenzell\/produkte\/\" \/>\n<meta property=\"og:locale\" content=\"de_DE\" \/>\n<meta property=\"og:type\" content=\"article\" \/>\n<meta property=\"og:title\" content=\"Produkte - Weltladen Bad Liebenzell\" \/>\n<meta property=\"og:description\" content=\"[vc_row][vc_column][vc_column_text css=&#8220;&#8220;] Unser Sortiment [vc_column_text]Wir verkaufen Lebensmittel, Kunsthandwerk, Kosmetikartikel, B\u00fccher und vieles andere mehr. Unsere haupts\u00e4chlichen Lieferanten sind GEPA, El Puente und WeltPartner. Wir geben denen eine Chance, die auf dem Weltmarkt der gro\u00dfen Konzerne nicht mithalten wollen oder k\u00f6nnen. Der Weltladen f\u00fchrt ein breites Sortiment an Lebens- und Genussmitteln. Wir bieten an: Reis, Quinoa&hellip;\" \/>\n<meta property=\"og:url\" content=\"https:\/\/weltlaeden.de\/bad-liebenzell\/produkte\/\" \/>\n<meta property=\"og:site_name\" content=\"Weltladen Bad Liebenzell\" \/>\n<meta property=\"article:modified_time\" content=\"2026-04-07T09:12:37+00:00\" \/>\n<meta property=\"og:image\" content=\"https:\/\/weltlaeden.de\/bad-liebenzell\/wp-content\/uploads\/sites\/88\/2019\/04\/080.jpg\" \/>\n\t<meta property=\"og:image:width\" content=\"386\" \/>\n\t<meta property=\"og:image:height\" content=\"259\" \/>\n\t<meta property=\"og:image:type\" content=\"image\/jpeg\" \/>\n<meta name=\"twitter:card\" content=\"summary_large_image\" \/>\n<meta name=\"twitter:label1\" content=\"Gesch\u00e4tzte Lesezeit\" \/>\n\t<meta name=\"twitter:data1\" content=\"2\u00a0Minuten\" \/>\n<script type=\"application\/ld+json\" class=\"yoast-schema-graph\">{\"@context\":\"https:\/\/schema.org\",\"@graph\":[{\"@type\":\"WebPage\",\"@id\":\"https:\/\/weltlaeden.de\/bad-liebenzell\/produkte\/\",\"url\":\"https:\/\/weltlaeden.de\/bad-liebenzell\/produkte\/\",\"name\":\"Produkte - Weltladen Bad Liebenzell\",\"isPartOf\":{\"@id\":\"https:\/\/weltlaeden.de\/bad-liebenzell\/#website\"},\"primaryImageOfPage\":{\"@id\":\"https:\/\/weltlaeden.de\/bad-liebenzell\/produkte\/#primaryimage\"},\"image\":{\"@id\":\"https:\/\/weltlaeden.de\/bad-liebenzell\/produkte\/#primaryimage\"},\"thumbnailUrl\":\"https:\/\/weltlaeden.de\/bad-liebenzell\/wp-content\/uploads\/sites\/88\/2019\/04\/080.jpg\",\"datePublished\":\"2016-10-28T11:34:47+00:00\",\"dateModified\":\"2026-04-07T09:12:37+00:00\",\"breadcrumb\":{\"@id\":\"https:\/\/weltlaeden.de\/bad-liebenzell\/produkte\/#breadcrumb\"},\"inLanguage\":\"de\",\"potentialAction\":[{\"@type\":\"ReadAction\",\"target\":[\"https:\/\/weltlaeden.de\/bad-liebenzell\/produkte\/\"]}]},{\"@type\":\"ImageObject\",\"inLanguage\":\"de\",\"@id\":\"https:\/\/weltlaeden.de\/bad-liebenzell\/produkte\/#primaryimage\",\"url\":\"https:\/\/weltlaeden.de\/bad-liebenzell\/wp-content\/uploads\/sites\/88\/2019\/04\/080.jpg\",\"contentUrl\":\"https:\/\/weltlaeden.de\/bad-liebenzell\/wp-content\/uploads\/sites\/88\/2019\/04\/080.jpg\",\"width\":386,\"height\":259},{\"@type\":\"BreadcrumbList\",\"@id\":\"https:\/\/weltlaeden.de\/bad-liebenzell\/produkte\/#breadcrumb\",\"itemListElement\":[{\"@type\":\"ListItem\",\"position\":1,\"name\":\"Startseite\",\"item\":\"https:\/\/weltlaeden.de\/bad-liebenzell\/\"},{\"@type\":\"ListItem\",\"position\":2,\"name\":\"Produkte\"}]},{\"@type\":\"WebSite\",\"@id\":\"https:\/\/weltlaeden.de\/bad-liebenzell\/#website\",\"url\":\"https:\/\/weltlaeden.de\/bad-liebenzell\/\",\"name\":\"Weltladen Bad Liebenzell\",\"description\":\"Faire Produkte seit 1990\",\"potentialAction\":[{\"@type\":\"SearchAction\",\"target\":{\"@type\":\"EntryPoint\",\"urlTemplate\":\"https:\/\/weltlaeden.de\/bad-liebenzell\/?s={search_term_string}\"},\"query-input\":{\"@type\":\"PropertyValueSpecification\",\"valueRequired\":true,\"valueName\":\"search_term_string\"}}],\"inLanguage\":\"de\"}]}<\/script>\n<!-- \/ Yoast SEO plugin. -->","yoast_head_json":{"title":"Produkte - Weltladen Bad Liebenzell","robots":{"index":"index","follow":"follow","max-snippet":"max-snippet:-1","max-image-preview":"max-image-preview:large","max-video-preview":"max-video-preview:-1"},"canonical":"https:\/\/weltlaeden.de\/bad-liebenzell\/produkte\/","og_locale":"de_DE","og_type":"article","og_title":"Produkte - Weltladen Bad Liebenzell","og_description":"[vc_row][vc_column][vc_column_text css=&#8220;&#8220;] Unser Sortiment [vc_column_text]Wir verkaufen Lebensmittel, Kunsthandwerk, Kosmetikartikel, B\u00fccher und vieles andere mehr. Unsere haupts\u00e4chlichen Lieferanten sind GEPA, El Puente und WeltPartner. Wir geben denen eine Chance, die auf dem Weltmarkt der gro\u00dfen Konzerne nicht mithalten wollen oder k\u00f6nnen. Der Weltladen f\u00fchrt ein breites Sortiment an Lebens- und Genussmitteln. Wir bieten an: Reis, Quinoa&hellip;","og_url":"https:\/\/weltlaeden.de\/bad-liebenzell\/produkte\/","og_site_name":"Weltladen Bad Liebenzell","article_modified_time":"2026-04-07T09:12:37+00:00","og_image":[{"width":386,"height":259,"url":"https:\/\/weltlaeden.de\/bad-liebenzell\/wp-content\/uploads\/sites\/88\/2019\/04\/080.jpg","type":"image\/jpeg"}],"twitter_card":"summary_large_image","twitter_misc":{"Gesch\u00e4tzte Lesezeit":"2\u00a0Minuten"},"schema":{"@context":"https:\/\/schema.org","@graph":[{"@type":"WebPage","@id":"https:\/\/weltlaeden.de\/bad-liebenzell\/produkte\/","url":"https:\/\/weltlaeden.de\/bad-liebenzell\/produkte\/","name":"Produkte - Weltladen Bad Liebenzell","isPartOf":{"@id":"https:\/\/weltlaeden.de\/bad-liebenzell\/#website"},"primaryImageOfPage":{"@id":"https:\/\/weltlaeden.de\/bad-liebenzell\/produkte\/#primaryimage"},"image":{"@id":"https:\/\/weltlaeden.de\/bad-liebenzell\/produkte\/#primaryimage"},"thumbnailUrl":"https:\/\/weltlaeden.de\/bad-liebenzell\/wp-content\/uploads\/sites\/88\/2019\/04\/080.jpg","datePublished":"2016-10-28T11:34:47+00:00","dateModified":"2026-04-07T09:12:37+00:00","breadcrumb":{"@id":"https:\/\/weltlaeden.de\/bad-liebenzell\/produkte\/#breadcrumb"},"inLanguage":"de","potentialAction":[{"@type":"ReadAction","target":["https:\/\/weltlaeden.de\/bad-liebenzell\/produkte\/"]}]},{"@type":"ImageObject","inLanguage":"de","@id":"https:\/\/weltlaeden.de\/bad-liebenzell\/produkte\/#primaryimage","url":"https:\/\/weltlaeden.de\/bad-liebenzell\/wp-content\/uploads\/sites\/88\/2019\/04\/080.jpg","contentUrl":"https:\/\/weltlaeden.de\/bad-liebenzell\/wp-content\/uploads\/sites\/88\/2019\/04\/080.jpg","width":386,"height":259},{"@type":"BreadcrumbList","@id":"https:\/\/weltlaeden.de\/bad-liebenzell\/produkte\/#breadcrumb","itemListElement":[{"@type":"ListItem","position":1,"name":"Startseite","item":"https:\/\/weltlaeden.de\/bad-liebenzell\/"},{"@type":"ListItem","position":2,"name":"Produkte"}]},{"@type":"WebSite","@id":"https:\/\/weltlaeden.de\/bad-liebenzell\/#website","url":"https:\/\/weltlaeden.de\/bad-liebenzell\/","name":"Weltladen Bad Liebenzell","description":"Faire Produkte seit 1990","potentialAction":[{"@type":"SearchAction","target":{"@type":"EntryPoint","urlTemplate":"https:\/\/weltlaeden.de\/bad-liebenzell\/?s={search_term_string}"},"query-input":{"@type":"PropertyValueSpecification","valueRequired":true,"valueName":"search_term_string"}}],"inLanguage":"de"}]}},"_links":{"self":[{"href":"https:\/\/weltlaeden.de\/bad-liebenzell\/wp-json\/wp\/v2\/pages\/217","targetHints":{"allow":["GET"]}}],"collection":[{"href":"https:\/\/weltlaeden.de\/bad-liebenzell\/wp-json\/wp\/v2\/pages"}],"about":[{"href":"https:\/\/weltlaeden.de\/bad-liebenzell\/wp-json\/wp\/v2\/types\/page"}],"author":[{"embeddable":true,"href":"https:\/\/weltlaeden.de\/bad-liebenzell\/wp-json\/wp\/v2\/users\/1"}],"replies":[{"embeddable":true,"href":"https:\/\/weltlaeden.de\/bad-liebenzell\/wp-json\/wp\/v2\/comments?post=217"}],"version-history":[{"count":172,"href":"https:\/\/weltlaeden.de\/bad-liebenzell\/wp-json\/wp\/v2\/pages\/217\/revisions"}],"predecessor-version":[{"id":1421,"href":"https:\/\/weltlaeden.de\/bad-liebenzell\/wp-json\/wp\/v2\/pages\/217\/revisions\/1421"}],"wp:attachment":[{"href":"https:\/\/weltlaeden.de\/bad-liebenzell\/wp-json\/wp\/v2\/media?parent=217"}],"curies":[{"name":"wp","href":"https:\/\/api.w.org\/{rel}","templated":true}]}}