{"version":"1.0","provider_name":"Weltladen Babenhausen","provider_url":"https:\/\/weltlaeden.de\/babenhausen","title":"Weltladen-Team mit neuem Vorstand und engagierten Projekten. - Weltladen Babenhausen","type":"rich","width":600,"height":338,"html":"<blockquote class=\"wp-embedded-content\" data-secret=\"UOhQWtsopp\"><a href=\"https:\/\/weltlaeden.de\/babenhausen\/weltladen-team-mit-neuem-vorstand-und-engagierten-projekten\/\">Weltladen-Team  mit neuem Vorstand  und engagierten Projekten.<\/a><\/blockquote><iframe sandbox=\"allow-scripts\" security=\"restricted\" src=\"https:\/\/weltlaeden.de\/babenhausen\/weltladen-team-mit-neuem-vorstand-und-engagierten-projekten\/embed\/#?secret=UOhQWtsopp\" width=\"600\" height=\"338\" title=\"&#8222;Weltladen-Team  mit neuem Vorstand  und engagierten Projekten.&#8220; &#8211; Weltladen Babenhausen\" data-secret=\"UOhQWtsopp\" frameborder=\"0\" marginwidth=\"0\" marginheight=\"0\" scrolling=\"no\" class=\"wp-embedded-content\"><\/iframe><script>\n\/*! This file is auto-generated *\/\n!function(d,l){\"use strict\";l.querySelector&&d.addEventListener&&\"undefined\"!=typeof URL&&(d.wp=d.wp||{},d.wp.receiveEmbedMessage||(d.wp.receiveEmbedMessage=function(e){var t=e.data;if((t||t.secret||t.message||t.value)&&!\/[^a-zA-Z0-9]\/.test(t.secret)){for(var s,r,n,a=l.querySelectorAll('iframe[data-secret=\"'+t.secret+'\"]'),o=l.querySelectorAll('blockquote[data-secret=\"'+t.secret+'\"]'),c=new RegExp(\"^https?:$\",\"i\"),i=0;i<o.length;i++)o[i].style.display=\"none\";for(i=0;i<a.length;i++)s=a[i],e.source===s.contentWindow&&(s.removeAttribute(\"style\"),\"height\"===t.message?(1e3<(r=parseInt(t.value,10))?r=1e3:~~r<200&&(r=200),s.height=r):\"link\"===t.message&&(r=new URL(s.getAttribute(\"src\")),n=new URL(t.value),c.test(n.protocol))&&n.host===r.host&&l.activeElement===s&&(d.top.location.href=t.value))}},d.addEventListener(\"message\",d.wp.receiveEmbedMessage,!1),l.addEventListener(\"DOMContentLoaded\",function(){for(var e,t,s=l.querySelectorAll(\"iframe.wp-embedded-content\"),r=0;r<s.length;r++)(t=(e=s[r]).getAttribute(\"data-secret\"))||(t=Math.random().toString(36).substring(2,12),e.src+=\"#?secret=\"+t,e.setAttribute(\"data-secret\",t)),e.contentWindow.postMessage({message:\"ready\",secret:t},\"*\")},!1)))}(window,document);\n<\/script>\n","thumbnail_url":"https:\/\/weltlaeden.de\/babenhausen\/wp-content\/uploads\/sites\/107\/2019\/05\/IMG_3142-Vorstand-bearbeitet-fuer-News2.jpg","thumbnail_width":787,"thumbnail_height":400,"description":"Vorwiegend vereinsorganisatorische Aufgaben standen auf der Tagesordnung, als das Weltladen-Team am 9. Mai zusammenkam. Die Jahreshauptversammlung des \u201eVereins zur F\u00f6rderung des Verst\u00e4ndnisses der Einen Welt e.V.\u201c stand an und mit ihr die Wahl des Vorstands und der Kassenpr\u00fcfer. Ein Tagesordnungspunkt, der nicht ganz ohne Wehmut und einem gro\u00dfen Dankesch\u00f6n an Helga Heintzenberg auskam, die nach&hellip;"}

Vorwiegend vereinsorganisatorische Aufgaben standen auf der Tagesordnung, als das Weltladen-Team am 9. Mai zusammenkam. Die Jahreshauptversammlung des „Vereins zur Förderung des Verständnisses der Einen Welt e.V.“ stand an und mit ihr die Wahl des Vorstands und der Kassenprüfer. Ein Tagesordnungspunkt, der nicht ganz ohne Wehmut und einem großen Dankeschön an Helga Heintzenberg auskam, die nach&hellip;
