{"version":"1.0","provider_name":"Weltladen Babenhausen","provider_url":"https:\/\/weltlaeden.de\/babenhausen","title":"Weltladen Babenhausen im TV - Weltladen Babenhausen","type":"rich","width":600,"height":338,"html":"<blockquote class=\"wp-embedded-content\" data-secret=\"gZ76Gpf0iI\"><a href=\"https:\/\/weltlaeden.de\/babenhausen\/weltladen-babenhausen-im-tv\/\">Weltladen Babenhausen im TV<\/a><\/blockquote><iframe sandbox=\"allow-scripts\" security=\"restricted\" src=\"https:\/\/weltlaeden.de\/babenhausen\/weltladen-babenhausen-im-tv\/embed\/#?secret=gZ76Gpf0iI\" width=\"600\" height=\"338\" title=\"&#8222;Weltladen Babenhausen im TV&#8220; &#8211; Weltladen Babenhausen\" data-secret=\"gZ76Gpf0iI\" frameborder=\"0\" marginwidth=\"0\" marginheight=\"0\" scrolling=\"no\" class=\"wp-embedded-content\"><\/iframe><script>\n\/*! This file is auto-generated *\/\n!function(d,l){\"use strict\";l.querySelector&&d.addEventListener&&\"undefined\"!=typeof URL&&(d.wp=d.wp||{},d.wp.receiveEmbedMessage||(d.wp.receiveEmbedMessage=function(e){var t=e.data;if((t||t.secret||t.message||t.value)&&!\/[^a-zA-Z0-9]\/.test(t.secret)){for(var s,r,n,a=l.querySelectorAll('iframe[data-secret=\"'+t.secret+'\"]'),o=l.querySelectorAll('blockquote[data-secret=\"'+t.secret+'\"]'),c=new RegExp(\"^https?:$\",\"i\"),i=0;i<o.length;i++)o[i].style.display=\"none\";for(i=0;i<a.length;i++)s=a[i],e.source===s.contentWindow&&(s.removeAttribute(\"style\"),\"height\"===t.message?(1e3<(r=parseInt(t.value,10))?r=1e3:~~r<200&&(r=200),s.height=r):\"link\"===t.message&&(r=new URL(s.getAttribute(\"src\")),n=new URL(t.value),c.test(n.protocol))&&n.host===r.host&&l.activeElement===s&&(d.top.location.href=t.value))}},d.addEventListener(\"message\",d.wp.receiveEmbedMessage,!1),l.addEventListener(\"DOMContentLoaded\",function(){for(var e,t,s=l.querySelectorAll(\"iframe.wp-embedded-content\"),r=0;r<s.length;r++)(t=(e=s[r]).getAttribute(\"data-secret\"))||(t=Math.random().toString(36).substring(2,12),e.src+=\"#?secret=\"+t,e.setAttribute(\"data-secret\",t)),e.contentWindow.postMessage({message:\"ready\",secret:t},\"*\")},!1)))}(window,document);\n<\/script>\n","thumbnail_url":"https:\/\/weltlaeden.de\/babenhausen\/wp-content\/uploads\/sites\/107\/2023\/09\/20230904_100911-787x400-1.jpg","thumbnail_width":787,"thumbnail_height":400,"description":"Anfang September war rheinmaintv zu Besuch im Weltladen Babenhausen, um einen Beitrag \u00fcber unsere Aktivit\u00e4ten und die Hintergr\u00fcnde des fairen Handels zu erstellen. \u00dcber einen Artikel in der regionalen Presse sei man auf uns aufmerksam geworden. Die M\u00f6glichkeit, unsere Medienpr\u00e4senz auf die gesamte Region und dar\u00fcber hinaus auszuweiten und damit unser Angebot und unser Anliegen&hellip;"}

Anfang September war rheinmaintv zu Besuch im Weltladen Babenhausen, um einen Beitrag über unsere Aktivitäten und die Hintergründe des fairen Handels zu erstellen. Über einen Artikel in der regionalen Presse sei man auf uns aufmerksam geworden. Die Möglichkeit, unsere Medienpräsenz auf die gesamte Region und darüber hinaus auszuweiten und damit unser Angebot und unser Anliegen&hellip;
