{"version":"1.0","provider_name":"Weltladen Babenhausen","provider_url":"https:\/\/weltlaeden.de\/babenhausen","title":"Kaffee, Honig und Klimagerechtigkeit - Fr\u00fchst\u00fcck uff de Gass. - Weltladen Babenhausen","type":"rich","width":600,"height":338,"html":"<blockquote class=\"wp-embedded-content\" data-secret=\"yzdA2tLoNa\"><a href=\"https:\/\/weltlaeden.de\/babenhausen\/kaffee-honig-und-klimagerechtigkeit-fruehstueck-uff-de-gass\/\">Kaffee, Honig und Klimagerechtigkeit &#8211; Fr\u00fchst\u00fcck uff de Gass.<\/a><\/blockquote><iframe sandbox=\"allow-scripts\" security=\"restricted\" src=\"https:\/\/weltlaeden.de\/babenhausen\/kaffee-honig-und-klimagerechtigkeit-fruehstueck-uff-de-gass\/embed\/#?secret=yzdA2tLoNa\" width=\"600\" height=\"338\" title=\"&#8222;Kaffee, Honig und Klimagerechtigkeit &#8211; Fr\u00fchst\u00fcck uff de Gass.&#8220; &#8211; Weltladen Babenhausen\" data-secret=\"yzdA2tLoNa\" frameborder=\"0\" marginwidth=\"0\" marginheight=\"0\" scrolling=\"no\" class=\"wp-embedded-content\"><\/iframe><script>\n\/*! This file is auto-generated *\/\n!function(d,l){\"use strict\";l.querySelector&&d.addEventListener&&\"undefined\"!=typeof URL&&(d.wp=d.wp||{},d.wp.receiveEmbedMessage||(d.wp.receiveEmbedMessage=function(e){var t=e.data;if((t||t.secret||t.message||t.value)&&!\/[^a-zA-Z0-9]\/.test(t.secret)){for(var s,r,n,a=l.querySelectorAll('iframe[data-secret=\"'+t.secret+'\"]'),o=l.querySelectorAll('blockquote[data-secret=\"'+t.secret+'\"]'),c=new RegExp(\"^https?:$\",\"i\"),i=0;i<o.length;i++)o[i].style.display=\"none\";for(i=0;i<a.length;i++)s=a[i],e.source===s.contentWindow&&(s.removeAttribute(\"style\"),\"height\"===t.message?(1e3<(r=parseInt(t.value,10))?r=1e3:~~r<200&&(r=200),s.height=r):\"link\"===t.message&&(r=new URL(s.getAttribute(\"src\")),n=new URL(t.value),c.test(n.protocol))&&n.host===r.host&&l.activeElement===s&&(d.top.location.href=t.value))}},d.addEventListener(\"message\",d.wp.receiveEmbedMessage,!1),l.addEventListener(\"DOMContentLoaded\",function(){for(var e,t,s=l.querySelectorAll(\"iframe.wp-embedded-content\"),r=0;r<s.length;r++)(t=(e=s[r]).getAttribute(\"data-secret\"))||(t=Math.random().toString(36).substring(2,12),e.src+=\"#?secret=\"+t,e.setAttribute(\"data-secret\",t)),e.contentWindow.postMessage({message:\"ready\",secret:t},\"*\")},!1)))}(window,document);\n<\/script>\n","thumbnail_url":"https:\/\/weltlaeden.de\/babenhausen\/wp-content\/uploads\/sites\/107\/2023\/06\/Webbanner-Beitragsbild-787x400-1.jpg","thumbnail_width":787,"thumbnail_height":400,"description":"Beim Weltladen Babenhausen laufen bereits die ersten Planungen f\u00fcr die schon traditionelle Veranstaltung in der Bummelgasse. Am 16.9.23 wird das Fr\u00fchst\u00fcck uff de Gass erneut mit vielen fairen Spezialit\u00e4ten aus aller Welt aufwarten. Erweitert werden soll das reichhaltige Fr\u00fchst\u00fccksangebot in diesem Jahr um eine Kaffeebar, an der so manche Bohne auf ihre Verkostung wartet. Das&hellip;"}

Kaffee, Honig und Klimagerechtigkeit - Frühstück uff de Gass. - Weltladen Babenhausen

<blockquote class="wp-embedded-content" data-secret="yzdA2tLoNa"><a href="https://weltlaeden.de/babenhausen/kaffee-honig-und-klimagerechtigkeit-fruehstueck-uff-de-gass/">Kaffee, Honig und Klimagerechtigkeit &#8211; Frühstück uff de Gass.</a></blockquote><iframe sandbox="allow-scripts" security="restricted" src="https://weltlaeden.de/babenhausen/kaffee-honig-und-klimagerechtigkeit-fruehstueck-uff-de-gass/embed/#?secret=yzdA2tLoNa" width="600" height="338" title="&#8222;Kaffee, Honig und Klimagerechtigkeit &#8211; Frühstück uff de Gass.&#8220; &#8211; Weltladen Babenhausen" data-secret="yzdA2tLoNa" frameborder="0" marginwidth="0" marginheight="0" scrolling="no" class="wp-embedded-content"></iframe><script>
/*! This file is auto-generated */
!function(d,l){"use strict";l.querySelector&&d.addEventListener&&"undefined"!=typeof URL&&(d.wp=d.wp||{},d.wp.receiveEmbedMessage||(d.wp.receiveEmbedMessage=function(e){var t=e.data;if((t||t.secret||t.message||t.value)&&!/[^a-zA-Z0-9]/.test(t.secret)){for(var s,r,n,a=l.querySelectorAll('iframe[data-secret="'+t.secret+'"]'),o=l.querySelectorAll('blockquote[data-secret="'+t.secret+'"]'),c=new RegExp("^https?:$","i"),i=0;i<o.length;i++)o[i].style.display="none";for(i=0;i<a.length;i++)s=a[i],e.source===s.contentWindow&&(s.removeAttribute("style"),"height"===t.message?(1e3<(r=parseInt(t.value,10))?r=1e3:~~r<200&&(r=200),s.height=r):"link"===t.message&&(r=new URL(s.getAttribute("src")),n=new URL(t.value),c.test(n.protocol))&&n.host===r.host&&l.activeElement===s&&(d.top.location.href=t.value))}},d.addEventListener("message",d.wp.receiveEmbedMessage,!1),l.addEventListener("DOMContentLoaded",function(){for(var e,t,s=l.querySelectorAll("iframe.wp-embedded-content"),r=0;r<s.length;r++)(t=(e=s[r]).getAttribute("data-secret"))||(t=Math.random().toString(36).substring(2,12),e.src+="#?secret="+t,e.setAttribute("data-secret",t)),e.contentWindow.postMessage({message:"ready",secret:t},"*")},!1)))}(window,document);
</script>

Beim Weltladen Babenhausen laufen bereits die ersten Planungen für die schon traditionelle Veranstaltung in der Bummelgasse. Am 16.9.23 wird das Frühstück uff de Gass erneut mit vielen fairen Spezialitäten aus aller Welt aufwarten. Erweitert werden soll das reichhaltige Frühstücksangebot in diesem Jahr um eine Kaffeebar, an der so manche Bohne auf ihre Verkostung wartet. Das&hellip;
