{"version":"1.0","provider_name":"Weltladen Babenhausen","provider_url":"https:\/\/weltlaeden.de\/babenhausen","title":"Feier und Eis. - Weltladen Babenhausen","type":"rich","width":600,"height":338,"html":"<blockquote class=\"wp-embedded-content\" data-secret=\"sFfbIZChk7\"><a href=\"https:\/\/weltlaeden.de\/babenhausen\/feier-und-eis-uff-de-gass-fruehstuecksimpressionen\/\">Feier und Eis.<\/a><\/blockquote><iframe sandbox=\"allow-scripts\" security=\"restricted\" src=\"https:\/\/weltlaeden.de\/babenhausen\/feier-und-eis-uff-de-gass-fruehstuecksimpressionen\/embed\/#?secret=sFfbIZChk7\" width=\"600\" height=\"338\" title=\"&#8222;Feier und Eis.&#8220; &#8211; Weltladen Babenhausen\" data-secret=\"sFfbIZChk7\" frameborder=\"0\" marginwidth=\"0\" marginheight=\"0\" scrolling=\"no\" class=\"wp-embedded-content\"><\/iframe><script>\n\/*! This file is auto-generated *\/\n!function(d,l){\"use strict\";l.querySelector&&d.addEventListener&&\"undefined\"!=typeof URL&&(d.wp=d.wp||{},d.wp.receiveEmbedMessage||(d.wp.receiveEmbedMessage=function(e){var t=e.data;if((t||t.secret||t.message||t.value)&&!\/[^a-zA-Z0-9]\/.test(t.secret)){for(var s,r,n,a=l.querySelectorAll('iframe[data-secret=\"'+t.secret+'\"]'),o=l.querySelectorAll('blockquote[data-secret=\"'+t.secret+'\"]'),c=new RegExp(\"^https?:$\",\"i\"),i=0;i<o.length;i++)o[i].style.display=\"none\";for(i=0;i<a.length;i++)s=a[i],e.source===s.contentWindow&&(s.removeAttribute(\"style\"),\"height\"===t.message?(1e3<(r=parseInt(t.value,10))?r=1e3:~~r<200&&(r=200),s.height=r):\"link\"===t.message&&(r=new URL(s.getAttribute(\"src\")),n=new URL(t.value),c.test(n.protocol))&&n.host===r.host&&l.activeElement===s&&(d.top.location.href=t.value))}},d.addEventListener(\"message\",d.wp.receiveEmbedMessage,!1),l.addEventListener(\"DOMContentLoaded\",function(){for(var e,t,s=l.querySelectorAll(\"iframe.wp-embedded-content\"),r=0;r<s.length;r++)(t=(e=s[r]).getAttribute(\"data-secret\"))||(t=Math.random().toString(36).substring(2,12),e.src+=\"#?secret=\"+t,e.setAttribute(\"data-secret\",t)),e.contentWindow.postMessage({message:\"ready\",secret:t},\"*\")},!1)))}(window,document);\n<\/script>\n","thumbnail_url":"https:\/\/weltlaeden.de\/babenhausen\/wp-content\/uploads\/sites\/107\/2022\/08\/20220917_100129_Burst01-787_400-news-compress.jpg","thumbnail_width":787,"thumbnail_height":400,"description":"Ein voller Erfolg war unser Fr\u00fchst\u00fcck uff de Gass am 17. September. Wie bestellt und perfekt organisiert, gab es zu unserem Geburtstagsfr\u00fchst\u00fcck genau von 10 bis 12 Uhr eine Regenpause. Derart meteorologisch unterst\u00fctzt, konnten wir uns \u00fcber besonders viele Besucher und Besucherinnen und eine voll besetzte Fr\u00fchst\u00fccksmeile freuen. Auch Nicola Kr\u00fcmpelmann vom Vorstand des Weltladen&hellip;"}

Ein voller Erfolg war unser Frühstück uff de Gass am 17. September. Wie bestellt und perfekt organisiert, gab es zu unserem Geburtstagsfrühstück genau von 10 bis 12 Uhr eine Regenpause. Derart meteorologisch unterstützt, konnten wir uns über besonders viele Besucher und Besucherinnen und eine voll besetzte Frühstücksmeile freuen. Auch Nicola Krümpelmann vom Vorstand des Weltladen&hellip;
