{"id":219,"date":"2016-10-28T13:34:47","date_gmt":"2016-10-28T11:34:47","guid":{"rendered":"https:\/\/wl.heimpixel.de\/vorlage\/ueber-uns\/"},"modified":"2024-08-15T11:55:02","modified_gmt":"2024-08-15T09:55:02","slug":"ueber-uns","status":"publish","type":"page","link":"https:\/\/weltlaeden.de\/attendorn\/ueber-uns\/","title":{"rendered":"\u00dcber uns"},"content":{"rendered":"<h1>\u00dcber den WELTLADEN-Attendorn<\/h1>\n<div style=\"width: 1200px;\" class=\"wp-video\"><!--[if lt IE 9]><script>document.createElement('video');<\/script><![endif]-->\n<video class=\"wp-video-shortcode\" id=\"video-219-1\" width=\"1200\" height=\"675\" autoplay=\"1\" preload=\"metadata\" controls=\"controls\"><source type=\"video\/mp4\" src=\"https:\/\/weltlaeden.de\/attendorn\/wp-content\/uploads\/sites\/99\/2020\/03\/Weltladen-Attendorn-1.mp4?_=1\" \/><a href=\"https:\/\/weltlaeden.de\/attendorn\/wp-content\/uploads\/sites\/99\/2020\/03\/Weltladen-Attendorn-1.mp4\">https:\/\/weltlaeden.de\/attendorn\/wp-content\/uploads\/sites\/99\/2020\/03\/Weltladen-Attendorn-1.mp4<\/a><\/video><\/div>\n<p>Der WELTLADEN in Attendorn in Attendorn ist mehr als nur ein Gesch\u00e4ft &#8211; er ist das Herzst\u00fcck einer Bewegung.\u00a0 Seit den 1980er Jahren k\u00e4mpfen wir hier lokal f\u00fcr einen gerechteren und nachhaltigeren globalen Handel. Ein Familienkreis aus Neu-Listernohl startete damals mit dem Verkauf von fair gehandeltem Kaffee, dessen Erl\u00f6se bis heute das Fischerpastoral-Projekt in Brasilien unterst\u00fctzen. Der &#8222;Dritte-Welt-Kreis&#8220; entstand, wurde zum &#8222;Arbeitskreis Eine-Welt Attendorn&#8220; und verfolgt als gemeinn\u00fctziger Verein das Ziel, mit anderen Organisionen vor Ort Nachhaltigkeit, Gerechtigkeit und Firden voranzutreiben. Damals wie heute mobiliseren uns die Missst\u00e4nde in den Entwicklungsl\u00e4ndern. Hier, im WELTLADEN, wird Handel zur Tat, und jede Ware erz\u00e4hlt die Geschichte einer Ver\u00e4nderung.<\/p>\n<h1><strong>Weltladen Attendorn &#8211; Das Team\u00a0<\/strong><\/h1>\n<h1><strong><img loading=\"lazy\" decoding=\"async\" class=\"aligncenter wp-image-1785 size-large\" src=\"https:\/\/weltlaeden.de\/attendorn\/wp-content\/uploads\/sites\/99\/2024\/08\/WhatsApp-Image-2024-08-14-at-19.45.02-1024x684.jpeg\" alt=\"\" width=\"1024\" height=\"684\" srcset=\"https:\/\/weltlaeden.de\/attendorn\/wp-content\/uploads\/sites\/99\/2024\/08\/WhatsApp-Image-2024-08-14-at-19.45.02-1024x684.jpeg 1024w, https:\/\/weltlaeden.de\/attendorn\/wp-content\/uploads\/sites\/99\/2024\/08\/WhatsApp-Image-2024-08-14-at-19.45.02-300x200.jpeg 300w, https:\/\/weltlaeden.de\/attendorn\/wp-content\/uploads\/sites\/99\/2024\/08\/WhatsApp-Image-2024-08-14-at-19.45.02-768x513.jpeg 768w, https:\/\/weltlaeden.de\/attendorn\/wp-content\/uploads\/sites\/99\/2024\/08\/WhatsApp-Image-2024-08-14-at-19.45.02.jpeg 1280w\" sizes=\"auto, (max-width: 1024px) 100vw, 1024px\" \/><\/strong><\/h1>\n<h1><strong>UNSERE PROJEKTE<\/strong><\/h1>\n<p><strong>DAS PROJEKT FISCHERPASTORAL IN BRASILIEN<\/strong><\/p>\n<p>Jedes Jahr informieren wir unsere Freund und F\u00f6rderer \u00fcber die aktuellen Entwicklungen im Projekt in einem Weihnachtsbrief (<a href=\"https:\/\/weltlaeden.de\/attendorn\/wp-content\/uploads\/sites\/99\/2022\/03\/15_12_2021_Weihnachtsbrief_2021.pdf\">Weihnachtsbrief_2021).<\/a><\/p>\n<p><strong>SEIT 2011 FAIRTRADE STADT ATTENDORN<\/strong><\/p>\n<p>Attendorn ist die erste Fairtrade-Stadt in S\u00fcdwestfalen. Der &#8222;Arbeitskreis Fairer Handel&#8220; setzt sich gemeinsam mit der Stadt, der lokalen Agenda und vielen Unterst\u00fctzern alle zwei Jahre daf\u00fcr ein, den Titel zu behalten. Dabei werden regelm\u00e4\u00dfige Veranstaltungen wie das faire Fr\u00fchst\u00fcck oder eine Modenschau mit fair gehandelten Kleidern organisiert. Die Mitwirkenden gestalten das Projekt durch spannende Kontakte zu Verb\u00e4nden, Schulen, Unternehmen und anderen, die eine gerechte Welt bef\u00fcrworten. Die vielen MITMACHER findest du <a href=\"https:\/\/www.attendorn.de\/Stadtinfo-Tourismus\/Stadtinfo\/Fairtrade\"><strong>hier<\/strong><\/a>.<\/p>\n<p><strong>REGIONALIT\u00c4T IN DER FAIRTRADE STADT<\/strong><\/p>\n<p>Die Aspekte des Fairen Handels r\u00fccken aktuell in Zeiten von Klimawandel immer mehr in den Blick. Dazu geh\u00f6rt auch die Regionalit\u00e4t von Produkten. Landwirte und Produzenten sollen hier und \u00fcberall gerechte Preise f\u00fcr ihre Arbeit erhalten. Deshalb wird zuk\u00fcnftig das Sortiment im WELTLADEN um regionale Produkte erweitert.<\/p>\n<p>&nbsp;<\/p>\n","protected":false},"excerpt":{"rendered":"<p>\u00dcber den WELTLADEN-Attendorn Der WELTLADEN in Attendorn in Attendorn ist mehr als nur ein Gesch\u00e4ft &#8211; er ist das Herzst\u00fcck einer Bewegung.\u00a0 Seit den 1980er Jahren k\u00e4mpfen wir hier lokal f\u00fcr einen gerechteren und nachhaltigeren globalen Handel. Ein Familienkreis aus Neu-Listernohl startete damals mit dem Verkauf von fair gehandeltem Kaffee, dessen Erl\u00f6se bis heute das&hellip;<\/p>\n","protected":false},"author":1,"featured_media":0,"parent":0,"menu_order":11,"comment_status":"closed","ping_status":"closed","template":"","meta":{"footnotes":""},"class_list":["post-219","page","type-page","status-publish","hentry","description-off"],"yoast_head":"<!-- This site is optimized with the Yoast SEO plugin v26.8 - https:\/\/yoast.com\/product\/yoast-seo-wordpress\/ -->\n<title>\u00dcber uns - Weltgruppe Attendorn<\/title>\n<meta name=\"robots\" content=\"index, follow, max-snippet:-1, max-image-preview:large, max-video-preview:-1\" \/>\n<link rel=\"canonical\" href=\"https:\/\/weltlaeden.de\/attendorn\/ueber-uns\/\" \/>\n<meta property=\"og:locale\" content=\"de_DE\" \/>\n<meta property=\"og:type\" content=\"article\" \/>\n<meta property=\"og:title\" content=\"\u00dcber uns - Weltgruppe Attendorn\" \/>\n<meta property=\"og:description\" content=\"\u00dcber den WELTLADEN-Attendorn Der WELTLADEN in Attendorn in Attendorn ist mehr als nur ein Gesch\u00e4ft &#8211; er ist das Herzst\u00fcck einer Bewegung.\u00a0 Seit den 1980er Jahren k\u00e4mpfen wir hier lokal f\u00fcr einen gerechteren und nachhaltigeren globalen Handel. Ein Familienkreis aus Neu-Listernohl startete damals mit dem Verkauf von fair gehandeltem Kaffee, dessen Erl\u00f6se bis heute das&hellip;\" \/>\n<meta property=\"og:url\" content=\"https:\/\/weltlaeden.de\/attendorn\/ueber-uns\/\" \/>\n<meta property=\"og:site_name\" content=\"Weltgruppe Attendorn\" \/>\n<meta property=\"article:modified_time\" content=\"2024-08-15T09:55:02+00:00\" \/>\n<meta property=\"og:image\" content=\"https:\/\/weltlaeden.de\/attendorn\/wp-content\/uploads\/sites\/99\/2024\/08\/WhatsApp-Image-2024-08-14-at-19.45.02-1024x684.jpeg\" \/>\n<meta name=\"twitter:card\" content=\"summary_large_image\" \/>\n<meta name=\"twitter:label1\" content=\"Gesch\u00e4tzte Lesezeit\" \/>\n\t<meta name=\"twitter:data1\" content=\"2\u00a0Minuten\" \/>\n<script type=\"application\/ld+json\" class=\"yoast-schema-graph\">{\"@context\":\"https:\/\/schema.org\",\"@graph\":[{\"@type\":\"WebPage\",\"@id\":\"https:\/\/weltlaeden.de\/attendorn\/ueber-uns\/\",\"url\":\"https:\/\/weltlaeden.de\/attendorn\/ueber-uns\/\",\"name\":\"\u00dcber uns - Weltgruppe Attendorn\",\"isPartOf\":{\"@id\":\"https:\/\/weltlaeden.de\/attendorn\/#website\"},\"primaryImageOfPage\":{\"@id\":\"https:\/\/weltlaeden.de\/attendorn\/ueber-uns\/#primaryimage\"},\"image\":{\"@id\":\"https:\/\/weltlaeden.de\/attendorn\/ueber-uns\/#primaryimage\"},\"thumbnailUrl\":\"https:\/\/weltlaeden.de\/attendorn\/wp-content\/uploads\/sites\/99\/2024\/08\/WhatsApp-Image-2024-08-14-at-19.45.02-1024x684.jpeg\",\"datePublished\":\"2016-10-28T11:34:47+00:00\",\"dateModified\":\"2024-08-15T09:55:02+00:00\",\"breadcrumb\":{\"@id\":\"https:\/\/weltlaeden.de\/attendorn\/ueber-uns\/#breadcrumb\"},\"inLanguage\":\"de\",\"potentialAction\":[{\"@type\":\"ReadAction\",\"target\":[\"https:\/\/weltlaeden.de\/attendorn\/ueber-uns\/\"]}]},{\"@type\":\"ImageObject\",\"inLanguage\":\"de\",\"@id\":\"https:\/\/weltlaeden.de\/attendorn\/ueber-uns\/#primaryimage\",\"url\":\"https:\/\/weltlaeden.de\/attendorn\/wp-content\/uploads\/sites\/99\/2024\/08\/WhatsApp-Image-2024-08-14-at-19.45.02.jpeg\",\"contentUrl\":\"https:\/\/weltlaeden.de\/attendorn\/wp-content\/uploads\/sites\/99\/2024\/08\/WhatsApp-Image-2024-08-14-at-19.45.02.jpeg\",\"width\":1280,\"height\":855},{\"@type\":\"BreadcrumbList\",\"@id\":\"https:\/\/weltlaeden.de\/attendorn\/ueber-uns\/#breadcrumb\",\"itemListElement\":[{\"@type\":\"ListItem\",\"position\":1,\"name\":\"Startseite\",\"item\":\"https:\/\/weltlaeden.de\/attendorn\/\"},{\"@type\":\"ListItem\",\"position\":2,\"name\":\"\u00dcber uns\"}]},{\"@type\":\"WebSite\",\"@id\":\"https:\/\/weltlaeden.de\/attendorn\/#website\",\"url\":\"https:\/\/weltlaeden.de\/attendorn\/\",\"name\":\"Weltgruppe Attendorn\",\"description\":\"Faire Produkte seit 1984\",\"potentialAction\":[{\"@type\":\"SearchAction\",\"target\":{\"@type\":\"EntryPoint\",\"urlTemplate\":\"https:\/\/weltlaeden.de\/attendorn\/?s={search_term_string}\"},\"query-input\":{\"@type\":\"PropertyValueSpecification\",\"valueRequired\":true,\"valueName\":\"search_term_string\"}}],\"inLanguage\":\"de\"}]}<\/script>\n<!-- \/ Yoast SEO plugin. -->","yoast_head_json":{"title":"\u00dcber uns - Weltgruppe Attendorn","robots":{"index":"index","follow":"follow","max-snippet":"max-snippet:-1","max-image-preview":"max-image-preview:large","max-video-preview":"max-video-preview:-1"},"canonical":"https:\/\/weltlaeden.de\/attendorn\/ueber-uns\/","og_locale":"de_DE","og_type":"article","og_title":"\u00dcber uns - Weltgruppe Attendorn","og_description":"\u00dcber den WELTLADEN-Attendorn Der WELTLADEN in Attendorn in Attendorn ist mehr als nur ein Gesch\u00e4ft &#8211; er ist das Herzst\u00fcck einer Bewegung.\u00a0 Seit den 1980er Jahren k\u00e4mpfen wir hier lokal f\u00fcr einen gerechteren und nachhaltigeren globalen Handel. Ein Familienkreis aus Neu-Listernohl startete damals mit dem Verkauf von fair gehandeltem Kaffee, dessen Erl\u00f6se bis heute das&hellip;","og_url":"https:\/\/weltlaeden.de\/attendorn\/ueber-uns\/","og_site_name":"Weltgruppe Attendorn","article_modified_time":"2024-08-15T09:55:02+00:00","og_image":[{"url":"https:\/\/weltlaeden.de\/attendorn\/wp-content\/uploads\/sites\/99\/2024\/08\/WhatsApp-Image-2024-08-14-at-19.45.02-1024x684.jpeg","type":"","width":"","height":""}],"twitter_card":"summary_large_image","twitter_misc":{"Gesch\u00e4tzte Lesezeit":"2\u00a0Minuten"},"schema":{"@context":"https:\/\/schema.org","@graph":[{"@type":"WebPage","@id":"https:\/\/weltlaeden.de\/attendorn\/ueber-uns\/","url":"https:\/\/weltlaeden.de\/attendorn\/ueber-uns\/","name":"\u00dcber uns - Weltgruppe Attendorn","isPartOf":{"@id":"https:\/\/weltlaeden.de\/attendorn\/#website"},"primaryImageOfPage":{"@id":"https:\/\/weltlaeden.de\/attendorn\/ueber-uns\/#primaryimage"},"image":{"@id":"https:\/\/weltlaeden.de\/attendorn\/ueber-uns\/#primaryimage"},"thumbnailUrl":"https:\/\/weltlaeden.de\/attendorn\/wp-content\/uploads\/sites\/99\/2024\/08\/WhatsApp-Image-2024-08-14-at-19.45.02-1024x684.jpeg","datePublished":"2016-10-28T11:34:47+00:00","dateModified":"2024-08-15T09:55:02+00:00","breadcrumb":{"@id":"https:\/\/weltlaeden.de\/attendorn\/ueber-uns\/#breadcrumb"},"inLanguage":"de","potentialAction":[{"@type":"ReadAction","target":["https:\/\/weltlaeden.de\/attendorn\/ueber-uns\/"]}]},{"@type":"ImageObject","inLanguage":"de","@id":"https:\/\/weltlaeden.de\/attendorn\/ueber-uns\/#primaryimage","url":"https:\/\/weltlaeden.de\/attendorn\/wp-content\/uploads\/sites\/99\/2024\/08\/WhatsApp-Image-2024-08-14-at-19.45.02.jpeg","contentUrl":"https:\/\/weltlaeden.de\/attendorn\/wp-content\/uploads\/sites\/99\/2024\/08\/WhatsApp-Image-2024-08-14-at-19.45.02.jpeg","width":1280,"height":855},{"@type":"BreadcrumbList","@id":"https:\/\/weltlaeden.de\/attendorn\/ueber-uns\/#breadcrumb","itemListElement":[{"@type":"ListItem","position":1,"name":"Startseite","item":"https:\/\/weltlaeden.de\/attendorn\/"},{"@type":"ListItem","position":2,"name":"\u00dcber uns"}]},{"@type":"WebSite","@id":"https:\/\/weltlaeden.de\/attendorn\/#website","url":"https:\/\/weltlaeden.de\/attendorn\/","name":"Weltgruppe Attendorn","description":"Faire Produkte seit 1984","potentialAction":[{"@type":"SearchAction","target":{"@type":"EntryPoint","urlTemplate":"https:\/\/weltlaeden.de\/attendorn\/?s={search_term_string}"},"query-input":{"@type":"PropertyValueSpecification","valueRequired":true,"valueName":"search_term_string"}}],"inLanguage":"de"}]}},"_links":{"self":[{"href":"https:\/\/weltlaeden.de\/attendorn\/wp-json\/wp\/v2\/pages\/219","targetHints":{"allow":["GET"]}}],"collection":[{"href":"https:\/\/weltlaeden.de\/attendorn\/wp-json\/wp\/v2\/pages"}],"about":[{"href":"https:\/\/weltlaeden.de\/attendorn\/wp-json\/wp\/v2\/types\/page"}],"author":[{"embeddable":true,"href":"https:\/\/weltlaeden.de\/attendorn\/wp-json\/wp\/v2\/users\/1"}],"replies":[{"embeddable":true,"href":"https:\/\/weltlaeden.de\/attendorn\/wp-json\/wp\/v2\/comments?post=219"}],"version-history":[{"count":34,"href":"https:\/\/weltlaeden.de\/attendorn\/wp-json\/wp\/v2\/pages\/219\/revisions"}],"predecessor-version":[{"id":1787,"href":"https:\/\/weltlaeden.de\/attendorn\/wp-json\/wp\/v2\/pages\/219\/revisions\/1787"}],"wp:attachment":[{"href":"https:\/\/weltlaeden.de\/attendorn\/wp-json\/wp\/v2\/media?parent=219"}],"curies":[{"name":"wp","href":"https:\/\/api.w.org\/{rel}","templated":true}]}}

Über uns

<h1>Über den WELTLADEN-Attendorn</h1>
<div style="width: 1200px;" class="wp-video"><!--[if lt IE 9]><script>document.createElement('video');</script><![endif]-->
<video class="wp-video-shortcode" id="video-219-1" width="1200" height="675" autoplay="1" preload="metadata" controls="controls"><source type="video/mp4" src="https://weltlaeden.de/attendorn/wp-content/uploads/sites/99/2020/03/Weltladen-Attendorn-1.mp4?_=1" /><a href="https://weltlaeden.de/attendorn/wp-content/uploads/sites/99/2020/03/Weltladen-Attendorn-1.mp4">https://weltlaeden.de/attendorn/wp-content/uploads/sites/99/2020/03/Weltladen-Attendorn-1.mp4</a></video></div>
<p>Der WELTLADEN in Attendorn in Attendorn ist mehr als nur ein Geschäft &#8211; er ist das Herzstück einer Bewegung.  Seit den 1980er Jahren kämpfen wir hier lokal für einen gerechteren und nachhaltigeren globalen Handel. Ein Familienkreis aus Neu-Listernohl startete damals mit dem Verkauf von fair gehandeltem Kaffee, dessen Erlöse bis heute das Fischerpastoral-Projekt in Brasilien unterstützen. Der &#8222;Dritte-Welt-Kreis&#8220; entstand, wurde zum &#8222;Arbeitskreis Eine-Welt Attendorn&#8220; und verfolgt als gemeinnütziger Verein das Ziel, mit anderen Organisionen vor Ort Nachhaltigkeit, Gerechtigkeit und Firden voranzutreiben. Damals wie heute mobiliseren uns die Missstände in den Entwicklungsländern. Hier, im WELTLADEN, wird Handel zur Tat, und jede Ware erzählt die Geschichte einer Veränderung.</p>
<h1><strong>Weltladen Attendorn &#8211; Das Team </strong></h1>
<h1><strong><img loading="lazy" decoding="async" class="aligncenter wp-image-1785 size-large" src="https://weltlaeden.de/attendorn/wp-content/uploads/sites/99/2024/08/WhatsApp-Image-2024-08-14-at-19.45.02-1024x684.jpeg" alt="" width="1024" height="684" srcset="https://weltlaeden.de/attendorn/wp-content/uploads/sites/99/2024/08/WhatsApp-Image-2024-08-14-at-19.45.02-1024x684.jpeg 1024w, https://weltlaeden.de/attendorn/wp-content/uploads/sites/99/2024/08/WhatsApp-Image-2024-08-14-at-19.45.02-300x200.jpeg 300w, https://weltlaeden.de/attendorn/wp-content/uploads/sites/99/2024/08/WhatsApp-Image-2024-08-14-at-19.45.02-768x513.jpeg 768w, https://weltlaeden.de/attendorn/wp-content/uploads/sites/99/2024/08/WhatsApp-Image-2024-08-14-at-19.45.02.jpeg 1280w" sizes="auto, (max-width: 1024px) 100vw, 1024px" /></strong></h1>
<h1><strong>UNSERE PROJEKTE</strong></h1>
<p><strong>DAS PROJEKT FISCHERPASTORAL IN BRASILIEN</strong></p>
<p>Jedes Jahr informieren wir unsere Freund und Förderer über die aktuellen Entwicklungen im Projekt in einem Weihnachtsbrief (<a href="https://weltlaeden.de/attendorn/wp-content/uploads/sites/99/2022/03/15_12_2021_Weihnachtsbrief_2021.pdf">Weihnachtsbrief_2021).</a></p>
<p><strong>SEIT 2011 FAIRTRADE STADT ATTENDORN</strong></p>
<p>Attendorn ist die erste Fairtrade-Stadt in Südwestfalen. Der &#8222;Arbeitskreis Fairer Handel&#8220; setzt sich gemeinsam mit der Stadt, der lokalen Agenda und vielen Unterstützern alle zwei Jahre dafür ein, den Titel zu behalten. Dabei werden regelmäßige Veranstaltungen wie das faire Frühstück oder eine Modenschau mit fair gehandelten Kleidern organisiert. Die Mitwirkenden gestalten das Projekt durch spannende Kontakte zu Verbänden, Schulen, Unternehmen und anderen, die eine gerechte Welt befürworten. Die vielen MITMACHER findest du <a href="https://www.attendorn.de/Stadtinfo-Tourismus/Stadtinfo/Fairtrade"><strong>hier</strong></a>.</p>
<p><strong>REGIONALITÄT IN DER FAIRTRADE STADT</strong></p>
<p>Die Aspekte des Fairen Handels rücken aktuell in Zeiten von Klimawandel immer mehr in den Blick. Dazu gehört auch die Regionalität von Produkten. Landwirte und Produzenten sollen hier und überall gerechte Preise für ihre Arbeit erhalten. Deshalb wird zukünftig das Sortiment im WELTLADEN um regionale Produkte erweitert.</p>
<p>&nbsp;</p>

<p>Über den WELTLADEN-Attendorn Der WELTLADEN in Attendorn in Attendorn ist mehr als nur ein Geschäft &#8211; er ist das Herzstück einer Bewegung.  Seit den 1980er Jahren kämpfen wir hier lokal für einen gerechteren und nachhaltigeren globalen Handel. Ein Familienkreis aus Neu-Listernohl startete damals mit dem Verkauf von fair gehandeltem Kaffee, dessen Erlöse bis heute das&hellip;</p>

<!-- This site is optimized with the Yoast SEO plugin v26.8 - https://yoast.com/product/yoast-seo-wordpress/ -->
<title>Über uns - Weltgruppe Attendorn</title>
<meta name="robots" content="index, follow, max-snippet:-1, max-image-preview:large, max-video-preview:-1" />
<link rel="canonical" href="https://weltlaeden.de/attendorn/ueber-uns/" />
<meta property="og:locale" content="de_DE" />
<meta property="og:type" content="article" />
<meta property="og:title" content="Über uns - Weltgruppe Attendorn" />
<meta property="og:description" content="Über den WELTLADEN-Attendorn Der WELTLADEN in Attendorn in Attendorn ist mehr als nur ein Geschäft &#8211; er ist das Herzstück einer Bewegung.  Seit den 1980er Jahren kämpfen wir hier lokal für einen gerechteren und nachhaltigeren globalen Handel. Ein Familienkreis aus Neu-Listernohl startete damals mit dem Verkauf von fair gehandeltem Kaffee, dessen Erlöse bis heute das&hellip;" />
<meta property="og:url" content="https://weltlaeden.de/attendorn/ueber-uns/" />
<meta property="og:site_name" content="Weltgruppe Attendorn" />
<meta property="article:modified_time" content="2024-08-15T09:55:02+00:00" />
<meta property="og:image" content="https://weltlaeden.de/attendorn/wp-content/uploads/sites/99/2024/08/WhatsApp-Image-2024-08-14-at-19.45.02-1024x684.jpeg" />
<meta name="twitter:card" content="summary_large_image" />
<meta name="twitter:label1" content="Geschätzte Lesezeit" />
	<meta name="twitter:data1" content="2 Minuten" />
<script type="application/ld+json" class="yoast-schema-graph">{"@context":"https://schema.org","@graph":[{"@type":"WebPage","@id":"https://weltlaeden.de/attendorn/ueber-uns/","url":"https://weltlaeden.de/attendorn/ueber-uns/","name":"Über uns - Weltgruppe Attendorn","isPartOf":{"@id":"https://weltlaeden.de/attendorn/#website"},"primaryImageOfPage":{"@id":"https://weltlaeden.de/attendorn/ueber-uns/#primaryimage"},"image":{"@id":"https://weltlaeden.de/attendorn/ueber-uns/#primaryimage"},"thumbnailUrl":"https://weltlaeden.de/attendorn/wp-content/uploads/sites/99/2024/08/WhatsApp-Image-2024-08-14-at-19.45.02-1024x684.jpeg","datePublished":"2016-10-28T11:34:47+00:00","dateModified":"2024-08-15T09:55:02+00:00","breadcrumb":{"@id":"https://weltlaeden.de/attendorn/ueber-uns/#breadcrumb"},"inLanguage":"de","potentialAction":[{"@type":"ReadAction","target":["https://weltlaeden.de/attendorn/ueber-uns/"]}]},{"@type":"ImageObject","inLanguage":"de","@id":"https://weltlaeden.de/attendorn/ueber-uns/#primaryimage","url":"https://weltlaeden.de/attendorn/wp-content/uploads/sites/99/2024/08/WhatsApp-Image-2024-08-14-at-19.45.02.jpeg","contentUrl":"https://weltlaeden.de/attendorn/wp-content/uploads/sites/99/2024/08/WhatsApp-Image-2024-08-14-at-19.45.02.jpeg","width":1280,"height":855},{"@type":"BreadcrumbList","@id":"https://weltlaeden.de/attendorn/ueber-uns/#breadcrumb","itemListElement":[{"@type":"ListItem","position":1,"name":"Startseite","item":"https://weltlaeden.de/attendorn/"},{"@type":"ListItem","position":2,"name":"Über uns"}]},{"@type":"WebSite","@id":"https://weltlaeden.de/attendorn/#website","url":"https://weltlaeden.de/attendorn/","name":"Weltgruppe Attendorn","description":"Faire Produkte seit 1984","potentialAction":[{"@type":"SearchAction","target":{"@type":"EntryPoint","urlTemplate":"https://weltlaeden.de/attendorn/?s={search_term_string}"},"query-input":{"@type":"PropertyValueSpecification","valueRequired":true,"valueName":"search_term_string"}}],"inLanguage":"de"}]}</script>
<!-- / Yoast SEO plugin. -->

Über uns - Weltgruppe Attendorn

Über den WELTLADEN-Attendorn Der WELTLADEN in Attendorn in Attendorn ist mehr als nur ein Geschäft &#8211; er ist das Herzstück einer Bewegung.  Seit den 1980er Jahren kämpfen wir hier lokal für einen gerechteren und nachhaltigeren globalen Handel. Ein Familienkreis aus Neu-Listernohl startete damals mit dem Verkauf von fair gehandeltem Kaffee, dessen Erlöse bis heute das&hellip;
