{"id":1662,"date":"2023-11-14T16:47:01","date_gmt":"2023-11-14T15:47:01","guid":{"rendered":"https:\/\/weltlaeden.de\/attendorn\/?page_id=1662"},"modified":"2026-03-31T10:21:23","modified_gmt":"2026-03-31T08:21:23","slug":"fairtrade-town-attendorn","status":"publish","type":"page","link":"https:\/\/weltlaeden.de\/attendorn\/fairtrade-town-attendorn\/","title":{"rendered":"FAIRTRADE-TOWN Attendorn"},"content":{"rendered":"<div class=\"wpb-content-wrapper\"><p>[vc_row][vc_column][vc_column_text css=&#8220;&#8220;]FAIRTRADE TOWN ATTENDORN<\/p>\n<p>2011 zeichnete der gemeinn\u00fctzige Verein TransFair e.V. die Hansestadt Attendorn erstmals f\u00fcr ihr Mitwirken zugunsten des fairen Handels aus. Attendorn war damit die erste Fairtrade-Stadt in S\u00fcdwestfalen.<\/p>\n<p>Seitdem ist das Engagement in der Fairtrade-Stadt Attendorn vielf\u00e4ltig: Einige Beispiele erfolgreicher Projekte sind die Neuer\u00f6ffnung des Weltladens in der Ennester Stra\u00dfe, der Arbeitskreis Fairer Handel, faire Kirchengemeinden, die Mitgliedschaft im Weltladen-Dachverband sowie iin der internationalen \u201eFairen Hanse\u201c und nicht zuletzt der Attendorner Stadtkaffee \u201eBellebaums Traum\u201c.<\/p>\n<p>Die Fairt<img loading=\"lazy\" decoding=\"async\" class=\" wp-image-1663 alignleft\" src=\"https:\/\/weltlaeden.de\/attendorn\/wp-content\/uploads\/sites\/99\/2023\/11\/wir-sind-Fairtrade-Stadt.jpg\" alt=\"\" width=\"143\" height=\"215\" \/>rade-Towns-Kampagne bietet der Hansestadt Attendorn durch die Vernetzung der beteiligten Akteure auch M\u00f6glichkeiten zum Austausch \u00fcber die Umsetzung globaler nachhaltiger Entwicklungsziele der Vereinten Nationen \u201evor Ort\u201c. Unter dem Motto \u201eGlobal denken, lokal handeln\u201c leistet die Stadt mit ihrem Engagement so einen wichtigen Beitrag.<\/p>\n<p>\u201eF\u00fcr uns ist die Auszeichnung zugleich Motivation und Aufforderung f\u00fcr weitere Aktivit\u00e4ten. Seit Anfang 2023 tragen viele Interessierte in der &#8222;erweiterten&#8220; Steuerungsgruppe dazu bei, dass Attendorn die Kriterien weiterhin erf\u00fcllt und diesen Titel auch in zwei Jahren wieder erh\u00e4lt. Dazu geh\u00f6ren neben dem Eine-Welt e.V. \/ Weltladen, der Lokalen Agenda, der Verwaltung nun auch das Jugendparlament, der Seniorenrat, ein regionaler landwirtschaftlicher Betrieb, die Werbegemeinschaft, Vertreter der Gr\u00fcnen, der CDU und der SPD, Vertreter*innen mehrerer Schulen und einige mehr an.<\/p>\n<p>Machen Sie gerne mit. Interessierte sind herzlich willkommen (egal ob Einzelperson, Unternehmen oder Verein).<\/p>\n<p>&nbsp;<\/p>\n<p>Wer sich informieren m\u00f6chte, ist herzlich<\/p>\n<ul>\n<li>zu den regelm\u00e4\u00dfigen Treffen des Arbeitskreises Fairer Handel (am 2. Dienstag im Monat)<\/li>\n<\/ul>\n<p>und \/ oder<\/p>\n<ul>\n<li>in der Steuerungsgruppe Fairtrade Attendorn (auf Anfrage)<a href=\"https:\/\/www.attendorn.de\/Stadtinfo-Tourismus\/Stadtinfo\/Fairtrade\/Fairtrade-Town-Attendorn\">Steuerungsgruppe Stadt Attendorn<\/a><\/li>\n<\/ul>\n<p>und \/oder<\/p>\n<ul>\n<li>im Weltladen in der Ennester Str. 13<\/li>\n<\/ul>\n<p>willkommen.<\/p>\n<p>[\/vc_column_text][\/vc_column][\/vc_row]<\/p>\n<\/div>","protected":false},"excerpt":{"rendered":"<p>[vc_row][vc_column][vc_column_text css=&#8220;&#8220;]FAIRTRADE TOWN ATTENDORN 2011 zeichnete der gemeinn\u00fctzige Verein TransFair e.V. die Hansestadt Attendorn erstmals f\u00fcr ihr Mitwirken zugunsten des fairen Handels aus. Attendorn war damit die erste Fairtrade-Stadt in S\u00fcdwestfalen. Seitdem ist das Engagement in der Fairtrade-Stadt Attendorn vielf\u00e4ltig: Einige Beispiele erfolgreicher Projekte sind die Neuer\u00f6ffnung des Weltladens in der Ennester Stra\u00dfe, der Arbeitskreis&hellip;<\/p>\n","protected":false},"author":154,"featured_media":1663,"parent":0,"menu_order":0,"comment_status":"closed","ping_status":"closed","template":"","meta":{"footnotes":""},"class_list":["post-1662","page","type-page","status-publish","has-post-thumbnail","hentry","description-off"],"yoast_head":"<!-- This site is optimized with the Yoast SEO plugin v26.8 - https:\/\/yoast.com\/product\/yoast-seo-wordpress\/ -->\n<title>FAIRTRADE-TOWN Attendorn - Weltgruppe Attendorn<\/title>\n<meta name=\"robots\" content=\"index, follow, max-snippet:-1, max-image-preview:large, max-video-preview:-1\" \/>\n<link rel=\"canonical\" href=\"https:\/\/weltlaeden.de\/attendorn\/fairtrade-town-attendorn\/\" \/>\n<meta property=\"og:locale\" content=\"de_DE\" \/>\n<meta property=\"og:type\" content=\"article\" \/>\n<meta property=\"og:title\" content=\"FAIRTRADE-TOWN Attendorn - Weltgruppe Attendorn\" \/>\n<meta property=\"og:description\" content=\"[vc_row][vc_column][vc_column_text css=&#8220;&#8220;]FAIRTRADE TOWN ATTENDORN 2011 zeichnete der gemeinn\u00fctzige Verein TransFair e.V. die Hansestadt Attendorn erstmals f\u00fcr ihr Mitwirken zugunsten des fairen Handels aus. Attendorn war damit die erste Fairtrade-Stadt in S\u00fcdwestfalen. Seitdem ist das Engagement in der Fairtrade-Stadt Attendorn vielf\u00e4ltig: Einige Beispiele erfolgreicher Projekte sind die Neuer\u00f6ffnung des Weltladens in der Ennester Stra\u00dfe, der Arbeitskreis&hellip;\" \/>\n<meta property=\"og:url\" content=\"https:\/\/weltlaeden.de\/attendorn\/fairtrade-town-attendorn\/\" \/>\n<meta property=\"og:site_name\" content=\"Weltgruppe Attendorn\" \/>\n<meta property=\"article:modified_time\" content=\"2026-03-31T08:21:23+00:00\" \/>\n<meta property=\"og:image\" content=\"https:\/\/weltlaeden.de\/attendorn\/wp-content\/uploads\/sites\/99\/2023\/11\/wir-sind-Fairtrade-Stadt.jpg\" \/>\n\t<meta property=\"og:image:width\" content=\"119\" \/>\n\t<meta property=\"og:image:height\" content=\"179\" \/>\n\t<meta property=\"og:image:type\" content=\"image\/jpeg\" \/>\n<meta name=\"twitter:card\" content=\"summary_large_image\" \/>\n<meta name=\"twitter:label1\" content=\"Gesch\u00e4tzte Lesezeit\" \/>\n\t<meta name=\"twitter:data1\" content=\"2\u00a0Minuten\" \/>\n<script type=\"application\/ld+json\" class=\"yoast-schema-graph\">{\"@context\":\"https:\/\/schema.org\",\"@graph\":[{\"@type\":\"WebPage\",\"@id\":\"https:\/\/weltlaeden.de\/attendorn\/fairtrade-town-attendorn\/\",\"url\":\"https:\/\/weltlaeden.de\/attendorn\/fairtrade-town-attendorn\/\",\"name\":\"FAIRTRADE-TOWN Attendorn - Weltgruppe Attendorn\",\"isPartOf\":{\"@id\":\"https:\/\/weltlaeden.de\/attendorn\/#website\"},\"primaryImageOfPage\":{\"@id\":\"https:\/\/weltlaeden.de\/attendorn\/fairtrade-town-attendorn\/#primaryimage\"},\"image\":{\"@id\":\"https:\/\/weltlaeden.de\/attendorn\/fairtrade-town-attendorn\/#primaryimage\"},\"thumbnailUrl\":\"https:\/\/weltlaeden.de\/attendorn\/wp-content\/uploads\/sites\/99\/2023\/11\/wir-sind-Fairtrade-Stadt.jpg\",\"datePublished\":\"2023-11-14T15:47:01+00:00\",\"dateModified\":\"2026-03-31T08:21:23+00:00\",\"breadcrumb\":{\"@id\":\"https:\/\/weltlaeden.de\/attendorn\/fairtrade-town-attendorn\/#breadcrumb\"},\"inLanguage\":\"de\",\"potentialAction\":[{\"@type\":\"ReadAction\",\"target\":[\"https:\/\/weltlaeden.de\/attendorn\/fairtrade-town-attendorn\/\"]}]},{\"@type\":\"ImageObject\",\"inLanguage\":\"de\",\"@id\":\"https:\/\/weltlaeden.de\/attendorn\/fairtrade-town-attendorn\/#primaryimage\",\"url\":\"https:\/\/weltlaeden.de\/attendorn\/wp-content\/uploads\/sites\/99\/2023\/11\/wir-sind-Fairtrade-Stadt.jpg\",\"contentUrl\":\"https:\/\/weltlaeden.de\/attendorn\/wp-content\/uploads\/sites\/99\/2023\/11\/wir-sind-Fairtrade-Stadt.jpg\",\"width\":119,\"height\":179},{\"@type\":\"BreadcrumbList\",\"@id\":\"https:\/\/weltlaeden.de\/attendorn\/fairtrade-town-attendorn\/#breadcrumb\",\"itemListElement\":[{\"@type\":\"ListItem\",\"position\":1,\"name\":\"Startseite\",\"item\":\"https:\/\/weltlaeden.de\/attendorn\/\"},{\"@type\":\"ListItem\",\"position\":2,\"name\":\"FAIRTRADE-TOWN Attendorn\"}]},{\"@type\":\"WebSite\",\"@id\":\"https:\/\/weltlaeden.de\/attendorn\/#website\",\"url\":\"https:\/\/weltlaeden.de\/attendorn\/\",\"name\":\"Weltgruppe Attendorn\",\"description\":\"Faire Produkte seit 1984\",\"potentialAction\":[{\"@type\":\"SearchAction\",\"target\":{\"@type\":\"EntryPoint\",\"urlTemplate\":\"https:\/\/weltlaeden.de\/attendorn\/?s={search_term_string}\"},\"query-input\":{\"@type\":\"PropertyValueSpecification\",\"valueRequired\":true,\"valueName\":\"search_term_string\"}}],\"inLanguage\":\"de\"}]}<\/script>\n<!-- \/ Yoast SEO plugin. -->","yoast_head_json":{"title":"FAIRTRADE-TOWN Attendorn - Weltgruppe Attendorn","robots":{"index":"index","follow":"follow","max-snippet":"max-snippet:-1","max-image-preview":"max-image-preview:large","max-video-preview":"max-video-preview:-1"},"canonical":"https:\/\/weltlaeden.de\/attendorn\/fairtrade-town-attendorn\/","og_locale":"de_DE","og_type":"article","og_title":"FAIRTRADE-TOWN Attendorn - Weltgruppe Attendorn","og_description":"[vc_row][vc_column][vc_column_text css=&#8220;&#8220;]FAIRTRADE TOWN ATTENDORN 2011 zeichnete der gemeinn\u00fctzige Verein TransFair e.V. die Hansestadt Attendorn erstmals f\u00fcr ihr Mitwirken zugunsten des fairen Handels aus. Attendorn war damit die erste Fairtrade-Stadt in S\u00fcdwestfalen. Seitdem ist das Engagement in der Fairtrade-Stadt Attendorn vielf\u00e4ltig: Einige Beispiele erfolgreicher Projekte sind die Neuer\u00f6ffnung des Weltladens in der Ennester Stra\u00dfe, der Arbeitskreis&hellip;","og_url":"https:\/\/weltlaeden.de\/attendorn\/fairtrade-town-attendorn\/","og_site_name":"Weltgruppe Attendorn","article_modified_time":"2026-03-31T08:21:23+00:00","og_image":[{"width":119,"height":179,"url":"https:\/\/weltlaeden.de\/attendorn\/wp-content\/uploads\/sites\/99\/2023\/11\/wir-sind-Fairtrade-Stadt.jpg","type":"image\/jpeg"}],"twitter_card":"summary_large_image","twitter_misc":{"Gesch\u00e4tzte Lesezeit":"2\u00a0Minuten"},"schema":{"@context":"https:\/\/schema.org","@graph":[{"@type":"WebPage","@id":"https:\/\/weltlaeden.de\/attendorn\/fairtrade-town-attendorn\/","url":"https:\/\/weltlaeden.de\/attendorn\/fairtrade-town-attendorn\/","name":"FAIRTRADE-TOWN Attendorn - Weltgruppe Attendorn","isPartOf":{"@id":"https:\/\/weltlaeden.de\/attendorn\/#website"},"primaryImageOfPage":{"@id":"https:\/\/weltlaeden.de\/attendorn\/fairtrade-town-attendorn\/#primaryimage"},"image":{"@id":"https:\/\/weltlaeden.de\/attendorn\/fairtrade-town-attendorn\/#primaryimage"},"thumbnailUrl":"https:\/\/weltlaeden.de\/attendorn\/wp-content\/uploads\/sites\/99\/2023\/11\/wir-sind-Fairtrade-Stadt.jpg","datePublished":"2023-11-14T15:47:01+00:00","dateModified":"2026-03-31T08:21:23+00:00","breadcrumb":{"@id":"https:\/\/weltlaeden.de\/attendorn\/fairtrade-town-attendorn\/#breadcrumb"},"inLanguage":"de","potentialAction":[{"@type":"ReadAction","target":["https:\/\/weltlaeden.de\/attendorn\/fairtrade-town-attendorn\/"]}]},{"@type":"ImageObject","inLanguage":"de","@id":"https:\/\/weltlaeden.de\/attendorn\/fairtrade-town-attendorn\/#primaryimage","url":"https:\/\/weltlaeden.de\/attendorn\/wp-content\/uploads\/sites\/99\/2023\/11\/wir-sind-Fairtrade-Stadt.jpg","contentUrl":"https:\/\/weltlaeden.de\/attendorn\/wp-content\/uploads\/sites\/99\/2023\/11\/wir-sind-Fairtrade-Stadt.jpg","width":119,"height":179},{"@type":"BreadcrumbList","@id":"https:\/\/weltlaeden.de\/attendorn\/fairtrade-town-attendorn\/#breadcrumb","itemListElement":[{"@type":"ListItem","position":1,"name":"Startseite","item":"https:\/\/weltlaeden.de\/attendorn\/"},{"@type":"ListItem","position":2,"name":"FAIRTRADE-TOWN Attendorn"}]},{"@type":"WebSite","@id":"https:\/\/weltlaeden.de\/attendorn\/#website","url":"https:\/\/weltlaeden.de\/attendorn\/","name":"Weltgruppe Attendorn","description":"Faire Produkte seit 1984","potentialAction":[{"@type":"SearchAction","target":{"@type":"EntryPoint","urlTemplate":"https:\/\/weltlaeden.de\/attendorn\/?s={search_term_string}"},"query-input":{"@type":"PropertyValueSpecification","valueRequired":true,"valueName":"search_term_string"}}],"inLanguage":"de"}]}},"_links":{"self":[{"href":"https:\/\/weltlaeden.de\/attendorn\/wp-json\/wp\/v2\/pages\/1662","targetHints":{"allow":["GET"]}}],"collection":[{"href":"https:\/\/weltlaeden.de\/attendorn\/wp-json\/wp\/v2\/pages"}],"about":[{"href":"https:\/\/weltlaeden.de\/attendorn\/wp-json\/wp\/v2\/types\/page"}],"author":[{"embeddable":true,"href":"https:\/\/weltlaeden.de\/attendorn\/wp-json\/wp\/v2\/users\/154"}],"replies":[{"embeddable":true,"href":"https:\/\/weltlaeden.de\/attendorn\/wp-json\/wp\/v2\/comments?post=1662"}],"version-history":[{"count":4,"href":"https:\/\/weltlaeden.de\/attendorn\/wp-json\/wp\/v2\/pages\/1662\/revisions"}],"predecessor-version":[{"id":1899,"href":"https:\/\/weltlaeden.de\/attendorn\/wp-json\/wp\/v2\/pages\/1662\/revisions\/1899"}],"wp:featuredmedia":[{"embeddable":true,"href":"https:\/\/weltlaeden.de\/attendorn\/wp-json\/wp\/v2\/media\/1663"}],"wp:attachment":[{"href":"https:\/\/weltlaeden.de\/attendorn\/wp-json\/wp\/v2\/media?parent=1662"}],"curies":[{"name":"wp","href":"https:\/\/api.w.org\/{rel}","templated":true}]}}

<div class="wpb-content-wrapper"><p>[vc_row][vc_column][vc_column_text css=&#8220;&#8220;]FAIRTRADE TOWN ATTENDORN</p>
<p>2011 zeichnete der gemeinnützige Verein TransFair e.V. die Hansestadt Attendorn erstmals für ihr Mitwirken zugunsten des fairen Handels aus. Attendorn war damit die erste Fairtrade-Stadt in Südwestfalen.</p>
<p>Seitdem ist das Engagement in der Fairtrade-Stadt Attendorn vielfältig: Einige Beispiele erfolgreicher Projekte sind die Neueröffnung des Weltladens in der Ennester Straße, der Arbeitskreis Fairer Handel, faire Kirchengemeinden, die Mitgliedschaft im Weltladen-Dachverband sowie iin der internationalen „Fairen Hanse“ und nicht zuletzt der Attendorner Stadtkaffee „Bellebaums Traum“.</p>
<p>Die Fairt<img loading="lazy" decoding="async" class=" wp-image-1663 alignleft" src="https://weltlaeden.de/attendorn/wp-content/uploads/sites/99/2023/11/wir-sind-Fairtrade-Stadt.jpg" alt="" width="143" height="215" />rade-Towns-Kampagne bietet der Hansestadt Attendorn durch die Vernetzung der beteiligten Akteure auch Möglichkeiten zum Austausch über die Umsetzung globaler nachhaltiger Entwicklungsziele der Vereinten Nationen „vor Ort“. Unter dem Motto „Global denken, lokal handeln“ leistet die Stadt mit ihrem Engagement so einen wichtigen Beitrag.</p>
<p>„Für uns ist die Auszeichnung zugleich Motivation und Aufforderung für weitere Aktivitäten. Seit Anfang 2023 tragen viele Interessierte in der &#8222;erweiterten&#8220; Steuerungsgruppe dazu bei, dass Attendorn die Kriterien weiterhin erfüllt und diesen Titel auch in zwei Jahren wieder erhält. Dazu gehören neben dem Eine-Welt e.V. / Weltladen, der Lokalen Agenda, der Verwaltung nun auch das Jugendparlament, der Seniorenrat, ein regionaler landwirtschaftlicher Betrieb, die Werbegemeinschaft, Vertreter der Grünen, der CDU und der SPD, Vertreter*innen mehrerer Schulen und einige mehr an.</p>
<p>Machen Sie gerne mit. Interessierte sind herzlich willkommen (egal ob Einzelperson, Unternehmen oder Verein).</p>
<p>&nbsp;</p>
<p>Wer sich informieren möchte, ist herzlich</p>
<ul>
<li>zu den regelmäßigen Treffen des Arbeitskreises Fairer Handel (am 2. Dienstag im Monat)</li>
</ul>
<p>und / oder</p>
<ul>
<li>in der Steuerungsgruppe Fairtrade Attendorn (auf Anfrage)<a href="https://www.attendorn.de/Stadtinfo-Tourismus/Stadtinfo/Fairtrade/Fairtrade-Town-Attendorn">Steuerungsgruppe Stadt Attendorn</a></li>
</ul>
<p>und /oder</p>
<ul>
<li>im Weltladen in der Ennester Str. 13</li>
</ul>
<p>willkommen.</p>
<p>[/vc_column_text][/vc_column][/vc_row]</p>
</div>

<p>[vc_row][vc_column][vc_column_text css=&#8220;&#8220;]FAIRTRADE TOWN ATTENDORN 2011 zeichnete der gemeinnützige Verein TransFair e.V. die Hansestadt Attendorn erstmals für ihr Mitwirken zugunsten des fairen Handels aus. Attendorn war damit die erste Fairtrade-Stadt in Südwestfalen. Seitdem ist das Engagement in der Fairtrade-Stadt Attendorn vielfältig: Einige Beispiele erfolgreicher Projekte sind die Neueröffnung des Weltladens in der Ennester Straße, der Arbeitskreis&hellip;</p>

<!-- This site is optimized with the Yoast SEO plugin v26.8 - https://yoast.com/product/yoast-seo-wordpress/ -->
<title>FAIRTRADE-TOWN Attendorn - Weltgruppe Attendorn</title>
<meta name="robots" content="index, follow, max-snippet:-1, max-image-preview:large, max-video-preview:-1" />
<link rel="canonical" href="https://weltlaeden.de/attendorn/fairtrade-town-attendorn/" />
<meta property="og:locale" content="de_DE" />
<meta property="og:type" content="article" />
<meta property="og:title" content="FAIRTRADE-TOWN Attendorn - Weltgruppe Attendorn" />
<meta property="og:description" content="[vc_row][vc_column][vc_column_text css=&#8220;&#8220;]FAIRTRADE TOWN ATTENDORN 2011 zeichnete der gemeinnützige Verein TransFair e.V. die Hansestadt Attendorn erstmals für ihr Mitwirken zugunsten des fairen Handels aus. Attendorn war damit die erste Fairtrade-Stadt in Südwestfalen. Seitdem ist das Engagement in der Fairtrade-Stadt Attendorn vielfältig: Einige Beispiele erfolgreicher Projekte sind die Neueröffnung des Weltladens in der Ennester Straße, der Arbeitskreis&hellip;" />
<meta property="og:url" content="https://weltlaeden.de/attendorn/fairtrade-town-attendorn/" />
<meta property="og:site_name" content="Weltgruppe Attendorn" />
<meta property="article:modified_time" content="2026-03-31T08:21:23+00:00" />
<meta property="og:image" content="https://weltlaeden.de/attendorn/wp-content/uploads/sites/99/2023/11/wir-sind-Fairtrade-Stadt.jpg" />
	<meta property="og:image:width" content="119" />
	<meta property="og:image:height" content="179" />
	<meta property="og:image:type" content="image/jpeg" />
<meta name="twitter:card" content="summary_large_image" />
<meta name="twitter:label1" content="Geschätzte Lesezeit" />
	<meta name="twitter:data1" content="2 Minuten" />
<script type="application/ld+json" class="yoast-schema-graph">{"@context":"https://schema.org","@graph":[{"@type":"WebPage","@id":"https://weltlaeden.de/attendorn/fairtrade-town-attendorn/","url":"https://weltlaeden.de/attendorn/fairtrade-town-attendorn/","name":"FAIRTRADE-TOWN Attendorn - Weltgruppe Attendorn","isPartOf":{"@id":"https://weltlaeden.de/attendorn/#website"},"primaryImageOfPage":{"@id":"https://weltlaeden.de/attendorn/fairtrade-town-attendorn/#primaryimage"},"image":{"@id":"https://weltlaeden.de/attendorn/fairtrade-town-attendorn/#primaryimage"},"thumbnailUrl":"https://weltlaeden.de/attendorn/wp-content/uploads/sites/99/2023/11/wir-sind-Fairtrade-Stadt.jpg","datePublished":"2023-11-14T15:47:01+00:00","dateModified":"2026-03-31T08:21:23+00:00","breadcrumb":{"@id":"https://weltlaeden.de/attendorn/fairtrade-town-attendorn/#breadcrumb"},"inLanguage":"de","potentialAction":[{"@type":"ReadAction","target":["https://weltlaeden.de/attendorn/fairtrade-town-attendorn/"]}]},{"@type":"ImageObject","inLanguage":"de","@id":"https://weltlaeden.de/attendorn/fairtrade-town-attendorn/#primaryimage","url":"https://weltlaeden.de/attendorn/wp-content/uploads/sites/99/2023/11/wir-sind-Fairtrade-Stadt.jpg","contentUrl":"https://weltlaeden.de/attendorn/wp-content/uploads/sites/99/2023/11/wir-sind-Fairtrade-Stadt.jpg","width":119,"height":179},{"@type":"BreadcrumbList","@id":"https://weltlaeden.de/attendorn/fairtrade-town-attendorn/#breadcrumb","itemListElement":[{"@type":"ListItem","position":1,"name":"Startseite","item":"https://weltlaeden.de/attendorn/"},{"@type":"ListItem","position":2,"name":"FAIRTRADE-TOWN Attendorn"}]},{"@type":"WebSite","@id":"https://weltlaeden.de/attendorn/#website","url":"https://weltlaeden.de/attendorn/","name":"Weltgruppe Attendorn","description":"Faire Produkte seit 1984","potentialAction":[{"@type":"SearchAction","target":{"@type":"EntryPoint","urlTemplate":"https://weltlaeden.de/attendorn/?s={search_term_string}"},"query-input":{"@type":"PropertyValueSpecification","valueRequired":true,"valueName":"search_term_string"}}],"inLanguage":"de"}]}</script>
<!-- / Yoast SEO plugin. -->

[vc_row][vc_column][vc_column_text css=&#8220;&#8220;]FAIRTRADE TOWN ATTENDORN 2011 zeichnete der gemeinnützige Verein TransFair e.V. die Hansestadt Attendorn erstmals für ihr Mitwirken zugunsten des fairen Handels aus. Attendorn war damit die erste Fairtrade-Stadt in Südwestfalen. Seitdem ist das Engagement in der Fairtrade-Stadt Attendorn vielfältig: Einige Beispiele erfolgreicher Projekte sind die Neueröffnung des Weltladens in der Ennester Straße, der Arbeitskreis&hellip;
