{"version":"1.0","provider_name":"Weltladen Alzey e.V.","provider_url":"https:\/\/weltlaeden.de\/alzey","title":"Volkerstadtfest 3.9. von 9:30 Uhr - 18 Uhr - Weltladen Alzey e.V.","type":"rich","width":600,"height":338,"html":"<blockquote class=\"wp-embedded-content\" data-secret=\"Cs5uO9uj00\"><a href=\"https:\/\/weltlaeden.de\/alzey\/termin\/volkerstadtfest-3-9-von-930-uhr-18-uhr\/\">Volkerstadtfest 3.9. von 9:30 Uhr &#8211; 18 Uhr<\/a><\/blockquote><iframe sandbox=\"allow-scripts\" security=\"restricted\" src=\"https:\/\/weltlaeden.de\/alzey\/termin\/volkerstadtfest-3-9-von-930-uhr-18-uhr\/embed\/#?secret=Cs5uO9uj00\" width=\"600\" height=\"338\" title=\"&#8222;Volkerstadtfest 3.9. von 9:30 Uhr &#8211; 18 Uhr&#8220; &#8211; Weltladen Alzey e.V.\" data-secret=\"Cs5uO9uj00\" frameborder=\"0\" marginwidth=\"0\" marginheight=\"0\" scrolling=\"no\" class=\"wp-embedded-content\"><\/iframe><script>\n\/*! This file is auto-generated *\/\n!function(d,l){\"use strict\";l.querySelector&&d.addEventListener&&\"undefined\"!=typeof URL&&(d.wp=d.wp||{},d.wp.receiveEmbedMessage||(d.wp.receiveEmbedMessage=function(e){var t=e.data;if((t||t.secret||t.message||t.value)&&!\/[^a-zA-Z0-9]\/.test(t.secret)){for(var s,r,n,a=l.querySelectorAll('iframe[data-secret=\"'+t.secret+'\"]'),o=l.querySelectorAll('blockquote[data-secret=\"'+t.secret+'\"]'),c=new RegExp(\"^https?:$\",\"i\"),i=0;i<o.length;i++)o[i].style.display=\"none\";for(i=0;i<a.length;i++)s=a[i],e.source===s.contentWindow&&(s.removeAttribute(\"style\"),\"height\"===t.message?(1e3<(r=parseInt(t.value,10))?r=1e3:~~r<200&&(r=200),s.height=r):\"link\"===t.message&&(r=new URL(s.getAttribute(\"src\")),n=new URL(t.value),c.test(n.protocol))&&n.host===r.host&&l.activeElement===s&&(d.top.location.href=t.value))}},d.addEventListener(\"message\",d.wp.receiveEmbedMessage,!1),l.addEventListener(\"DOMContentLoaded\",function(){for(var e,t,s=l.querySelectorAll(\"iframe.wp-embedded-content\"),r=0;r<s.length;r++)(t=(e=s[r]).getAttribute(\"data-secret\"))||(t=Math.random().toString(36).substring(2,12),e.src+=\"#?secret=\"+t,e.setAttribute(\"data-secret\",t)),e.contentWindow.postMessage({message:\"ready\",secret:t},\"*\")},!1)))}(window,document);\n<\/script>\n","description":"Der Weltladen stellt handgefertigte Bolga-K\u00f6rbe von AMA Fashion vor. Promise Ama Kliebe, die Gr\u00fcnderin des Fair-Handels-Unternehmens AMA Fashion in Worms, arbeitet in der Region Bolgatanga in Ghana mit 80 Frauen in vier Gruppen zusammen. Gemeinsam mit den ausgebildeten Korbflechterinnen entwickelt sie immer neue Designs und sorgt f\u00fcr regelm\u00e4\u00dfige Auftr\u00e4ge, damit sich die Frauen ein stabiles&hellip;","thumbnail_url":"https:\/\/weltlaeden.de\/alzey\/wp-content\/uploads\/sites\/39\/2022\/08\/Anzeige_Koerbe1-270x300.jpg"}

Der Weltladen stellt handgefertigte Bolga-Körbe von AMA Fashion vor. Promise Ama Kliebe, die Gründerin des Fair-Handels-Unternehmens AMA Fashion in Worms, arbeitet in der Region Bolgatanga in Ghana mit 80 Frauen in vier Gruppen zusammen. Gemeinsam mit den ausgebildeten Korbflechterinnen entwickelt sie immer neue Designs und sorgt für regelmäßige Aufträge, damit sich die Frauen ein stabiles&hellip;
