{"id":361,"date":"2020-02-27T16:30:06","date_gmt":"2020-02-27T15:30:53","guid":{"rendered":"https:\/\/weltlaeden.de\/albstadt\/?page_id=361"},"modified":"2026-04-17T13:07:25","modified_gmt":"2026-04-17T11:07:25","slug":"neuigkeiten","status":"publish","type":"page","link":"https:\/\/weltlaeden.de\/albstadt\/neuigkeiten\/","title":{"rendered":"Neuigkeiten"},"content":{"rendered":"<div class=\"wpb-content-wrapper\"><p>[vc_row][vc_column][vc_single_image source=&#8220;featured_image&#8220; add_caption=&#8220;yes&#8220; onclick=&#8220;zoom&#8220; css=&#8220;&#8220;][vc_column_text]<\/p>\n<h1>Neuigkeiten<\/h1>\n<p>[\/vc_column_text][vc_column_text css=&#8220;&#8220;]Die Mangos wurden geliefert!<\/p>\n<p>SIe k\u00f6nnen ab sofort abgeholt werden.<\/p>\n<p>Zus\u00e4tzliche \u00d6ffnungszeiten:<\/p>\n<p>Freitag, 17.04.2026 durchgehend von 10-18 Uhr<\/p>\n<p>Samstag, 18.04.2026 durchgehend von 10-18 <span style=\"text-decoration: underline\">Uhr<\/span><\/p>\n<p>Montag, 20.04.2026 durchgehend von 10-18 Uhr[\/vc_column_text][\/vc_column][\/vc_row]<\/p>\n<\/div>","protected":false},"excerpt":{"rendered":"<p>[vc_row][vc_column][vc_single_image source=&#8220;featured_image&#8220; add_caption=&#8220;yes&#8220; onclick=&#8220;zoom&#8220; css=&#8220;&#8220;][vc_column_text] Neuigkeiten [\/vc_column_text][vc_column_text css=&#8220;&#8220;]Die Mangos wurden geliefert! SIe k\u00f6nnen ab sofort abgeholt werden. Zus\u00e4tzliche \u00d6ffnungszeiten: Freitag, 17.04.2026 durchgehend von 10-18 Uhr Samstag, 18.04.2026 durchgehend von 10-18 Uhr Montag, 20.04.2026 durchgehend von 10-18 Uhr[\/vc_column_text][\/vc_column][\/vc_row]<\/p>\n","protected":false},"author":1,"featured_media":0,"parent":0,"menu_order":1,"comment_status":"closed","ping_status":"closed","template":"","meta":{"footnotes":""},"class_list":["post-361","page","type-page","status-publish","hentry","description-off"],"yoast_head":"<!-- This site is optimized with the Yoast SEO plugin v26.8 - https:\/\/yoast.com\/product\/yoast-seo-wordpress\/ -->\n<title>Neuigkeiten - Weltladen Albstadt<\/title>\n<meta name=\"robots\" content=\"index, follow, max-snippet:-1, max-image-preview:large, max-video-preview:-1\" \/>\n<link rel=\"canonical\" href=\"https:\/\/weltlaeden.de\/albstadt\/neuigkeiten\/\" \/>\n<meta property=\"og:locale\" content=\"de_DE\" \/>\n<meta property=\"og:type\" content=\"article\" \/>\n<meta property=\"og:title\" content=\"Neuigkeiten - Weltladen Albstadt\" \/>\n<meta property=\"og:description\" content=\"[vc_row][vc_column][vc_single_image source=&#8220;featured_image&#8220; add_caption=&#8220;yes&#8220; onclick=&#8220;zoom&#8220; css=&#8220;&#8220;][vc_column_text] Neuigkeiten [\/vc_column_text][vc_column_text css=&#8220;&#8220;]Die Mangos wurden geliefert! SIe k\u00f6nnen ab sofort abgeholt werden. Zus\u00e4tzliche \u00d6ffnungszeiten: Freitag, 17.04.2026 durchgehend von 10-18 Uhr Samstag, 18.04.2026 durchgehend von 10-18 Uhr Montag, 20.04.2026 durchgehend von 10-18 Uhr[\/vc_column_text][\/vc_column][\/vc_row]\" \/>\n<meta property=\"og:url\" content=\"https:\/\/weltlaeden.de\/albstadt\/neuigkeiten\/\" \/>\n<meta property=\"og:site_name\" content=\"Weltladen Albstadt\" \/>\n<meta property=\"article:modified_time\" content=\"2026-04-17T11:07:25+00:00\" \/>\n<meta name=\"twitter:card\" content=\"summary_large_image\" \/>\n<meta name=\"twitter:label1\" content=\"Gesch\u00e4tzte Lesezeit\" \/>\n\t<meta name=\"twitter:data1\" content=\"1\u00a0Minute\" \/>\n<script type=\"application\/ld+json\" class=\"yoast-schema-graph\">{\"@context\":\"https:\/\/schema.org\",\"@graph\":[{\"@type\":\"WebPage\",\"@id\":\"https:\/\/weltlaeden.de\/albstadt\/neuigkeiten\/\",\"url\":\"https:\/\/weltlaeden.de\/albstadt\/neuigkeiten\/\",\"name\":\"Neuigkeiten - Weltladen Albstadt\",\"isPartOf\":{\"@id\":\"https:\/\/weltlaeden.de\/albstadt\/#website\"},\"datePublished\":\"2020-02-27T15:30:53+00:00\",\"dateModified\":\"2026-04-17T11:07:25+00:00\",\"breadcrumb\":{\"@id\":\"https:\/\/weltlaeden.de\/albstadt\/neuigkeiten\/#breadcrumb\"},\"inLanguage\":\"de\",\"potentialAction\":[{\"@type\":\"ReadAction\",\"target\":[\"https:\/\/weltlaeden.de\/albstadt\/neuigkeiten\/\"]}]},{\"@type\":\"BreadcrumbList\",\"@id\":\"https:\/\/weltlaeden.de\/albstadt\/neuigkeiten\/#breadcrumb\",\"itemListElement\":[{\"@type\":\"ListItem\",\"position\":1,\"name\":\"Startseite\",\"item\":\"https:\/\/weltlaeden.de\/albstadt\/\"},{\"@type\":\"ListItem\",\"position\":2,\"name\":\"Neuigkeiten\"}]},{\"@type\":\"WebSite\",\"@id\":\"https:\/\/weltlaeden.de\/albstadt\/#website\",\"url\":\"https:\/\/weltlaeden.de\/albstadt\/\",\"name\":\"Weltladen Albstadt\",\"description\":\"Das Fachgesch\u00e4ft f\u00fcr Fairen Handel in Albstadt\",\"potentialAction\":[{\"@type\":\"SearchAction\",\"target\":{\"@type\":\"EntryPoint\",\"urlTemplate\":\"https:\/\/weltlaeden.de\/albstadt\/?s={search_term_string}\"},\"query-input\":{\"@type\":\"PropertyValueSpecification\",\"valueRequired\":true,\"valueName\":\"search_term_string\"}}],\"inLanguage\":\"de\"}]}<\/script>\n<!-- \/ Yoast SEO plugin. -->","yoast_head_json":{"title":"Neuigkeiten - Weltladen Albstadt","robots":{"index":"index","follow":"follow","max-snippet":"max-snippet:-1","max-image-preview":"max-image-preview:large","max-video-preview":"max-video-preview:-1"},"canonical":"https:\/\/weltlaeden.de\/albstadt\/neuigkeiten\/","og_locale":"de_DE","og_type":"article","og_title":"Neuigkeiten - Weltladen Albstadt","og_description":"[vc_row][vc_column][vc_single_image source=&#8220;featured_image&#8220; add_caption=&#8220;yes&#8220; onclick=&#8220;zoom&#8220; css=&#8220;&#8220;][vc_column_text] Neuigkeiten [\/vc_column_text][vc_column_text css=&#8220;&#8220;]Die Mangos wurden geliefert! SIe k\u00f6nnen ab sofort abgeholt werden. Zus\u00e4tzliche \u00d6ffnungszeiten: Freitag, 17.04.2026 durchgehend von 10-18 Uhr Samstag, 18.04.2026 durchgehend von 10-18 Uhr Montag, 20.04.2026 durchgehend von 10-18 Uhr[\/vc_column_text][\/vc_column][\/vc_row]","og_url":"https:\/\/weltlaeden.de\/albstadt\/neuigkeiten\/","og_site_name":"Weltladen Albstadt","article_modified_time":"2026-04-17T11:07:25+00:00","twitter_card":"summary_large_image","twitter_misc":{"Gesch\u00e4tzte Lesezeit":"1\u00a0Minute"},"schema":{"@context":"https:\/\/schema.org","@graph":[{"@type":"WebPage","@id":"https:\/\/weltlaeden.de\/albstadt\/neuigkeiten\/","url":"https:\/\/weltlaeden.de\/albstadt\/neuigkeiten\/","name":"Neuigkeiten - Weltladen Albstadt","isPartOf":{"@id":"https:\/\/weltlaeden.de\/albstadt\/#website"},"datePublished":"2020-02-27T15:30:53+00:00","dateModified":"2026-04-17T11:07:25+00:00","breadcrumb":{"@id":"https:\/\/weltlaeden.de\/albstadt\/neuigkeiten\/#breadcrumb"},"inLanguage":"de","potentialAction":[{"@type":"ReadAction","target":["https:\/\/weltlaeden.de\/albstadt\/neuigkeiten\/"]}]},{"@type":"BreadcrumbList","@id":"https:\/\/weltlaeden.de\/albstadt\/neuigkeiten\/#breadcrumb","itemListElement":[{"@type":"ListItem","position":1,"name":"Startseite","item":"https:\/\/weltlaeden.de\/albstadt\/"},{"@type":"ListItem","position":2,"name":"Neuigkeiten"}]},{"@type":"WebSite","@id":"https:\/\/weltlaeden.de\/albstadt\/#website","url":"https:\/\/weltlaeden.de\/albstadt\/","name":"Weltladen Albstadt","description":"Das Fachgesch\u00e4ft f\u00fcr Fairen Handel in Albstadt","potentialAction":[{"@type":"SearchAction","target":{"@type":"EntryPoint","urlTemplate":"https:\/\/weltlaeden.de\/albstadt\/?s={search_term_string}"},"query-input":{"@type":"PropertyValueSpecification","valueRequired":true,"valueName":"search_term_string"}}],"inLanguage":"de"}]}},"_links":{"self":[{"href":"https:\/\/weltlaeden.de\/albstadt\/wp-json\/wp\/v2\/pages\/361","targetHints":{"allow":["GET"]}}],"collection":[{"href":"https:\/\/weltlaeden.de\/albstadt\/wp-json\/wp\/v2\/pages"}],"about":[{"href":"https:\/\/weltlaeden.de\/albstadt\/wp-json\/wp\/v2\/types\/page"}],"author":[{"embeddable":true,"href":"https:\/\/weltlaeden.de\/albstadt\/wp-json\/wp\/v2\/users\/1"}],"replies":[{"embeddable":true,"href":"https:\/\/weltlaeden.de\/albstadt\/wp-json\/wp\/v2\/comments?post=361"}],"version-history":[{"count":22,"href":"https:\/\/weltlaeden.de\/albstadt\/wp-json\/wp\/v2\/pages\/361\/revisions"}],"predecessor-version":[{"id":1121,"href":"https:\/\/weltlaeden.de\/albstadt\/wp-json\/wp\/v2\/pages\/361\/revisions\/1121"}],"wp:attachment":[{"href":"https:\/\/weltlaeden.de\/albstadt\/wp-json\/wp\/v2\/media?parent=361"}],"curies":[{"name":"wp","href":"https:\/\/api.w.org\/{rel}","templated":true}]}}